-- Table structure for table `cache_shared`
--

CREATE TABLE `cache_shared` (
  `cache_key` varchar(255) CHARACTER SET utf8 COLLATE utf8_bin NOT NULL,
  `expires` datetime DEFAULT NULL,
  `data` longtext NOT NULL,
  PRIMARY KEY (`cache_key`),
  KEY `expires_index` (`expires`)
) ENGINE=InnoDB DEFAULT CHARSET=utf8mb3;

--
-- Dumping data for table `cache_shared`
--


--
-- Table structure for table `cache_thread`
--

CREATE TABLE `cache_thread` (
  `user_id` int unsigned NOT NULL,
  `mailbox` varchar(255) CHARACTER SET utf8 COLLATE utf8_bin NOT NULL,
  `data` longtext NOT NULL,
  `expires` datetime DEFAULT NULL,
  PRIMARY KEY (`user_id`,`mailbox`),
  KEY `expires_index` (`expires`),
  CONSTRAINT `user_id_fk_cache_thread` FOREIGN KEY (`user_id`) REFERENCES `users` (`user_id`) ON DELETE CASCADE ON UPDATE CASCADE
) ENGINE=InnoDB DEFAULT CHARSET=utf8mb3;

--
-- Dumping data for table `cache_thread`
--


--
-- Table structure for table `contactgroupmembers`
--

CREATE TABLE `contactgroupmembers` (
  `contactgroup_id` int unsigned NOT NULL,
  `contact_id` int unsigned NOT NULL,
  `created` datetime NOT NULL DEFAULT '1000-01-01 00:00:00',
  PRIMARY KEY (`contactgroup_id`,`contact_id`),
  KEY `contactgroupmembers_contact_index` (`contact_id`),
  CONSTRAINT `contact_id_fk_contacts` FOREIGN KEY (`contact_id`) REFERENCES `contacts` (`contact_id`) ON DELETE CASCADE ON UPDATE CASCADE,
  CONSTRAINT `contactgroup_id_fk_contactgroups` FOREIGN KEY (`contactgroup_id`) REFERENCES `contactgroups` (`contactgroup_id`) ON DELETE CASCADE ON UPDATE CASCADE
) ENGINE=InnoDB DEFAULT CHARSET=utf8mb3;

--
-- Dumping data for table `contactgroupmembers`
--

INSERT INTO `contactgroupmembers` VALUES (3,582,'2017-10-23 11:51:35'),(3,583,'2017-10-23 11:51:54'),(3,584,'2017-10-23 12:00:00'),(3,585,'2017-10-23 12:01:07'),(3,586,'2017-10-23 12:01:42'),(3,587,'2017-10-23 12:02:16'),(3,588,'2017-10-23 12:02:34'),(5,634,'2018-03-21 14:59:55'),(5,635,'2018-03-21 15:00:18'),(5,636,'2018-03-21 15:02:22'),(6,645,'2018-04-11 09:20:15'),(6,646,'2018-04-11 09:20:35'),(6,647,'2018-04-11 09:21:57'),(6,648,'2018-04-11 09:22:59'),(6,650,'2018-04-12 09:03:20'),(6,652,'2018-04-16 09:01:51'),(6,654,'2018-04-24 08:26:52'),(6,659,'2018-04-27 08:19:27'),(6,660,'2018-04-27 08:20:26'),(6,661,'2018-04-27 08:22:57');

--
-- Table structure for table `contactgroups`
--

CREATE TABLE `contactgroups` (
  `contactgroup_id` int unsigned NOT NULL AUTO_INCREMENT,
  `user_id` int unsigned NOT NULL,
  `changed` datetime NOT NULL DEFAULT '1000-01-01 00:00:00',
  `del` tinyint(1) NOT NULL DEFAULT '0',
  `name` varchar(128) NOT NULL DEFAULT '',
  PRIMARY KEY (`contactgroup_id`),
  KEY `contactgroups_user_index` (`user_id`,`del`),
  CONSTRAINT `user_id_fk_contactgroups` FOREIGN KEY (`user_id`) REFERENCES `users` (`user_id`) ON DELETE CASCADE ON UPDATE CASCADE
) ENGINE=InnoDB AUTO_INCREMENT=7 DEFAULT CHARSET=utf8mb3;

--
-- Dumping data for table `contactgroups`
--

INSERT INTO `contactgroups` VALUES (2,6,'2017-01-04 20:26:00',0,'LBA'),(3,118,'2017-10-23 11:50:22',0,'Showtime Nestroy'),(4,140,'2017-10-23 12:04:21',0,'Showtime Nestroy'),(5,118,'2018-03-21 14:56:22',0,'Fairmatching'),(6,140,'2018-04-11 09:19:46',0,'Showtime BB');

--
-- Table structure for table `contacts`
--

CREATE TABLE `contacts` (
  `contact_id` int unsigned NOT NULL AUTO_INCREMENT,
  `changed` datetime NOT NULL DEFAULT '1000-01-01 00:00:00',
  `del` tinyint(1) NOT NULL DEFAULT '0',
  `name` varchar(128) NOT NULL DEFAULT '',
  `email` text NOT NULL,
  `firstname` varchar(128) NOT NULL DEFAULT '',
  `surname` varchar(128) NOT NULL DEFAULT '',
  `vcard` longtext,
  `words` text,
  `user_id` int unsigned NOT NULL,
  PRIMARY KEY (`contact_id`),
  KEY `user_contacts_index` (`user_id`,`del`),
  CONSTRAINT `user_id_fk_contacts` FOREIGN KEY (`user_id`) REFERENCES `users` (`user_id`) ON DELETE CASCADE ON UPDATE CASCADE
) ENGINE=InnoDB AUTO_INCREMENT=788 DEFAULT CHARSET=utf8mb3;

--
-- Dumping data for table `contacts`
--

INSERT INTO `contacts` VALUES (1,'2017-10-04 20:55:34',0,'Stefan W.','bueffi@gmx.at','','','BEGIN:VCARD\r\nVERSION:3.0\r\nFN:Stefan W.\r\nEMAIL;TYPE=INTERNET;TYPE=OTHER:bueffi@gmx.at\r\nEND:VCARD',' stefan w. buffi@gmx.at',4),(2,'2017-10-04 20:55:33',0,'Bernhard Oberauer','bernhard.oberauer@gmx.at','','','BEGIN:VCARD\r\nVERSION:3.0\r\nFN:Bernhard Oberauer\r\nEMAIL;TYPE=INTERNET;TYPE=OTHER:bernhard.oberauer@gmx.at\r\nEND:VCARD',' bernhard oberaur bernhard.oberaur@gmx.at',4),(3,'2017-10-04 20:55:33',0,'Christoph Stangl','christoph.stangl@vitabau.at','','','BEGIN:VCARD\r\nVERSION:3.0\r\nFN:Christoph Stangl\r\nEMAIL;TYPE=INTERNET;TYPE=OTHER:christoph.stangl@vitabau.at\r\nEND:VCARD',' christoph stangl christoph.stangl@vitabau.at',4),(4,'2017-10-04 20:55:35',0,'Werfl, Andreas','werfl@imtron.eu','','','BEGIN:VCARD\r\nVERSION:3.0\r\nFN:Werfl, Andreas\r\nEMAIL;TYPE=INTERNET;TYPE=OTHER:werfl@imtron.eu\r\nEND:VCARD',' werfl, andreas werfl@imtron.eu',12),(5,'2017-10-04 20:55:35',0,'Kern, Marcel','MKern@LetMeRepair.com','','','BEGIN:VCARD\r\nVERSION:3.0\r\nFN:Kern, Marcel\r\nEMAIL;TYPE=INTERNET;TYPE=OTHER:MKern@LetMeRepair.com\r\nEND:VCARD',' kern, marcel mkern@letmerepair.com',12),(6,'2017-10-04 20:55:35',0,'Andreas Usselmann','usselmann@vestel-germany.de','','','BEGIN:VCARD\r\nVERSION:3.0\r\nFN:Andreas Usselmann\r\nEMAIL;TYPE=INTERNET;TYPE=OTHER:usselmann@vestel-germany.de\r\nEND:VCARD',' andreas usselmann usselmann@vestel germany.de',12),(7,'2017-10-04 20:55:33',0,'Johanna Urban','J.Urban@antennesalzburg.at','','','BEGIN:VCARD\r\nVERSION:3.0\r\nFN:Johanna Urban\r\nEMAIL;TYPE=INTERNET;TYPE=OTHER:J.Urban@antennesalzburg.at\r\nEND:VCARD',' johanna urban j.urban@antennesalzburg.at',4),(8,'2017-10-04 20:55:35',0,'Grundigretoure','grundigretoure@lurf.cc','','','BEGIN:VCARD\r\nVERSION:3.0\r\nFN:Grundigretoure\r\nEMAIL;TYPE=INTERNET;TYPE=OTHER:grundigretoure@lurf.cc\r\nEND:VCARD',' grundigretoure grundigretoure@lurf.cc',12),(9,'2017-10-04 20:55:35',0,'Alois Koller','alois.koller@lge.com','','','BEGIN:VCARD\r\nVERSION:3.0\r\nFN:Alois Koller\r\nEMAIL;TYPE=INTERNET;TYPE=OTHER:alois.koller@lge.com\r\nEND:VCARD',' alois koller alois.koller@lge.com',12),(10,'2017-10-04 20:55:35',0,'Michael Milicevic','Michael.Milicevic@fiege.com','','','BEGIN:VCARD\r\nVERSION:3.0\r\nFN:Michael Milicevic\r\nEMAIL;TYPE=INTERNET;TYPE=OTHER:Michael.Milicevic@fiege.com\r\nEND:VCARD',' michal milicevic michal.milicevic@fiege.com',12),(11,'2017-10-04 20:55:35',0,'Christoph Barnet','christoph.barnet@fiege.com','','','BEGIN:VCARD\r\nVERSION:3.0\r\nFN:Christoph Barnet\r\nEMAIL;TYPE=INTERNET;TYPE=OTHER:christoph.barnet@fiege.com\r\nEND:VCARD',' christoph barnet christoph.barnet@fiege.com',12),(12,'2017-10-04 20:55:35',0,'leopold maidorfer','leopoldsfotos@gmail.com','','','BEGIN:VCARD\r\nVERSION:3.0\r\nFN:leopold maidorfer\r\nEMAIL;TYPE=INTERNET;TYPE=OTHER:leopoldsfotos@gmail.com\r\nEND:VCARD',' leopold maidorfer leopoldsfotos@gmail.com',11),(13,'2017-10-04 20:55:35',0,'Magdalena Riedler','m.riedler@partner.samsung.com','','','BEGIN:VCARD\r\nVERSION:3.0\r\nFN:Magdalena Riedler\r\nEMAIL;TYPE=INTERNET;TYPE=OTHER:m.riedler@partner.samsung.com\r\nEND:VCARD',' magdalena riedler m.riedler@partner.samsung.com',12),(14,'2017-10-04 20:55:35',0,'Anton Walk','anton.walk@samsung.com','','','BEGIN:VCARD\r\nVERSION:3.0\r\nFN:Anton Walk\r\nEMAIL;TYPE=INTERNET;TYPE=OTHER:anton.walk@samsung.com\r\nEND:VCARD',' anton walk anton.walk@samsung.com',12),(15,'2017-10-04 20:55:33',0,'Christian Herbst','c.herbst@aon.at','','','BEGIN:VCARD\r\nVERSION:3.0\r\nFN:Christian Herbst\r\nEMAIL;TYPE=INTERNET;TYPE=OTHER:c.herbst@aon.at\r\nEND:VCARD',' christian herbst c.herbst@aon.at',3),(16,'2017-10-04 20:55:33',0,'<office@pink-ideas.at> Marketing Consulting','office@pink-ideas.at','','','BEGIN:VCARD\r\nVERSION:3.0\r\nFN:<office@pink-ideas.at> Marketing Consulting\r\nEMAIL;TYPE=INTERNET;TYPE=OTHER:office@pink-ideas.at\r\nEND:VCARD',' <office@pink ideas.at> marketing consulting office@pink ideas.at',3),(17,'2017-10-04 20:55:33',0,'Trieu Hoang','trieu.hoang@abbywinters.com','','','BEGIN:VCARD\r\nVERSION:3.0\r\nFN:Trieu Hoang\r\nEMAIL;TYPE=INTERNET;TYPE=OTHER:trieu.hoang@abbywinters.com\r\nEND:VCARD',' trieu hoang trieu.hoang@abbywinters.com',3),(18,'2017-10-04 20:55:33',0,'Garion Hall','garion.hall@abbywinters.com','','','BEGIN:VCARD\r\nVERSION:3.0\r\nFN:Garion Hall\r\nEMAIL;TYPE=INTERNET;TYPE=OTHER:garion.hall@abbywinters.com\r\nEND:VCARD',' garion hall garion.hall@abbywinters.com',3),(19,'2017-10-04 20:55:33',0,'FEMJOY Office','office@femjoy.com','','','BEGIN:VCARD\r\nVERSION:3.0\r\nFN:FEMJOY Office\r\nEMAIL;TYPE=INTERNET;TYPE=OTHER:office@femjoy.com\r\nEND:VCARD',' femjoy office office@femjoy.com',3),(20,'2017-10-04 20:55:33',0,'doris hoelzl','doris.hoelzl@ges-aw.at','','','BEGIN:VCARD\r\nVERSION:3.0\r\nFN:doris hoelzl\r\nEMAIL;TYPE=INTERNET;TYPE=OTHER:doris.hoelzl@ges-aw.at\r\nEND:VCARD',' doris holzl doris.holzl@ges aw.at',2),(21,'2017-10-04 20:55:33',0,'Simone Lemberger','simone.lemberger@gmail.com','','','BEGIN:VCARD\r\nVERSION:3.0\r\nFN:Simone Lemberger\r\nEMAIL;TYPE=INTERNET;TYPE=OTHER:simone.lemberger@gmail.com\r\nEND:VCARD',' simone lemberger simone.lemberger@gmail.com',2),(22,'2017-10-04 20:55:35',0,'Service','service@worldofparts.com','','','BEGIN:VCARD\r\nVERSION:3.0\r\nFN:Service\r\nEMAIL;TYPE=INTERNET;TYPE=OTHER:service@worldofparts.com\r\nEND:VCARD',' service service@worldofparts.com',12),(23,'2017-10-04 20:55:35',0,'Ira-Astrid Bergen','bergen@ira-astrid.com','','','BEGIN:VCARD\r\nVERSION:3.0\r\nFN:Ira-Astrid Bergen\r\nEMAIL;TYPE=INTERNET;TYPE=OTHER:bergen@ira-astrid.com\r\nEND:VCARD',' ira astrid bergen bergen@ira astrid.com',11),(24,'2017-10-04 20:55:34',0,'Philipp Weissenboeck','philipp.weissenboeck@at.redbull.com','','','BEGIN:VCARD\r\nVERSION:3.0\r\nFN:Philipp Weissenboeck\r\nEMAIL;TYPE=INTERNET;TYPE=OTHER:philipp.weissenboeck@at.redbull.com\r\nEND:VCARD',' philipp weissenbock philipp.weissenbock@at.redbull.com',4),(25,'2022-04-19 09:01:41',1,'hans-peter.burger','Hans-Peter.Burger@gmx.at','','','BEGIN:VCARD\r\nVERSION:3.0\r\nFN:hans-peter.burger\r\nEMAIL;TYPE=INTERNET;TYPE=OTHER:Hans-Peter.Burger@gmx.at\r\nEND:VCARD',' hans peter.burger peter.burger@gmx.at',9),(26,'2017-10-04 20:55:33',0,'Eichberger Roland','r.eichberger@commend.com','','','BEGIN:VCARD\r\nVERSION:3.0\r\nFN:Eichberger Roland\r\nEMAIL;TYPE=INTERNET;TYPE=OTHER:r.eichberger@commend.com\r\nEND:VCARD',' eichberger roland r.eichberger@commend.com',3),(27,'2017-10-04 20:55:33',0,'Bernhard Reiter','Bernhard.Reiter@stiegl.at','','','BEGIN:VCARD\r\nVERSION:3.0\r\nFN:Bernhard Reiter\r\nEMAIL;TYPE=INTERNET;TYPE=OTHER:Bernhard.Reiter@stiegl.at\r\nEND:VCARD',' bernhard reiter bernhard.reiter@stiegl.at',2),(28,'2017-10-04 20:55:33',0,'Klaus Meixner','info@meixner.cc','','','BEGIN:VCARD\r\nVERSION:3.0\r\nFN:Klaus Meixner\r\nEMAIL;TYPE=INTERNET;TYPE=OTHER:info@meixner.cc\r\nEND:VCARD',' klaus meixner info@meixner.cc',2),(29,'2017-10-04 20:55:35',0,'Oladeinde Egberongbe','oladeinde.egberongbe@lge.com','','','BEGIN:VCARD\r\nVERSION:3.0\r\nFN:Oladeinde Egberongbe\r\nEMAIL;TYPE=INTERNET;TYPE=OTHER:oladeinde.egberongbe@lge.com\r\nEND:VCARD',' oladeinde egberongbe oladeinde.egberongbe@lge.com',12),(30,'2017-10-04 20:55:35',0,'Fabio Celotti','fabio.celotti@general-overnight.com','','','BEGIN:VCARD\r\nVERSION:3.0\r\nFN:Fabio Celotti\r\nEMAIL;TYPE=INTERNET;TYPE=OTHER:fabio.celotti@general-overnight.com\r\nEND:VCARD',' fabio celotti fabio.celotti@general overnight.com',12),(31,'2017-10-04 20:55:35',0,'Monika Hinterhofer','monika.hinterhofer@wuestenrot.at','','','BEGIN:VCARD\r\nVERSION:3.0\r\nFN:Monika Hinterhofer\r\nEMAIL;TYPE=INTERNET;TYPE=OTHER:monika.hinterhofer@wuestenrot.at\r\nEND:VCARD',' monika hinterhofer monika.hinterhofer@wustenrot.at',11),(33,'2017-10-04 20:55:34',0,'Christa Bensel','christa@bensel.cc','','','BEGIN:VCARD\r\nVERSION:3.0\r\nFN:Christa Bensel\r\nEMAIL;TYPE=INTERNET;TYPE=OTHER:christa@bensel.cc\r\nEND:VCARD',' christa bensel christa@bensel.cc',6),(34,'2017-10-04 20:55:34',0,'Nechansky','nechys@utanet.at','','','BEGIN:VCARD\r\nVERSION:3.0\r\nFN:Nechansky\r\nEMAIL;TYPE=INTERNET;TYPE=OTHER:nechys@utanet.at\r\nEND:VCARD',' nechansky nechys@utanet.at',6),(35,'2017-10-04 20:55:34',0,'Elisabeth Mühlberger','elisabethtoni@gmail.com','','','BEGIN:VCARD\r\nVERSION:3.0\r\nFN:Elisabeth Mühlberger\r\nEMAIL;TYPE=INTERNET;TYPE=OTHER:elisabethtoni@gmail.com\r\nEND:VCARD',' elisabeth muhlberger elisabethtoni@gmail.com',6),(37,'2017-10-04 20:55:34',0,'Edith Wutka','edith.wutka@sbg.at','','','BEGIN:VCARD\r\nVERSION:3.0\r\nFN:Edith Wutka\r\nEMAIL;TYPE=INTERNET;TYPE=OTHER:edith.wutka@sbg.at\r\nEND:VCARD',' edith wutka edith.wutka@sbg.at',6),(38,'2017-10-04 20:55:34',0,'Johanna Oberlehner','j.oberlehner@gmail.com','','','BEGIN:VCARD\r\nVERSION:3.0\r\nFN:Johanna Oberlehner\r\nEMAIL;TYPE=INTERNET;TYPE=OTHER:j.oberlehner@gmail.com\r\nX-DEPARTMENT:LBA\r\nEND:VCARD',' johanna oberlehner j.oberlehner@gmail.com lba',6),(39,'2017-10-04 20:55:34',0,'Dr. Christa Starke','christa.starke@gmx.net','','','BEGIN:VCARD\r\nVERSION:3.0\r\nFN:Dr. Christa Starke\r\nEMAIL;TYPE=INTERNET;TYPE=OTHER:christa.starke@gmx.net\r\nEND:VCARD',' dr. christa starke christa.starke@gmx.net',6),(40,'2017-10-04 20:55:34',0,'Evelyn Gepulla','evelyngepulla@yahoo.com','','','BEGIN:VCARD\r\nVERSION:3.0\r\nFN:Evelyn Gepulla\r\nEMAIL;TYPE=INTERNET;TYPE=OTHER:evelyngepulla@yahoo.com\r\nEND:VCARD',' evelyn gepulla evelyngepulla@yahoo.com',6),(41,'2017-10-04 20:55:34',0,'imap auf behe.net','brigitte@behe.net','','','BEGIN:VCARD\r\nVERSION:3.0\r\nFN:imap auf behe.net\r\nEMAIL;TYPE=INTERNET;TYPE=OTHER:brigitte@behe.net\r\nEND:VCARD',' imap auf behe.net brigitte@behe.net',6),(42,'2017-10-04 20:55:35',0,'Waechter D','waechter_d@gmx.net','','','BEGIN:VCARD\r\nVERSION:3.0\r\nFN:Waechter D\r\nEMAIL;TYPE=INTERNET;TYPE=OTHER:waechter_d@gmx.net\r\nEND:VCARD',' wachter wachter_d@gmx.net',6),(43,'2017-10-04 20:55:34',0,'Peter Waechter','peter.waechter@drei.at','','','BEGIN:VCARD\r\nVERSION:3.0\r\nFN:Peter Waechter\r\nEMAIL;TYPE=INTERNET;TYPE=OTHER:peter.waechter@drei.at\r\nEND:VCARD',' peter wachter peter.wachter@drei.at',6),(44,'2017-10-04 20:55:34',0,'Horst Hofer','fam.hofer@hotmail.com','','','BEGIN:VCARD\r\nVERSION:3.0\r\nFN:Horst Hofer\r\nEMAIL;TYPE=INTERNET;TYPE=OTHER:fam.hofer@hotmail.com\r\nX-DEPARTMENT:LBA\r\nEND:VCARD',' horst hofer fam.hofer@hotmail.com lba',6),(45,'2017-10-04 20:55:34',0,'Daniela Gruber','dagru07@gmail.com','','','BEGIN:VCARD\r\nVERSION:3.0\r\nFN:Daniela Gruber\r\nEMAIL;TYPE=INTERNET;TYPE=OTHER:dagru07@gmail.com\r\nEND:VCARD',' daniela gruber dagru07@gmail.com',6),(46,'2017-10-04 20:55:34',0,'BARBI MAIR','mayr.barbara@gmx.net','','','BEGIN:VCARD\r\nVERSION:3.0\r\nFN:BARBI MAIR\r\nEMAIL;TYPE=INTERNET;TYPE=OTHER:mayr.barbara@gmx.net\r\nEND:VCARD',' barbi mair mayr.barbara@gmx.net',6),(47,'2017-10-04 20:55:34',0,'Nicole Szlezak','n.szlezak@gmx.at','','','BEGIN:VCARD\r\nVERSION:3.0\r\nFN:Nicole Szlezak\r\nEMAIL;TYPE=INTERNET;TYPE=OTHER:n.szlezak@gmx.at\r\nEND:VCARD',' nicole szlezak n.szlezak@gmx.at',6),(49,'2017-10-04 20:55:34',0,'Peter Biber','peter.biber@iteams.org','','','BEGIN:VCARD\r\nVERSION:3.0\r\nFN:Peter Biber\r\nEMAIL;TYPE=INTERNET;TYPE=OTHER:peter.biber@iteams.org\r\nEND:VCARD',' peter biber peter.biber@iteams.org',6),(51,'2017-10-04 20:55:34',0,'Silke Schurr','silkaschu@gmail.com','','','BEGIN:VCARD\r\nVERSION:3.0\r\nFN:Silke Schurr\r\nEMAIL;TYPE=INTERNET;TYPE=OTHER:silkaschu@gmail.com\r\nEND:VCARD',' silke schurr silkaschu@gmail.com',6),(52,'2017-10-04 20:55:34',0,'mamma','mamma46@gmx.at','','','BEGIN:VCARD\r\nVERSION:3.0\r\nFN:mamma\r\nEMAIL;TYPE=INTERNET;TYPE=OTHER:mamma46@gmx.at\r\nEND:VCARD',' mamma mamma46@gmx.at',6),(53,'2017-10-04 20:55:34',0,'Gerhard Wintersteller','gewinter@aon.at','','','BEGIN:VCARD\r\nVERSION:3.0\r\nFN:Gerhard Wintersteller\r\nEMAIL;TYPE=INTERNET;TYPE=OTHER:gewinter@aon.at\r\nEND:VCARD',' gerhard wintersteller gewinter@aon.at',6),(54,'2017-10-04 20:55:34',0,'Maria Leibi','maria.leibi@drei.at','','','BEGIN:VCARD\r\nVERSION:3.0\r\nFN:Maria Leibi\r\nEMAIL;TYPE=INTERNET;TYPE=OTHER:maria.leibi@drei.at\r\nEND:VCARD',' maria leibi maria.leibi@drei.at',6),(55,'2017-10-04 20:55:35',0,'Urs Wirz','ue.wirz@utanet.at','','','BEGIN:VCARD\r\nVERSION:3.0\r\nFN:Urs Wirz\r\nEMAIL;TYPE=INTERNET;TYPE=OTHER:ue.wirz@utanet.at\r\nEND:VCARD',' urs wirz u.wirz@utanet.at',6),(56,'2017-10-04 20:55:35',0,'ULRICH. U.SILVIA KRAUSS','kraussnet@utanet.at','','','BEGIN:VCARD\r\nVERSION:3.0\r\nFN:ULRICH. U.SILVIA KRAUSS\r\nEMAIL;TYPE=INTERNET;TYPE=OTHER:kraussnet@utanet.at\r\nEND:VCARD',' ulrich. u.silvia krauss kraussnet@utanet.at',6),(57,'2017-10-04 20:55:34',0,'Erik Sommer','sommer.erik66@gmail.com','','','BEGIN:VCARD\r\nVERSION:3.0\r\nFN:Erik Sommer\r\nEMAIL;TYPE=INTERNET;TYPE=OTHER:sommer.erik66@gmail.com\r\nEND:VCARD',' erik sommer sommer.erik66@gmail.com',6),(58,'2017-10-04 20:55:34',0,'Johannes Diem','johannes.diem@chello.at','','','BEGIN:VCARD\r\nVERSION:3.0\r\nFN:Johannes Diem\r\nEMAIL;TYPE=INTERNET;TYPE=OTHER:johannes.diem@chello.at\r\nEND:VCARD',' johannes diem johannes.diem@chello.at',6),(59,'2017-10-04 20:55:34',0,'Danigruberp','danigruberp@gmail.com','','','BEGIN:VCARD\r\nVERSION:3.0\r\nFN:Danigruberp\r\nEMAIL;TYPE=INTERNET;TYPE=OTHER:danigruberp@gmail.com\r\nEND:VCARD',' danigruberp danigruberp@gmail.com',6),(62,'2017-10-04 20:55:34',0,'Maria Oetzlinger','Maria.Oetzlinger@kabelmail.de','','','BEGIN:VCARD\r\nVERSION:3.0\r\nFN:Maria Oetzlinger\r\nEMAIL;TYPE=INTERNET;TYPE=OTHER:Maria.Oetzlinger@kabelmail.de\r\nEND:VCARD',' maria otzlinger maria.otzlinger@kabelmail.de',6),(64,'2017-10-04 20:55:34',0,'Alexandrawiedring','alexandrawiedring@gmail.com','','','BEGIN:VCARD\r\nVERSION:3.0\r\nFN:Alexandrawiedring\r\nEMAIL;TYPE=INTERNET;TYPE=OTHER:alexandrawiedring@gmail.com\r\nEND:VCARD',' alexandrawiedring alexandrawiedring@gmail.com',6),(65,'2017-10-04 20:55:34',0,'Hugunter','hugunter@gmail.com','','','BEGIN:VCARD\r\nVERSION:3.0\r\nFN:Hugunter\r\nEMAIL;TYPE=INTERNET;TYPE=OTHER:hugunter@gmail.com\r\nEND:VCARD',' hugunter hugunter@gmail.com',6),(66,'2017-10-04 20:55:34',0,'Mariabiber','mariabiber@gmail.com','','','BEGIN:VCARD\r\nVERSION:3.0\r\nFN:Mariabiber\r\nEMAIL;TYPE=INTERNET;TYPE=OTHER:mariabiber@gmail.com\r\nEND:VCARD',' mariabiber mariabiber@gmail.com',6),(67,'2017-10-04 20:55:34',0,'Karin Wächter','karin@herrnau.at','','','BEGIN:VCARD\r\nVERSION:3.0\r\nFN:Karin Wächter\r\nEMAIL;TYPE=INTERNET;TYPE=OTHER:karin@herrnau.at\r\nEND:VCARD',' karin wachter karin@herrnau.at',6),(68,'2017-10-04 20:55:35',0,'Armin  Langhofer','office@langhofer.at','Armin','Langhofer','BEGIN:VCARD\r\nVERSION:3.0\r\nN:Langhofer;Armin;;;\r\nFN:Armin  Langhofer\r\nEMAIL;TYPE=INTERNET;TYPE=WORK:office@langhofer.at\r\nEND:VCARD',' armin langhofer office@langhofer.at',11),(69,'2017-10-04 20:55:34',0,'Daniela Hofmann','danielahofmann-@web.de','','','BEGIN:VCARD\r\nVERSION:3.0\r\nFN:Daniela Hofmann\r\nEMAIL;TYPE=INTERNET;TYPE=OTHER:danielahofmann-@web.de\r\nEND:VCARD',' daniela hofmann danielahofmann @web.de',6),(70,'2017-10-04 20:55:34',0,'Doris Reinthaler','reinthalerd@gmx.at','','','BEGIN:VCARD\r\nVERSION:3.0\r\nFN:Doris Reinthaler\r\nEMAIL;TYPE=INTERNET;TYPE=OTHER:reinthalerd@gmx.at\r\nEND:VCARD',' doris reinthaler reinthalerd@gmx.at',6),(71,'2017-10-04 20:55:34',0,'Emil Böhnke','emil.boehnke@freenet.de','','','BEGIN:VCARD\r\nVERSION:3.0\r\nFN:Emil Böhnke\r\nEMAIL;TYPE=INTERNET;TYPE=OTHER:emil.boehnke@freenet.de\r\nEND:VCARD',' emil bohnke emil.bohnke@freenet.de',6),(72,'2017-10-04 20:55:35',0,'Pilz Thomas','t.pilz@bct-electronic.com','','','BEGIN:VCARD\r\nVERSION:3.0\r\nFN:Pilz Thomas\r\nEMAIL;TYPE=INTERNET;TYPE=OTHER:t.pilz@bct-electronic.com\r\nEND:VCARD',' pilz thomas t.pilz@bct electronic.com',19),(73,'2017-10-04 20:55:33',0,'Mag. Christoph Müller','ch.mueller@achleitner-partner.at','','','BEGIN:VCARD\r\nVERSION:3.0\r\nFN:Mag. Christoph Müller\r\nEMAIL;TYPE=INTERNET;TYPE=OTHER:ch.mueller@achleitner-partner.at\r\nEND:VCARD',' mag. christoph muller ch.muller@achleitner partner.at',4),(74,'2017-10-04 20:55:34',0,'Johanna Makatowski','j.makatowski@t-online.de','','','BEGIN:VCARD\r\nVERSION:3.0\r\nFN:Johanna Makatowski\r\nEMAIL;TYPE=INTERNET;TYPE=OTHER:j.makatowski@t-online.de\r\nEND:VCARD',' johanna makatowski j.makatowski@t online.de',6),(75,'2017-10-04 20:55:34',0,'Birger Makatowski','b.makatowski@t-online.de','','','BEGIN:VCARD\r\nVERSION:3.0\r\nFN:Birger Makatowski\r\nEMAIL;TYPE=INTERNET;TYPE=OTHER:b.makatowski@t-online.de\r\nEND:VCARD',' birger makatowski b.makatowski@t online.de',6),(76,'2017-10-04 20:55:34',0,'Marion Starke','marion@starkeweb.org','','','BEGIN:VCARD\r\nVERSION:3.0\r\nFN:Marion Starke\r\nEMAIL;TYPE=INTERNET;TYPE=OTHER:marion@starkeweb.org\r\nEND:VCARD',' marion starke marion@starkeweb.org',6),(77,'2018-09-21 11:51:28',0,'Sr. Illuminata','sr.illuminata@gmail.com','','','BEGIN:VCARD\r\nVERSION:3.0\r\nFN:Sr. Illuminata\r\nEMAIL;TYPE=INTERNET;TYPE=OTHER:sr.illuminata@gmail.com\r\nX-DEPARTMENT:LBA\r\nEND:VCARD',' sr. illuminata sr.illuminata@gmail.com lba',6),(78,'2017-10-04 20:55:34',0,'Mitterhauser Hedy','annaburg@aon.at','','','BEGIN:VCARD\r\nVERSION:3.0\r\nFN:Mitterhauser Hedy\r\nEMAIL;TYPE=INTERNET;TYPE=OTHER:annaburg@aon.at\r\nX-DEPARTMENT:LBA\r\nEND:VCARD',' mitterhauser hedy annaburg@aon.at lba',6),(79,'2017-10-04 20:55:34',0,'','d.zekely@gmx.at','','','BEGIN:VCARD\r\nVERSION:3.0\r\nFN:d.zekely@gmx.at\r\nEMAIL;TYPE=INTERNET;TYPE=OTHER:d.zekely@gmx.at\r\nX-DEPARTMENT:LBA\r\nEND:VCARD',' d.zekely@gmx.at lba',6),(80,'2017-10-04 20:55:34',0,'','eva_baumi@hotmail.com','','','BEGIN:VCARD\r\nVERSION:3.0\r\nFN:eva_baumi@hotmail.com\r\nEMAIL;TYPE=INTERNET;TYPE=OTHER:eva_baumi@hotmail.com\r\nX-DEPARTMENT:LBA\r\nEND:VCARD',' eva_baumi@hotmail.com lba',6),(81,'2018-09-21 11:49:50',0,'','christine.grausgruber@aon.at','','','BEGIN:VCARD\r\nVERSION:3.0\r\nEMAIL;TYPE=INTERNET;TYPE=OTHER:christine.grausgruber@aon.at\r\nX-DEPARTMENT:LBA\r\nEND:VCARD',' christine.grausgruber@aon.at lba',6),(82,'2017-10-04 20:55:34',0,'','el.reisecker@eduhi.at','','','BEGIN:VCARD\r\nVERSION:3.0\r\nFN:el.reisecker@eduhi.at\r\nEMAIL;TYPE=INTERNET;TYPE=OTHER:el.reisecker@eduhi.at\r\nX-DEPARTMENT:LBA\r\nEND:VCARD',' el.reisecker@eduhi.at lba',6),(83,'2017-10-04 20:55:34',0,'','k.schoenborn@bellacarta.com','','','BEGIN:VCARD\r\nVERSION:3.0\r\nFN:k.schoenborn@bellacarta.com\r\nEMAIL;TYPE=INTERNET;TYPE=OTHER:k.schoenborn@bellacarta.com\r\nX-DEPARTMENT:LBA\r\nEND:VCARD',' k.schonborn@bellacarta.com lba',6),(84,'2017-10-04 20:55:34',0,'','gertrude.amschl@gmx.at','','','BEGIN:VCARD\r\nVERSION:3.0\r\nFN:gertrude.amschl@gmx.at\r\nEMAIL;TYPE=INTERNET;TYPE=OTHER:gertrude.amschl@gmx.at\r\nX-DEPARTMENT:LBA\r\nEND:VCARD',' gertrude.amschl@gmx.at lba',6),(85,'2017-10-04 20:55:35',0,'','traudi.ruttenstock@gmx.at','','','BEGIN:VCARD\r\nVERSION:3.0\r\nFN:traudi.ruttenstock@gmx.at\r\nEMAIL;TYPE=INTERNET;TYPE=OTHER:traudi.ruttenstock@gmx.at\r\nX-DEPARTMENT:LBA\r\nEND:VCARD',' traudi.ruttenstock@gmx.at lba',6),(86,'2017-10-04 20:55:34',0,'Abtei','abtei@stift-kremsmuenster.at','','','BEGIN:VCARD\r\nVERSION:3.0\r\nFN:Abtei\r\nEMAIL;TYPE=INTERNET;TYPE=OTHER:abtei@stift-kremsmuenster.at\r\nEND:VCARD',' abtei abtei@stift kremsmunster.at',6),(87,'2017-10-04 20:55:34',0,'Gerlinde Kaserer','aon.912918226@aon.at','','','BEGIN:VCARD\r\nVERSION:3.0\r\nFN:Gerlinde Kaserer\r\nEMAIL;TYPE=INTERNET;TYPE=OTHER:aon.912918226@aon.at\r\nEND:VCARD',' gerlinde kaserer aon.912918226@aon.at',6),(88,'2017-10-04 20:55:34',0,'Muther Gertrud','gertmut@gmx.at','Gertrud','Muther','BEGIN:VCARD\r\nVERSION:3.0\r\nN:Muther;Gertrud;;;\r\nFN:Muther Gertrud\r\nEMAIL;TYPE=INTERNET;TYPE=OTHER:gertmut@gmx.at\r\nEND:VCARD',' muther gertrud gertmut@gmx.at',6),(89,'2017-10-04 20:55:35',0,'Martin Huemer','martin.huemer@faircheck.at','','','BEGIN:VCARD\r\nVERSION:3.0\r\nFN:Martin Huemer\r\nEMAIL;TYPE=INTERNET;TYPE=OTHER:martin.huemer@faircheck.at\r\nEND:VCARD',' martin humer martin.humer@faircheck.at',11),(90,'2017-10-04 20:55:34',0,'roslinde wiesner','bergrose13@yahoo.com','','','BEGIN:VCARD\r\nVERSION:3.0\r\nFN:roslinde wiesner\r\nEMAIL;TYPE=INTERNET;TYPE=OTHER:bergrose13@yahoo.com\r\nEND:VCARD',' roslinde wiesner bergrose13@yahoo.com',6),(91,'2017-10-04 20:55:35',0,'Sony','sony@fsms.at','','','BEGIN:VCARD\r\nVERSION:3.0\r\nFN:Sony\r\nEMAIL;TYPE=INTERNET;TYPE=OTHER:sony@fsms.at\r\nEND:VCARD',' sony sony@fsms.at',12),(92,'2017-10-04 20:55:35',0,'Ulrike Podbelsek','u.podbelsek@sbg.at','','','BEGIN:VCARD\r\nVERSION:3.0\r\nFN:Ulrike Podbelsek\r\nEMAIL;TYPE=INTERNET;TYPE=OTHER:u.podbelsek@sbg.at\r\nEND:VCARD',' ulrike podbelsek u.podbelsek@sbg.at',11),(93,'2017-10-04 20:55:35',0,'Stefanie Schöndorf','stefanie.schoendorf@unlimitedgod.de','','','BEGIN:VCARD\r\nVERSION:3.0\r\nFN:Stefanie Schöndorf\r\nEMAIL;TYPE=INTERNET;TYPE=OTHER:stefanie.schoendorf@unlimitedgod.de\r\nEND:VCARD',' stefanie schondorf stefanie.schondorf@unlimitedgod.de',6),(94,'2017-10-04 20:55:34',0,'Irmgard Guggenberger','irmgard.guggenberger@gmx.at','','','BEGIN:VCARD\r\nVERSION:3.0\r\nFN:Irmgard Guggenberger\r\nEMAIL;TYPE=INTERNET;TYPE=OTHER:irmgard.guggenberger@gmx.at\r\nEND:VCARD',' irmgard guggenberger irmgard.guggenberger@gmx.at',6),(96,'2017-10-04 20:55:34',0,'ANITA','anita.fried@gmx.at','','','BEGIN:VCARD\r\nVERSION:3.0\r\nFN:ANITA\r\nEMAIL;TYPE=INTERNET;TYPE=OTHER:anita.fried@gmx.at\r\nEND:VCARD',' anita anita.fried@gmx.at',6),(97,'2017-10-04 20:55:34',0,'1b marlene','marlene.ranet@gmail.com','','','BEGIN:VCARD\r\nVERSION:3.0\r\nFN:1b marlene\r\nEMAIL;TYPE=INTERNET;TYPE=OTHER:marlene.ranet@gmail.com\r\nEND:VCARD',' 1b marlene marlene.ranet@gmail.com',6),(99,'2017-10-04 20:55:34',0,'Andrea Maunz','a1.914414960@a1.net','','','BEGIN:VCARD\r\nVERSION:3.0\r\nFN:Andrea Maunz\r\nEMAIL;TYPE=INTERNET;TYPE=OTHER:a1.914414960@a1.net\r\nEND:VCARD',' andrea maunz a1914414960@a1.net',6),(100,'2017-10-04 20:55:35',0,'Traudl Krapp','traudl.krapp@uni-bonn.de','','','BEGIN:VCARD\r\nVERSION:3.0\r\nFN:Traudl Krapp\r\nEMAIL;TYPE=INTERNET;TYPE=OTHER:traudl.krapp@uni-bonn.de\r\nEND:VCARD',' traudl krapp traudl.krapp@uni bonn.de',6),(101,'2017-10-04 20:55:35',0,'Starke Peter','peter.starke@ph-ooe.at','','','BEGIN:VCARD\r\nVERSION:3.0\r\nFN:Starke Peter\r\nEMAIL;TYPE=INTERNET;TYPE=OTHER:peter.starke@ph-ooe.at\r\nEND:VCARD',' starke peter peter.starke@ph oo.at',6),(102,'2017-10-04 20:55:34',0,'Dorothea Zekely','no-reply@guweb.com','','','BEGIN:VCARD\r\nVERSION:3.0\r\nFN:Dorothea Zekely\r\nEMAIL;TYPE=INTERNET;TYPE=OTHER:no-reply@guweb.com\r\nEND:VCARD',' dorothea zekely no reply@guweb.com',6),(104,'2017-10-04 20:55:35',0,'Special Services AT','special.services.at@tnt.co.at','','','BEGIN:VCARD\r\nVERSION:3.0\r\nFN:Special Services AT\r\nEMAIL;TYPE=INTERNET;TYPE=OTHER:special.services.at@tnt.co.at\r\nEND:VCARD',' special services at special.services.at@tnt.co.at',12),(105,'2017-10-04 20:55:35',0,'Reindlr','reindlr@imtron.eu','','','BEGIN:VCARD\r\nVERSION:3.0\r\nFN:Reindlr\r\nEMAIL;TYPE=INTERNET;TYPE=OTHER:reindlr@imtron.eu\r\nEND:VCARD',' reindlr reindlr@imtron.eu',12),(106,'2017-10-04 20:55:34',0,'Dr. Dorothee Grill','dg@analogspeed.de','','','BEGIN:VCARD\r\nVERSION:3.0\r\nFN:Dr. Dorothee Grill\r\nEMAIL;TYPE=INTERNET;TYPE=OTHER:dg@analogspeed.de\r\nEND:VCARD',' dr. dorothee grill dg@analogspeed.de',6),(107,'2017-10-04 20:55:35',0,'Sylvia Grüll','sylvia.gruell@drei.at','','','BEGIN:VCARD\r\nVERSION:3.0\r\nFN:Sylvia Grüll\r\nEMAIL;TYPE=INTERNET;TYPE=OTHER:sylvia.gruell@drei.at\r\nEND:VCARD',' sylvia grull sylvia.grull@drei.at',6),(108,'2017-10-04 20:55:34',0,'Gisela Hauke','kosi55@web.de','','','BEGIN:VCARD\r\nVERSION:3.0\r\nFN:Gisela Hauke\r\nEMAIL;TYPE=INTERNET;TYPE=OTHER:kosi55@web.de\r\nEND:VCARD',' gisela hauke kosi55@web.de',6),(109,'2017-10-04 20:55:34',0,'Egger Anna','a.egger@salzburger.hilfswerk.at','','','BEGIN:VCARD\r\nVERSION:3.0\r\nFN:Egger Anna\r\nEMAIL;TYPE=INTERNET;TYPE=OTHER:a.egger@salzburger.hilfswerk.at\r\nEND:VCARD',' egger anna a.egger@salzburger.hilfswerk.at',6),(110,'2017-10-04 20:55:35',0,'Michael Perez','m.perez@partner.samsung.com','','','BEGIN:VCARD\r\nVERSION:3.0\r\nFN:Michael Perez\r\nEMAIL;TYPE=INTERNET;TYPE=OTHER:m.perez@partner.samsung.com\r\nEND:VCARD',' michal perez m.perez@partner.samsung.com',12),(111,'2017-10-04 20:55:34',0,'Guttmann','gw.guttmann@gmail.com','','','BEGIN:VCARD\r\nVERSION:3.0\r\nFN:Guttmann\r\nEMAIL;TYPE=INTERNET;TYPE=OTHER:gw.guttmann@gmail.com\r\nEND:VCARD',' guttmann gw.guttmann@gmail.com',6),(112,'2017-10-04 20:55:35',0,'Vaduva, Anitha','vaduva@imtron.eu','','','BEGIN:VCARD\r\nVERSION:3.0\r\nFN:Vaduva, Anitha\r\nEMAIL;TYPE=INTERNET;TYPE=OTHER:vaduva@imtron.eu\r\nEND:VCARD',' vaduva, anitha vaduva@imtron.eu',12),(113,'2017-10-04 20:55:35',0,'A Kallunder','a.kallunder@samsung.com','','','BEGIN:VCARD\r\nVERSION:3.0\r\nFN:A Kallunder\r\nEMAIL;TYPE=INTERNET;TYPE=OTHER:a.kallunder@samsung.com\r\nEND:VCARD',' kallunder a.kallunder@samsung.com',12),(114,'2017-10-04 20:55:33',0,'Christoph Huber','christoph.huber@plakat-am-lkw.com','','','BEGIN:VCARD\r\nVERSION:3.0\r\nFN:Christoph Huber\r\nEMAIL;TYPE=INTERNET;TYPE=OTHER:christoph.huber@plakat-am-lkw.com\r\nEND:VCARD',' christoph huber christoph.huber@plakat am lkw.com',3),(115,'2017-10-04 20:55:33',0,'\"gottfried weissenböck\"','gottfried.weissenboeck@gmx.at','','','BEGIN:VCARD\r\nVERSION:3.0\r\nFN:\"gottfried weissenböck\"\r\nEMAIL;TYPE=INTERNET;TYPE=OTHER:gottfried.weissenboeck@gmx.at\r\nEND:VCARD',' \"gottfried weissenbock\" gottfried.weissenbock@gmx.at',4),(116,'2017-10-04 20:55:33',0,'FreshMinds','box@freshminds-bd.com','','','BEGIN:VCARD\r\nVERSION:3.0\r\nFN:FreshMinds\r\nEMAIL;TYPE=INTERNET;TYPE=OTHER:box@freshminds-bd.com\r\nEND:VCARD',' freshminds box@freshminds bd.com',3),(117,'2017-10-04 20:55:33',0,'Matthias E. Zeitler','m.zeitler@marktheglobe.com','','','BEGIN:VCARD\r\nVERSION:3.0\r\nFN:Matthias E. Zeitler\r\nEMAIL;TYPE=INTERNET;TYPE=OTHER:m.zeitler@marktheglobe.com\r\nEND:VCARD',' matthias e. zeitler m.zeitler@marktheglobe.com',3),(118,'2017-10-04 20:55:33',0,'Hannes','hannes@impossiblearts.com','','','BEGIN:VCARD\r\nVERSION:3.0\r\nFN:Hannes\r\nEMAIL;TYPE=INTERNET;TYPE=OTHER:hannes@impossiblearts.com\r\nEND:VCARD',' hannes hannes@impossiblearts.com',3),(119,'2017-10-04 20:55:35',0,'Gumpenberger Gerald','G.Gumpenberger@fsms.at','','','BEGIN:VCARD\r\nVERSION:3.0\r\nFN:Gumpenberger Gerald\r\nEMAIL;TYPE=INTERNET;TYPE=OTHER:G.Gumpenberger@fsms.at\r\nEND:VCARD',' gumpenberger gerald g.gumpenberger@fsms.at',12),(120,'2017-10-04 20:55:35',0,'spare parts','spareparts@hisense-europe.com','','','BEGIN:VCARD\r\nVERSION:3.0\r\nFN:spare parts\r\nEMAIL;TYPE=INTERNET;TYPE=OTHER:spareparts@hisense-europe.com\r\nEND:VCARD',' spare parts spareparts@hisense europe.com',12),(121,'2017-10-04 20:55:35',0,'Hofer','Hofer@lurf.cc','','','BEGIN:VCARD\r\nVERSION:3.0\r\nFN:Hofer\r\nEMAIL;TYPE=INTERNET;TYPE=OTHER:Hofer@lurf.cc\r\nEND:VCARD',' hofer hofer@lurf.cc',12),(122,'2017-10-04 20:55:33',0,'Langhofer Quality Hosting and Solutions GmbH','office@langhofer.at','','','BEGIN:VCARD\r\nVERSION:3.0\r\nFN:Langhofer Quality Hosting and Solutions GmbH\r\nEMAIL;TYPE=INTERNET;TYPE=OTHER:office@langhofer.at\r\nEND:VCARD',' langhofer quality hosting and solutions gmbh office@langhofer.at',4),(123,'2017-10-04 20:55:34',0,'Strobel Verena 014A 509','Verena.Strobel@salzburg.sparkasse.at','','','BEGIN:VCARD\r\nVERSION:3.0\r\nFN:Strobel Verena 014A 509\r\nEMAIL;TYPE=INTERNET;TYPE=OTHER:Verena.Strobel@salzburg.sparkasse.at\r\nEND:VCARD',' strobel verena 014a 509 verena.strobel@salzburg.sparkasse.at',4),(124,'2017-10-04 20:55:34',0,'Constanze Fuchs','plapagena@hotmail.com','','','BEGIN:VCARD\r\nVERSION:3.0\r\nFN:Constanze Fuchs\r\nEMAIL;TYPE=INTERNET;TYPE=OTHER:plapagena@hotmail.com\r\nEND:VCARD',' constanze fuchs plapagena@hotmail.com',6),(125,'2017-10-04 20:55:33',0,'Pension-baldauf.at','info@pension-baldauf.at','','','BEGIN:VCARD\r\nVERSION:3.0\r\nFN:Pension-baldauf.at\r\nEMAIL;TYPE=INTERNET;TYPE=OTHER:info@pension-baldauf.at\r\nEND:VCARD',' pension baldauf.at info@pension',2),(126,'2017-10-04 20:55:33',0,'Gerald Brandstaetter','Gerald.Brandstaetter@jastrinsky.at','','','BEGIN:VCARD\r\nVERSION:3.0\r\nFN:Gerald Brandstaetter\r\nEMAIL;TYPE=INTERNET;TYPE=OTHER:Gerald.Brandstaetter@jastrinsky.at\r\nEND:VCARD',' gerald brandstatter gerald.brandstatter@jastrinsky.at',4),(127,'2017-10-04 20:55:34',0,'Lily Lutz','lilylutz@web.de','','','BEGIN:VCARD\r\nVERSION:3.0\r\nFN:Lily Lutz\r\nEMAIL;TYPE=INTERNET;TYPE=OTHER:lilylutz@web.de\r\nEND:VCARD',' lily lutz lilylutz@web.de',6),(128,'2017-10-04 20:55:35',0,'Clearing','clearing@vestel-germany.de','','','BEGIN:VCARD\r\nVERSION:3.0\r\nFN:Clearing\r\nEMAIL;TYPE=INTERNET;TYPE=OTHER:clearing@vestel-germany.de\r\nEND:VCARD',' clearing clearing@vestel germany.de',12),(129,'2017-10-04 20:55:34',0,'Elisabeth Windhofer','elisabethallein@gmx.at','','','BEGIN:VCARD\r\nVERSION:3.0\r\nFN:Elisabeth Windhofer\r\nEMAIL;TYPE=INTERNET;TYPE=OTHER:elisabethallein@gmx.at\r\nEND:VCARD',' elisabeth windhofer elisabethallein@gmx.at',6),(130,'2017-10-04 20:55:34',0,'Nina Maria Kerschhofer','nina@kerschhofer.at','','','BEGIN:VCARD\r\nVERSION:3.0\r\nFN:Nina Maria Kerschhofer\r\nEMAIL;TYPE=INTERNET;TYPE=OTHER:nina@kerschhofer.at\r\nEND:VCARD',' nina maria kerschhofer nina@kerschhofer.at',6),(131,'2017-10-04 20:55:34',0,'Langhofer Quality Hosting and Solutions GmbH','office@langhofer.at','','','BEGIN:VCARD\r\nVERSION:3.0\r\nFN:Langhofer Quality Hosting and Solutions GmbH\r\nEMAIL;TYPE=INTERNET;TYPE=OTHER:office@langhofer.at\r\nEND:VCARD',' langhofer quality hosting and solutions gmbh office@langhofer.at',6),(132,'2017-10-04 20:55:34',0,'Steinbacher Peter','Peter.Steinbacher@sbg.ac.at','','','BEGIN:VCARD\r\nVERSION:3.0\r\nFN:Steinbacher Peter\r\nEMAIL;TYPE=INTERNET;TYPE=OTHER:Peter.Steinbacher@sbg.ac.at\r\nEND:VCARD',' steinbacher peter peter.steinbacher@sbg.ac.at',4),(133,'2017-10-04 20:55:33',0,'\'René Sturzlbauer\'','rene@sturzlbauer.at','','','BEGIN:VCARD\r\nVERSION:3.0\r\nFN:\'René Sturzlbauer\'\r\nEMAIL;TYPE=INTERNET;TYPE=OTHER:rene@sturzlbauer.at\r\nEND:VCARD',' \'rene sturzlbaur\' rene@sturzlbaur.at',4),(134,'2017-10-04 20:55:33',0,'YAMKOM Media','office@yamkomm.com','','','BEGIN:VCARD\r\nVERSION:3.0\r\nFN:YAMKOM Media\r\nEMAIL;TYPE=INTERNET;TYPE=OTHER:office@yamkomm.com\r\nEND:VCARD',' yamkom media office@yamkomm.com',3),(135,'2017-10-04 20:55:33',0,'Lindner Johann 014A 509','Johann.Lindner@salzburg.sparkasse.at','','','BEGIN:VCARD\r\nVERSION:3.0\r\nFN:Lindner Johann 014A 509\r\nEMAIL;TYPE=INTERNET;TYPE=OTHER:Johann.Lindner@salzburg.sparkasse.at\r\nEND:VCARD',' lindner johann 014a 509 johann.lindner@salzburg.sparkasse.at',4),(136,'2017-10-04 20:55:35',0,'Sylvia Grüll','sylvia.gruell@a1.net','','','BEGIN:VCARD\r\nVERSION:3.0\r\nFN:Sylvia Grüll\r\nEMAIL;TYPE=INTERNET;TYPE=OTHER:sylvia.gruell@a1.net\r\nEND:VCARD',' sylvia grull sylvia.grull@a1.net',6),(137,'2017-10-04 20:55:33',0,'Cem Yorulmaz','cem@steindl.biz','','','BEGIN:VCARD\r\nVERSION:3.0\r\nFN:Cem Yorulmaz\r\nEMAIL;TYPE=INTERNET;TYPE=OTHER:cem@steindl.biz\r\nEND:VCARD',' cem yorulmaz cem@steindl.biz',4),(138,'2017-10-04 20:55:35',0,'Selvere Hosafci','s.hosafci@samsung.com','','','BEGIN:VCARD\r\nVERSION:3.0\r\nFN:Selvere Hosafci\r\nEMAIL;TYPE=INTERNET;TYPE=OTHER:s.hosafci@samsung.com\r\nEND:VCARD',' selvere hosafci s.hosafci@samsung.com',12),(139,'2017-10-04 20:55:35',0,'Zoffmann, Florian','Zoffmann@saturn.at','','','BEGIN:VCARD\r\nVERSION:3.0\r\nFN:Zoffmann, Florian\r\nEMAIL;TYPE=INTERNET;TYPE=OTHER:Zoffmann@saturn.at\r\nEND:VCARD',' zoffmann, florian zoffmann@saturn.at',12),(140,'2017-10-04 20:55:35',0,'Wohnbaufoerderung','Wohnbaufoerderung@salzburg.gv.at','','','BEGIN:VCARD\r\nVERSION:3.0\r\nFN:Wohnbaufoerderung\r\nEMAIL;TYPE=INTERNET;TYPE=OTHER:Wohnbaufoerderung@salzburg.gv.at\r\nEND:VCARD',' wohnbauforderung wohnbauforderung@salzburg.gv.at',11),(141,'2017-10-04 20:55:35',0,'Meldeamt','meldeamt@stadt-salzburg.at','','','BEGIN:VCARD\r\nVERSION:3.0\r\nFN:Meldeamt\r\nEMAIL;TYPE=INTERNET;TYPE=OTHER:meldeamt@stadt-salzburg.at\r\nEND:VCARD',' meldeamt meldeamt@stadt salzburg.at',11),(142,'2017-10-04 20:55:35',0,'Migitsch, Claudia','Claudia.Migitsch@Cevalogistics.com','','','BEGIN:VCARD\r\nVERSION:3.0\r\nFN:Migitsch, Claudia\r\nEMAIL;TYPE=INTERNET;TYPE=OTHER:Claudia.Migitsch@Cevalogistics.com\r\nEND:VCARD',' migitsch, claudia claudia.migitsch@cevalogistics.com',12),(143,'2017-10-04 20:55:34',0,'Windauer Maria','maria.windauer@salzburg.gv.at','','','BEGIN:VCARD\r\nVERSION:3.0\r\nFN:Windauer Maria\r\nEMAIL;TYPE=INTERNET;TYPE=OTHER:maria.windauer@salzburg.gv.at\r\nEND:VCARD',' windaur maria maria.windaur@salzburg.gv.at',4),(144,'2017-10-04 20:55:34',0,'Rankl, Michael','Michael.Rankl@bauwerk-boen.com','','','BEGIN:VCARD\r\nVERSION:3.0\r\nFN:Rankl, Michael\r\nEMAIL;TYPE=INTERNET;TYPE=OTHER:Michael.Rankl@bauwerk-boen.com\r\nEND:VCARD',' rankl, michal michal.rankl@bauwerk bon.com',4),(145,'2017-10-04 20:55:34',0,'Stefan Klein','stefan.klein@guw.at','','','BEGIN:VCARD\r\nVERSION:3.0\r\nFN:Stefan Klein\r\nEMAIL;TYPE=INTERNET;TYPE=OTHER:stefan.klein@guw.at\r\nEND:VCARD',' stefan klein stefan.klein@guw.at',4),(146,'2017-10-04 20:55:33',0,'Nicolas Gonzalez Garrido (via Google Drive)','nicolas@studiokanso.com','','','BEGIN:VCARD\r\nVERSION:3.0\r\nFN:Nicolas Gonzalez Garrido (via Google Drive)\r\nEMAIL;TYPE=INTERNET;TYPE=OTHER:nicolas@studiokanso.com\r\nEND:VCARD',' nicolas gonzalez garrido (via google drive) nicolas@studiokanso.com',3),(147,'2017-10-04 20:55:33',0,'Nicolas Gonzalez Garrido (Basecamp)','notifications@basecamp.com','','','BEGIN:VCARD\r\nVERSION:3.0\r\nFN:Nicolas Gonzalez Garrido (Basecamp)\r\nEMAIL;TYPE=INTERNET;TYPE=OTHER:notifications@basecamp.com\r\nEND:VCARD',' nicolas gonzalez garrido (basecamp) notifications@basecamp.com',3),(148,'2017-10-04 20:55:35',0,'KEP SC West','KEP.SC.West@post.at','','','BEGIN:VCARD\r\nVERSION:3.0\r\nFN:KEP SC West\r\nEMAIL;TYPE=INTERNET;TYPE=OTHER:KEP.SC.West@post.at\r\nEND:VCARD',' kep sc west kep.sc.west@post.at',12),(149,'2017-10-04 20:55:35',0,'Gallmeister, Markus','Markus.Gallmeister@sykes.com','','','BEGIN:VCARD\r\nVERSION:3.0\r\nFN:Gallmeister, Markus\r\nEMAIL;TYPE=INTERNET;TYPE=OTHER:Markus.Gallmeister@sykes.com\r\nEND:VCARD',' gallmeister, markus markus.gallmeister@sykes.com',12),(150,'2017-10-04 20:55:33',0,'Stefan Perkmann Berger','stefan@whataventure.com','','','BEGIN:VCARD\r\nVERSION:3.0\r\nFN:Stefan Perkmann Berger\r\nEMAIL;TYPE=INTERNET;TYPE=OTHER:stefan@whataventure.com\r\nEND:VCARD',' stefan perkmann berger stefan@whataventure.com',3),(151,'2017-10-04 20:55:35',0,'Langwallner Elektronik Service','caroline.habison@langwallner.at','','','BEGIN:VCARD\r\nVERSION:3.0\r\nFN:Langwallner Elektronik Service\r\nEMAIL;TYPE=INTERNET;TYPE=OTHER:caroline.habison@langwallner.at\r\nEND:VCARD',' langwallner elektronik service caroline.habison@langwallner.at',12),(153,'2017-10-04 20:55:33',0,'Markus','prommegger.markus@sbg.at','','','BEGIN:VCARD\r\nVERSION:3.0\r\nFN:Markus\r\nEMAIL;TYPE=INTERNET;TYPE=OTHER:prommegger.markus@sbg.at\r\nEND:VCARD',' markus prommegger.markus@sbg.at',2),(154,'2017-10-04 20:55:35',0,'VOC AT','voc@samsung.at','','','BEGIN:VCARD\r\nVERSION:3.0\r\nFN:VOC AT\r\nEMAIL;TYPE=INTERNET;TYPE=OTHER:voc@samsung.at\r\nEND:VCARD',' voc at voc@samsung.at',12),(155,'2017-10-04 20:55:34',0,'Ekkehart + Renate Fischer','efischer@trucker-church.org','','','BEGIN:VCARD\r\nVERSION:3.0\r\nFN:Ekkehart + Renate Fischer\r\nEMAIL;TYPE=INTERNET;TYPE=OTHER:efischer@trucker-church.org\r\nEND:VCARD',' ekkehart renate fischer efischer@trucker church.org',6),(156,'2017-10-04 20:55:35',0,'Spoeckinger, Gregor','spoeckinger@mediamarkt.at','','','BEGIN:VCARD\r\nVERSION:3.0\r\nFN:Spoeckinger, Gregor\r\nEMAIL;TYPE=INTERNET;TYPE=OTHER:spoeckinger@mediamarkt.at\r\nEND:VCARD',' spockinger, gregor spockinger@mediamarkt.at',12),(157,'2017-10-04 20:55:33',0,'Petra Wagner','petra.wagner@praxis55.at','','','BEGIN:VCARD\r\nVERSION:3.0\r\nFN:Petra Wagner\r\nEMAIL;TYPE=INTERNET;TYPE=OTHER:petra.wagner@praxis55.at\r\nEND:VCARD',' petra wagner petra.wagner@praxis55.at',3),(158,'2017-10-04 20:55:35',0,'Wolfgang Wieser','wolfgang.wieser@sitztechnik.com','','','BEGIN:VCARD\r\nVERSION:3.0\r\nFN:Wolfgang Wieser\r\nEMAIL;TYPE=INTERNET;TYPE=OTHER:wolfgang.wieser@sitztechnik.com\r\nEND:VCARD',' wolfgang wieser wolfgang.wieser@sitztechnik.com',6),(159,'2017-10-04 20:55:35',0,'Michael Baumgartl','mbaumgartl@hb-europe.com','','','BEGIN:VCARD\r\nVERSION:3.0\r\nFN:Michael Baumgartl\r\nEMAIL;TYPE=INTERNET;TYPE=OTHER:mbaumgartl@hb-europe.com\r\nEND:VCARD',' michal baumgartl mbaumgartl@hb europe.com',12),(160,'2017-10-04 20:55:35',0,'Support','support@hb-europe.com','','','BEGIN:VCARD\r\nVERSION:3.0\r\nFN:Support\r\nEMAIL;TYPE=INTERNET;TYPE=OTHER:support@hb-europe.com\r\nEND:VCARD',' support support@hb europe.com',12),(161,'2017-10-04 20:55:35',0,'Office','office@wisi.at','','','BEGIN:VCARD\r\nVERSION:3.0\r\nFN:Office\r\nEMAIL;TYPE=INTERNET;TYPE=OTHER:office@wisi.at\r\nEND:VCARD',' office office@wisi.at',12),(162,'2017-10-04 20:55:35',0,'G Honsdorf','g.honsdorf@wisi.at','','','BEGIN:VCARD\r\nVERSION:3.0\r\nFN:G Honsdorf\r\nEMAIL;TYPE=INTERNET;TYPE=OTHER:g.honsdorf@wisi.at\r\nEND:VCARD',' honsdorf g.honsdorf@wisi.at',12),(163,'2017-10-04 20:55:35',0,'dialog.dach tv','dialog.dach.tv@tpvision.com','','','BEGIN:VCARD\r\nVERSION:3.0\r\nFN:dialog.dach tv\r\nEMAIL;TYPE=INTERNET;TYPE=OTHER:dialog.dach.tv@tpvision.com\r\nEND:VCARD',' dialog.dach tv dialog.dach.tv@tpvision.com',12),(164,'2017-10-04 20:55:35',0,'Ebner, Doris','EbnerD@media-saturn.com','','','BEGIN:VCARD\r\nVERSION:3.0\r\nFN:Ebner, Doris\r\nEMAIL;TYPE=INTERNET;TYPE=OTHER:EbnerD@media-saturn.com\r\nEND:VCARD',' ebner, doris ebnerd@media saturn.com',12),(165,'2017-10-04 20:55:35',0,'Klaus Wiesinger','klaus.wiesinger@baytronic.at','','','BEGIN:VCARD\r\nVERSION:3.0\r\nFN:Klaus Wiesinger\r\nEMAIL;TYPE=INTERNET;TYPE=OTHER:klaus.wiesinger@baytronic.at\r\nEND:VCARD',' klaus wiesinger klaus.wiesinger@baytronic.at',12),(166,'2017-10-04 20:55:35',0,'Sandra Dolscius','s.dolscius@partner.samsung.com','','','BEGIN:VCARD\r\nVERSION:3.0\r\nFN:Sandra Dolscius\r\nEMAIL;TYPE=INTERNET;TYPE=OTHER:s.dolscius@partner.samsung.com\r\nEND:VCARD',' sandra dolscius s.dolscius@partner.samsung.com',12),(167,'2017-10-04 20:55:35',0,'Josef Hrdlicka','josef.hrdlicka@lge.com','','','BEGIN:VCARD\r\nVERSION:3.0\r\nFN:Josef Hrdlicka\r\nEMAIL;TYPE=INTERNET;TYPE=OTHER:josef.hrdlicka@lge.com\r\nEND:VCARD',' josef hrdlicka josef.hrdlicka@lge.com',12),(168,'2017-10-04 20:55:35',0,'Katrin von Faltin','von.faltin@radioagentur.at','','','BEGIN:VCARD\r\nVERSION:3.0\r\nFN:Katrin von Faltin\r\nEMAIL;TYPE=INTERNET;TYPE=OTHER:von.faltin@radioagentur.at\r\nEND:VCARD',' katrin von faltin von.faltin@radioagentur.at',26),(169,'2017-10-04 20:55:33',0,'Gerald Buttinger','gb@about-blank.at','','','BEGIN:VCARD\r\nVERSION:3.0\r\nFN:Gerald Buttinger\r\nEMAIL;TYPE=INTERNET;TYPE=OTHER:gb@about-blank.at\r\nEND:VCARD',' gerald buttinger gb@about blank.at',4),(170,'2017-10-04 20:55:33',0,'Dietmar Keller','didi@spleen.at','','','BEGIN:VCARD\r\nVERSION:3.0\r\nFN:Dietmar Keller\r\nEMAIL;TYPE=INTERNET;TYPE=OTHER:didi@spleen.at\r\nEND:VCARD',' dietmar keller didi@spleen.at',4),(171,'2017-10-04 20:55:33',0,'Küchenstudio Norz','kuechenstudio@norz.co.at','','','BEGIN:VCARD\r\nVERSION:3.0\r\nFN:Küchenstudio Norz\r\nEMAIL;TYPE=INTERNET;TYPE=OTHER:kuechenstudio@norz.co.at\r\nEND:VCARD',' kuchenstudio norz kuchenstudio@norz.co.at',4),(172,'2017-10-04 20:55:33',0,'Gregor Furtner','gregor.furtner@generali.com','','','BEGIN:VCARD\r\nVERSION:3.0\r\nFN:Gregor Furtner\r\nEMAIL;TYPE=INTERNET;TYPE=OTHER:gregor.furtner@generali.com\r\nEND:VCARD',' gregor furtner gregor.furtner@generali.com',4),(173,'2017-10-04 20:55:35',0,'Karin Enoeckl','Karin.Enoeckl@leiner.at','','','BEGIN:VCARD\r\nVERSION:3.0\r\nFN:Karin Enoeckl\r\nEMAIL;TYPE=INTERNET;TYPE=OTHER:Karin.Enoeckl@leiner.at\r\nEND:VCARD',' karin enockl karin.enockl@leiner.at',12),(174,'2017-10-04 20:55:33',0,'Dr. Bernhard Oberauer','Office@rechtsanwalt-oberauer.at','','','BEGIN:VCARD\r\nVERSION:3.0\r\nFN:Dr. Bernhard Oberauer\r\nEMAIL;TYPE=INTERNET;TYPE=OTHER:Office@rechtsanwalt-oberauer.at\r\nEND:VCARD',' dr. bernhard oberaur office@rechtsanwalt oberaur.at',4),(175,'2017-10-04 20:55:35',0,'\'Matthias Gottweis\'','m.gottweis@samsung.com','','','BEGIN:VCARD\r\nVERSION:3.0\r\nFN:\'Matthias Gottweis\'\r\nEMAIL;TYPE=INTERNET;TYPE=OTHER:m.gottweis@samsung.com\r\nEND:VCARD',' \'matthias gottweis\' m.gottweis@samsung.com',12),(176,'2017-10-04 20:55:34',0,'Baumgartners','hpm.baumgartner@web6262.at','','','BEGIN:VCARD\r\nVERSION:3.0\r\nFN:Baumgartners\r\nEMAIL;TYPE=INTERNET;TYPE=OTHER:hpm.baumgartner@web6262.at\r\nEND:VCARD',' baumgartners hpm.baumgartner@web6262.at',6),(177,'2017-10-04 20:55:35',0,'Ulrike Podbelsek','u.podbelsek@sbg.at','','','BEGIN:VCARD\r\nVERSION:3.0\r\nFN:Ulrike Podbelsek\r\nEMAIL;TYPE=INTERNET;TYPE=OTHER:u.podbelsek@sbg.at\r\nEND:VCARD',' ulrike podbelsek u.podbelsek@sbg.at',19),(178,'2017-10-04 20:55:35',0,'\'office@golser.net\'','office@golser.net','','','BEGIN:VCARD\r\nVERSION:3.0\r\nFN:\'office@golser.net\'\r\nEMAIL;TYPE=INTERNET;TYPE=OTHER:office@golser.net\r\nEND:VCARD',' \'office@golser.net\' office@golser.net',31),(179,'2017-10-04 20:55:35',0,'Apu','apu@chello.at','','','BEGIN:VCARD\r\nVERSION:3.0\r\nFN:Apu\r\nEMAIL;TYPE=INTERNET;TYPE=OTHER:apu@chello.at\r\nEND:VCARD',' apu apu@chello.at',15),(180,'2017-10-04 20:55:34',0,'Margot Sluka','transforms1@aol.com','','','BEGIN:VCARD\r\nVERSION:3.0\r\nFN:Margot Sluka\r\nEMAIL;TYPE=INTERNET;TYPE=OTHER:transforms1@aol.com\r\nEND:VCARD',' margot sluka transforms1@aol.com',6),(181,'2017-10-04 20:55:34',0,'Gerlinde','gerlinde.kaserer@aon.at','','','BEGIN:VCARD\r\nVERSION:3.0\r\nFN:Gerlinde\r\nEMAIL;TYPE=INTERNET;TYPE=OTHER:gerlinde.kaserer@aon.at\r\nEND:VCARD',' gerlinde gerlinde.kaserer@aon.at',6),(182,'2017-10-04 20:55:34',0,'elizabeth','elizabeth.c.emslie@hotmail.com','','','BEGIN:VCARD\r\nVERSION:3.0\r\nFN:elizabeth\r\nEMAIL;TYPE=INTERNET;TYPE=OTHER:elizabeth.c.emslie@hotmail.com\r\nEND:VCARD',' elizabeth elizabeth.c.emslie@hotmail.com',6),(183,'2017-10-04 20:55:33',0,'Hans Raha','HRaha@bfi-sbg.at','','','BEGIN:VCARD\r\nVERSION:3.0\r\nFN:Hans Raha\r\nEMAIL;TYPE=INTERNET;TYPE=OTHER:HRaha@bfi-sbg.at\r\nEND:VCARD',' hans raha hraha@bfi sbg.at',3),(184,'2017-10-04 20:55:35',0,'Waltraut Feichtner','waltraut.feichtner@gmail.com','','','BEGIN:VCARD\r\nVERSION:3.0\r\nFN:Waltraut Feichtner\r\nEMAIL;TYPE=INTERNET;TYPE=OTHER:waltraut.feichtner@gmail.com\r\nEND:VCARD',' waltraut feichtner waltraut.feichtner@gmail.com',6),(185,'2017-10-04 20:55:35',0,'Toni x','eyesofangel59@hotmail.com','','','BEGIN:VCARD\r\nVERSION:3.0\r\nFN:Toni x\r\nEMAIL;TYPE=INTERNET;TYPE=OTHER:eyesofangel59@hotmail.com\r\nEND:VCARD',' toni eyesofangel59@hotmail.com',6),(186,'2017-10-04 20:55:36',0,'Ferenc Fellner','emepadre@icloud.com','','','BEGIN:VCARD\r\nVERSION:3.0\r\nFN:Ferenc Fellner\r\nEMAIL;TYPE=INTERNET;TYPE=OTHER:emepadre@icloud.com\r\nEND:VCARD',' ferenc fellner emepadre@icloud.com',75),(187,'2017-10-04 20:55:35',0,'Wenger Angelika','angelikawenger@viata-in-isus.ro','','','BEGIN:VCARD\r\nVERSION:3.0\r\nFN:Wenger Angelika\r\nEMAIL;TYPE=INTERNET;TYPE=OTHER:angelikawenger@viata-in-isus.ro\r\nEND:VCARD',' wenger angelika angelikawenger@viata in isus.ro',6),(188,'2017-10-04 20:55:33',0,'Juergen Wurz','juergen.wurz@porsche.co.at','','','BEGIN:VCARD\r\nVERSION:3.0\r\nFN:Juergen Wurz\r\nEMAIL;TYPE=INTERNET;TYPE=OTHER:juergen.wurz@porsche.co.at\r\nEND:VCARD',' jurgen wurz jurgen.wurz@porsche.co.at',4),(189,'2017-10-04 20:55:35',0,'Andreas Langwallner','andreas.langwallner@langwallner.at','','','BEGIN:VCARD\r\nVERSION:3.0\r\nFN:Andreas Langwallner\r\nEMAIL;TYPE=INTERNET;TYPE=OTHER:andreas.langwallner@langwallner.at\r\nEND:VCARD',' andreas langwallner andreas.langwallner@langwallner.at',12),(190,'2017-10-04 20:55:35',0,'Andreas Markl','andreas.markl@ards.at','','','BEGIN:VCARD\r\nVERSION:3.0\r\nFN:Andreas Markl\r\nEMAIL;TYPE=INTERNET;TYPE=OTHER:andreas.markl@ards.at\r\nEND:VCARD',' andreas markl andreas.markl@ards.at',11),(192,'2017-10-04 20:55:33',0,'Josef Schindlauer','Schindlauer@vorsorgepartner.at','','','BEGIN:VCARD\r\nVERSION:3.0\r\nFN:Josef Schindlauer\r\nEMAIL;TYPE=INTERNET;TYPE=OTHER:Schindlauer@vorsorgepartner.at\r\nEND:VCARD',' josef schindlaur schindlaur@vorsorgepartner.at',4),(193,'2017-10-04 20:55:34',0,'Irmi Eder','irmi552003@yahoo.de','','','BEGIN:VCARD\r\nVERSION:3.0\r\nFN:Irmi Eder\r\nEMAIL;TYPE=INTERNET;TYPE=OTHER:irmi552003@yahoo.de\r\nEND:VCARD',' irmi eder irmi552003@yahoo.de',6),(194,'2017-10-04 20:55:34',0,'Katharina Puck','Katharina.Puck@gmx.at','','','BEGIN:VCARD\r\nVERSION:3.0\r\nFN:Katharina Puck\r\nEMAIL;TYPE=INTERNET;TYPE=OTHER:Katharina.Puck@gmx.at\r\nEND:VCARD',' katharina puck katharina.puck@gmx.at',6),(196,'2017-10-04 20:55:34',0,'Abtei Stift Kremsmünster','sr.lydia@stift-kremsmuenster.at','','','BEGIN:VCARD\r\nVERSION:3.0\r\nFN:Abtei Stift Kremsmünster\r\nORG:LBA\r\nEMAIL;TYPE=INTERNET;TYPE=OTHER:sr.lydia@stift-kremsmuenster.at\r\nEND:VCARD',' abtei stift kremsmunster lba sr.lydia@stift kremsmunster.at',6),(197,'2017-10-04 20:55:34',0,'Reinhold Seyfriedsberger - ink Music','reinhold.seyfriedsberger@inkmusic.at','','','BEGIN:VCARD\r\nVERSION:3.0\r\nFN:Reinhold Seyfriedsberger - ink Music\r\nEMAIL;TYPE=INTERNET;TYPE=OTHER:reinhold.seyfriedsberger@inkmusic.at\r\nEND:VCARD',' reinhold seyfriedsberger ink music reinhold.seyfriedsberger@inkmusic.at',4),(198,'2017-10-04 20:55:35',0,'P3-Plan | Erwin Pinsker','e.p@p3-plan.at','','','BEGIN:VCARD\r\nVERSION:3.0\r\nFN:P3-Plan | Erwin Pinsker\r\nEMAIL;TYPE=INTERNET;TYPE=OTHER:e.p@p3-plan.at\r\nEND:VCARD',' p3 plan | erwin pinsker e.p@p3 plan.at',15),(199,'2017-10-04 20:55:34',0,'G.K.','ghk84@aon.at','','','BEGIN:VCARD\r\nVERSION:3.0\r\nFN:G.K.\r\nEMAIL;TYPE=INTERNET;TYPE=OTHER:ghk84@aon.at\r\nEND:VCARD',' g.k. ghk84@aon.at',6),(200,'2017-10-04 20:55:35',0,'Sylvia Knittel','sylvia.knittel@baustahlhandel.de','','','BEGIN:VCARD\r\nVERSION:3.0\r\nFN:Sylvia Knittel\r\nEMAIL;TYPE=INTERNET;TYPE=OTHER:sylvia.knittel@baustahlhandel.de\r\nEND:VCARD',' sylvia knittel sylvia.knittel@baustahlhandel.de',15),(201,'2017-10-04 20:55:35',0,'Karl Wagner','karl.wagner@baustahlhandel.de','','','BEGIN:VCARD\r\nVERSION:3.0\r\nFN:Karl Wagner\r\nEMAIL;TYPE=INTERNET;TYPE=OTHER:karl.wagner@baustahlhandel.de\r\nEND:VCARD',' karl wagner karl.wagner@baustahlhandel.de',15),(203,'2017-10-04 20:55:33',0,'Hubert','huh@rentamusic.com','','','BEGIN:VCARD\r\nVERSION:3.0\r\nFN:Hubert\r\nEMAIL;TYPE=INTERNET;TYPE=OTHER:huh@rentamusic.com\r\nEND:VCARD',' hubert huh@rentamusic.com',4),(204,'2017-10-04 20:55:35',0,'Carmen','carmen@seven777.com','','','BEGIN:VCARD\r\nVERSION:3.0\r\nFN:Carmen\r\nEMAIL;TYPE=INTERNET;TYPE=OTHER:carmen@seven777.com\r\nEND:VCARD',' carmen carmen@seven777.com',11),(205,'2017-10-04 20:55:36',0,'Marco Goster','mgoster@icloud.com','','','BEGIN:VCARD\r\nVERSION:3.0\r\nFN:Marco Goster\r\nEMAIL;TYPE=INTERNET;TYPE=OTHER:mgoster@icloud.com\r\nEND:VCARD',' marco goster mgoster@icloud.com',92),(206,'2017-10-04 20:55:33',0,'Stammzellen-Konzepte.com Dr. Robert Biermann','biermann@stammzellen-konzepte.com','','','BEGIN:VCARD\r\nVERSION:3.0\r\nFN:Stammzellen-Konzepte.com Dr. Robert Biermann\r\nEMAIL;TYPE=INTERNET;TYPE=OTHER:biermann@stammzellen-konzepte.com\r\nEND:VCARD',' stammzellen konzepte.com dr. robert biermann biermann@stammzellen',3),(208,'2017-10-04 20:55:35',0,'Susanne Welten','susi_welt@yahoo.de','','','BEGIN:VCARD\r\nVERSION:3.0\r\nFN:Susanne Welten\r\nEMAIL;TYPE=INTERNET;TYPE=OTHER:susi_welt@yahoo.de\r\nEND:VCARD',' susanne welten susi_welt@yahoo.de',6),(209,'2017-10-04 20:55:34',0,'Mirnig Thomas','mirnig@lenzing.ooe.gv.at','','','BEGIN:VCARD\r\nVERSION:3.0\r\nFN:Mirnig Thomas\r\nEMAIL;TYPE=INTERNET;TYPE=OTHER:mirnig@lenzing.ooe.gv.at\r\nEND:VCARD',' mirnig thomas mirnig@lenzing.oo.gv.at',4),(210,'2017-10-04 20:55:34',0,'Monika Dorfinger','himmelreich11@outlook.com','','','BEGIN:VCARD\r\nVERSION:3.0\r\nFN:Monika Dorfinger\r\nEMAIL;TYPE=INTERNET;TYPE=OTHER:himmelreich11@outlook.com\r\nEND:VCARD',' monika dorfinger himmelreich11@outlook.com',6),(211,'2017-10-04 20:55:35',0,'Rechtsanwälte Müller . Schubert & Partner','office@mueller-partner.at','','','BEGIN:VCARD\r\nVERSION:3.0\r\nFN:Rechtsanwälte Müller . Schubert & Partner\r\nEMAIL;TYPE=INTERNET;TYPE=OTHER:office@mueller-partner.at\r\nEND:VCARD',' rechtsanwalte muller . schubert & partner office@muller partner.at',11),(212,'2017-10-04 20:55:33',0,'Corinna Maier | INK MUSIC','corinna.maier@inkmusic.at','','','BEGIN:VCARD\r\nVERSION:3.0\r\nFN:Corinna Maier | INK MUSIC\r\nEMAIL;TYPE=INTERNET;TYPE=OTHER:corinna.maier@inkmusic.at\r\nEND:VCARD',' corinna maier | ink music corinna.maier@inkmusic.at',4),(213,'2017-10-04 20:55:33',0,'Lukas Marlene','m@seismo.tv','','','BEGIN:VCARD\r\nVERSION:3.0\r\nFN:Lukas Marlene\r\nEMAIL;TYPE=INTERNET;TYPE=OTHER:m@seismo.tv\r\nEND:VCARD',' lukas marlene m@seismo.tv',4),(214,'2017-10-04 20:55:33',0,'Amtsleitung','amtsleitung@lenzing.ooe.gv.at','','','BEGIN:VCARD\r\nVERSION:3.0\r\nFN:Amtsleitung\r\nEMAIL;TYPE=INTERNET;TYPE=OTHER:amtsleitung@lenzing.ooe.gv.at\r\nEND:VCARD',' amtsleitung amtsleitung@lenzing.oo.gv.at',4),(215,'2017-10-04 20:55:33',0,'Bettina Vender','Bettina.Vender@oeticket.com','','','BEGIN:VCARD\r\nVERSION:3.0\r\nFN:Bettina Vender\r\nEMAIL;TYPE=INTERNET;TYPE=OTHER:Bettina.Vender@oeticket.com\r\nEND:VCARD',' bettina vender bettina.vender@oticket.com',4),(216,'2017-10-04 20:55:33',0,'Herbert Peer','info@kontrollarmband.at','','','BEGIN:VCARD\r\nVERSION:3.0\r\nFN:Herbert Peer\r\nEMAIL;TYPE=INTERNET;TYPE=OTHER:info@kontrollarmband.at\r\nEND:VCARD',' herbert peer info@kontrollarmband.at',4),(217,'2017-10-04 20:55:33',0,'Denise Simon','Denise.Simon@oeticket.com','','','BEGIN:VCARD\r\nVERSION:3.0\r\nFN:Denise Simon\r\nEMAIL;TYPE=INTERNET;TYPE=OTHER:Denise.Simon@oeticket.com\r\nEND:VCARD',' denise simon denise.simon@oticket.com',4),(218,'2017-10-04 20:55:36',0,'N Wengler','n.wengler@kreuzberger-bau.at','','','BEGIN:VCARD\r\nVERSION:3.0\r\nFN:N Wengler\r\nEMAIL;TYPE=INTERNET;TYPE=OTHER:n.wengler@kreuzberger-bau.at\r\nEND:VCARD',' wengler n.wengler@kreuzberger bau.at',92),(219,'2017-10-04 20:55:36',0,'Andreas Staudacher','andreas.staudacher@sabag.at','','','BEGIN:VCARD\r\nVERSION:3.0\r\nFN:Andreas Staudacher\r\nEMAIL;TYPE=INTERNET;TYPE=OTHER:andreas.staudacher@sabag.at\r\nEND:VCARD',' andreas staudacher andreas.staudacher@sabag.at',92),(220,'2017-10-04 20:55:36',0,'\'Ware Bergheim - Sabag\'','ware.bergheim@sabag.at','','','BEGIN:VCARD\r\nVERSION:3.0\r\nFN:\'Ware Bergheim - Sabag\'\r\nEMAIL;TYPE=INTERNET;TYPE=OTHER:ware.bergheim@sabag.at\r\nEND:VCARD',' \'ware bergheim sabag\' ware.bergheim@sabag.at',92),(221,'2017-10-04 20:55:36',0,'A Ahmad','a.ahmad@ahmad-aigner.at','','','BEGIN:VCARD\r\nVERSION:3.0\r\nFN:A Ahmad\r\nEMAIL;TYPE=INTERNET;TYPE=OTHER:a.ahmad@ahmad-aigner.at\r\nEND:VCARD',' ahmad a.ahmad@ahmad aigner.at',92),(222,'2017-10-04 20:55:37',0,'S Izet','s.izet@ahmad-aigner.at','','','BEGIN:VCARD\r\nVERSION:3.0\r\nFN:S Izet\r\nEMAIL;TYPE=INTERNET;TYPE=OTHER:s.izet@ahmad-aigner.at\r\nEND:VCARD',' izet s.izet@ahmad aigner.at',92),(223,'2017-10-04 20:55:36',0,'Office','office@rothbacher.com','','','BEGIN:VCARD\r\nVERSION:3.0\r\nFN:Office\r\nEMAIL;TYPE=INTERNET;TYPE=OTHER:office@rothbacher.com\r\nEND:VCARD',' office office@rothbacher.com',92),(224,'2017-10-04 20:55:36',0,'Office','office@optiplan.at','','','BEGIN:VCARD\r\nVERSION:3.0\r\nFN:Office\r\nEMAIL;TYPE=INTERNET;TYPE=OTHER:office@optiplan.at\r\nEND:VCARD',' office office@optiplan.at',92),(225,'2017-10-04 20:55:36',0,'Anselmi','anselmi@straschil-anselmi.at','','','BEGIN:VCARD\r\nVERSION:3.0\r\nFN:Anselmi\r\nEMAIL;TYPE=INTERNET;TYPE=OTHER:anselmi@straschil-anselmi.at\r\nEND:VCARD',' anselmi anselmi@straschil anselmi.at',92),(226,'2017-10-04 20:55:36',0,'Office','office@straschil-anselmi.at','','','BEGIN:VCARD\r\nVERSION:3.0\r\nFN:Office\r\nEMAIL;TYPE=INTERNET;TYPE=OTHER:office@straschil-anselmi.at\r\nEND:VCARD',' office office@straschil anselmi.at',92),(227,'2017-10-04 20:55:36',0,'Architekten Scheicher','architekten@scheicher.at','','','BEGIN:VCARD\r\nVERSION:3.0\r\nFN:Architekten Scheicher\r\nEMAIL;TYPE=INTERNET;TYPE=OTHER:architekten@scheicher.at\r\nEND:VCARD',' architekten scheicher architekten@scheicher.at',92),(228,'2017-10-04 20:55:36',0,'Daniel Seifarth','daniel.seifarth@email.de','','','BEGIN:VCARD\r\nVERSION:3.0\r\nFN:Daniel Seifarth\r\nEMAIL;TYPE=INTERNET;TYPE=OTHER:daniel.seifarth@email.de\r\nEND:VCARD',' daniel seifarth daniel.seifarth@email.de',92),(229,'2017-10-04 20:55:34',0,'Andreas Deusch','zeitspuren@sbg.at','','','BEGIN:VCARD\r\nVERSION:3.0\r\nFN:Andreas Deusch\r\nEMAIL;TYPE=INTERNET;TYPE=OTHER:zeitspuren@sbg.at\r\nEND:VCARD',' andreas deusch zeitspuren@sbg.at',6),(230,'2017-10-04 20:55:36',0,'M Roesslhuber','m.roesslhuber@kreuzberger-bau.at','','','BEGIN:VCARD\r\nVERSION:3.0\r\nFN:M Roesslhuber\r\nEMAIL;TYPE=INTERNET;TYPE=OTHER:m.roesslhuber@kreuzberger-bau.at\r\nEND:VCARD',' rosslhuber m.rosslhuber@kreuzberger bau.at',92),(231,'2017-10-04 20:55:33',0,'Max GROISS','groiss.34669@raiffeisen-ooe.at','','','BEGIN:VCARD\r\nVERSION:3.0\r\nFN:Max GROISS\r\nEMAIL;TYPE=INTERNET;TYPE=OTHER:groiss.34669@raiffeisen-ooe.at\r\nEND:VCARD',' max groiss groiss.34669@raiffeisen oo.at',4),(232,'2017-10-04 20:55:34',0,'Huber Erika','huber.erika@gmail.com','','','BEGIN:VCARD\r\nVERSION:3.0\r\nFN:Huber Erika\r\nEMAIL;TYPE=INTERNET;TYPE=OTHER:huber.erika@gmail.com\r\nEND:VCARD',' huber erika huber.erika@gmail.com',6),(233,'2017-10-04 20:55:34',0,'Brigitte Jehly','brigitte.jehly@gmx.at','','','BEGIN:VCARD\r\nVERSION:3.0\r\nFN:Brigitte Jehly\r\nEMAIL;TYPE=INTERNET;TYPE=OTHER:brigitte.jehly@gmx.at\r\nEND:VCARD',' brigitte jehly brigitte.jehly@gmx.at',6),(234,'2017-10-04 20:55:34',0,'E Opletal','e.opletal@gmail.com','','','BEGIN:VCARD\r\nVERSION:3.0\r\nFN:E Opletal\r\nEMAIL;TYPE=INTERNET;TYPE=OTHER:e.opletal@gmail.com\r\nEND:VCARD',' opletal e.opletal@gmail.com',6),(235,'2017-10-04 20:55:34',0,'G Holzi','g.holzi@drei.at','','','BEGIN:VCARD\r\nVERSION:3.0\r\nFN:G Holzi\r\nEMAIL;TYPE=INTERNET;TYPE=OTHER:g.holzi@drei.at\r\nEND:VCARD',' holzi g.holzi@drei.at',6),(236,'2017-10-04 20:55:34',0,'Maria Garstenauer','maria.garstenauer@liwest.at','','','BEGIN:VCARD\r\nVERSION:3.0\r\nFN:Maria Garstenauer\r\nEMAIL;TYPE=INTERNET;TYPE=OTHER:maria.garstenauer@liwest.at\r\nEND:VCARD',' maria garstenaur maria.garstenaur@liwest.at',6),(237,'2017-10-04 20:55:36',0,'Christian Erlacher - Kreuzberger Bau GmbH','ch.erlacher@kreuzberger-bau.at','','','BEGIN:VCARD\r\nVERSION:3.0\r\nFN:Christian Erlacher - Kreuzberger Bau GmbH\r\nEMAIL;TYPE=INTERNET;TYPE=OTHER:ch.erlacher@kreuzberger-bau.at\r\nEND:VCARD',' christian erlacher kreuzberger bau gmbh ch.erlacher@kreuzberger bau.at',92),(238,'2017-10-04 20:55:33',0,'Hans Michael Heger','h.m.heger@sp-steuerberatung.at','','','BEGIN:VCARD\r\nVERSION:3.0\r\nFN:Hans Michael Heger\r\nEMAIL;TYPE=INTERNET;TYPE=OTHER:h.m.heger@sp-steuerberatung.at\r\nEND:VCARD',' hans michal heger h.m.heger@sp steurberatung.at',2),(239,'2017-10-04 20:55:33',0,'Gabriele Sattlecker','sattlecker@sp-steuerberatung.at','','','BEGIN:VCARD\r\nVERSION:3.0\r\nFN:Gabriele Sattlecker\r\nEMAIL;TYPE=INTERNET;TYPE=OTHER:sattlecker@sp-steuerberatung.at\r\nEND:VCARD',' gabriele sattlecker sattlecker@sp steurberatung.at',2),(240,'2017-10-04 20:55:35',0,'✽ Tina Schindlmayr | RE*creation','tina.schindlmayr@re-creation.at','','','BEGIN:VCARD\r\nVERSION:3.0\r\nFN:✽ Tina Schindlmayr | RE*creation\r\nEMAIL;TYPE=INTERNET;TYPE=OTHER:tina.schindlmayr@re-creation.at\r\nEND:VCARD',' ✽ tina schindlmayr | re*creation tina.schindlmayr@re creation.at',6),(241,'2017-10-04 20:55:36',0,'A Liska','a.liska@scheicher.at','','','BEGIN:VCARD\r\nVERSION:3.0\r\nFN:A Liska\r\nEMAIL;TYPE=INTERNET;TYPE=OTHER:a.liska@scheicher.at\r\nEND:VCARD',' liska a.liska@scheicher.at',92),(242,'2017-10-04 20:55:37',0,'T Krimplstaetter','t.krimplstaetter@elektro-sachs.at','','','BEGIN:VCARD\r\nVERSION:3.0\r\nFN:T Krimplstaetter\r\nEMAIL;TYPE=INTERNET;TYPE=OTHER:t.krimplstaetter@elektro-sachs.at\r\nEND:VCARD',' krimplstatter t.krimplstatter@elektro sachs.at',92),(243,'2017-10-04 20:55:37',0,'Walch','walch@hasenauer-anlagenbau.at','','','BEGIN:VCARD\r\nVERSION:3.0\r\nFN:Walch\r\nEMAIL;TYPE=INTERNET;TYPE=OTHER:walch@hasenauer-anlagenbau.at\r\nEND:VCARD',' walch walch@hasenaur anlagenbau.at',92),(244,'2017-10-04 20:55:36',0,'Georg Pachler','georg.pachler@rvs.at','','','BEGIN:VCARD\r\nVERSION:3.0\r\nFN:Georg Pachler\r\nEMAIL;TYPE=INTERNET;TYPE=OTHER:georg.pachler@rvs.at\r\nEND:VCARD',' georg pachler georg.pachler@rvs.at',92),(245,'2017-10-04 20:55:34',0,'Sperrer Gary','G.Sperrer@nachrichten.at','','','BEGIN:VCARD\r\nVERSION:3.0\r\nFN:Sperrer Gary\r\nEMAIL;TYPE=INTERNET;TYPE=OTHER:G.Sperrer@nachrichten.at\r\nEND:VCARD',' sperrer gary g.sperrer@nachrichten.at',4),(246,'2017-10-04 20:55:36',0,'Kreuzberger-Bau - Sarah Davare','s.davare@kreuzberger-bau.at','','','BEGIN:VCARD\r\nVERSION:3.0\r\nFN:Kreuzberger-Bau - Sarah Davare\r\nEMAIL;TYPE=INTERNET;TYPE=OTHER:s.davare@kreuzberger-bau.at\r\nEND:VCARD',' kreuzberger bau sarah davare s.davare@kreuzberger bau.at',92),(247,'2017-10-04 20:55:34',0,'Franz Arthuber','franzarthuber@arcor.de','','','BEGIN:VCARD\r\nVERSION:3.0\r\nFN:Franz Arthuber\r\nEMAIL;TYPE=INTERNET;TYPE=OTHER:franzarthuber@arcor.de\r\nEND:VCARD',' franz arthuber franzarthuber@arcor.de',6),(248,'2017-10-04 20:55:36',0,'Kreuzberger-Bau - Andrea Laimer','a.laimer@kreuzberger-bau.at','','','BEGIN:VCARD\r\nVERSION:3.0\r\nFN:Kreuzberger-Bau - Andrea Laimer\r\nEMAIL;TYPE=INTERNET;TYPE=OTHER:a.laimer@kreuzberger-bau.at\r\nEND:VCARD',' kreuzberger bau andrea laimer a.laimer@kreuzberger bau.at',92),(249,'2017-10-04 20:55:34',0,'Helene Haidrich','hhsbg@aon.at','','','BEGIN:VCARD\r\nVERSION:3.0\r\nFN:Helene Haidrich\r\nEMAIL;TYPE=INTERNET;TYPE=OTHER:hhsbg@aon.at\r\nEND:VCARD',' helene haidrich hhsbg@aon.at',6),(250,'2017-10-04 20:55:34',0,'maria hechenberger','gaisberg@utanet.at','','','BEGIN:VCARD\r\nVERSION:3.0\r\nFN:maria hechenberger\r\nEMAIL;TYPE=INTERNET;TYPE=OTHER:gaisberg@utanet.at\r\nEND:VCARD',' maria hechenberger gaisberg@utanet.at',6),(251,'2017-10-04 20:55:36',0,'E Wallmann','e.wallmann@kreuzberger-bau.at','','','BEGIN:VCARD\r\nVERSION:3.0\r\nFN:E Wallmann\r\nEMAIL;TYPE=INTERNET;TYPE=OTHER:e.wallmann@kreuzberger-bau.at\r\nEND:VCARD',' wallmann e.wallmann@kreuzberger bau.at',92),(252,'2017-10-04 20:55:36',0,'Lars Linnig','L.Linnig@alfasalzburg.at','','','BEGIN:VCARD\r\nVERSION:3.0\r\nFN:Lars Linnig\r\nEMAIL;TYPE=INTERNET;TYPE=OTHER:L.Linnig@alfasalzburg.at\r\nEND:VCARD',' lars linnig l.linnig@alfasalzburg.at',92),(253,'2017-10-04 20:55:36',0,'Reception SLZ','rezeption@alfasalzburg.at','','','BEGIN:VCARD\r\nVERSION:3.0\r\nFN:Reception SLZ\r\nEMAIL;TYPE=INTERNET;TYPE=OTHER:rezeption@alfasalzburg.at\r\nEND:VCARD',' reception slz rezeption@alfasalzburg.at',92),(254,'2017-10-04 20:55:36',0,'Barbara Nemilsek','B.Nemilsek@alfasalzburg.at','','','BEGIN:VCARD\r\nVERSION:3.0\r\nFN:Barbara Nemilsek\r\nEMAIL;TYPE=INTERNET;TYPE=OTHER:B.Nemilsek@alfasalzburg.at\r\nEND:VCARD',' barbara nemilsek b.nemilsek@alfasalzburg.at',92),(255,'2017-10-04 20:55:36',0,'Alexander Reindl','alexander.reindl@sabag.at','','','BEGIN:VCARD\r\nVERSION:3.0\r\nFN:Alexander Reindl\r\nEMAIL;TYPE=INTERNET;TYPE=OTHER:alexander.reindl@sabag.at\r\nEND:VCARD',' alexander reindl alexander.reindl@sabag.at',92),(256,'2017-10-04 20:55:36',0,'Karl Wagner','karl.wagner@baustahlhandel.de','','','BEGIN:VCARD\r\nVERSION:3.0\r\nFN:Karl Wagner\r\nEMAIL;TYPE=INTERNET;TYPE=OTHER:karl.wagner@baustahlhandel.de\r\nEND:VCARD',' karl wagner karl.wagner@baustahlhandel.de',92),(257,'2017-10-04 20:55:36',0,'Martin Gstöttner','martin.gstoettner@lgh.rvs.at','','','BEGIN:VCARD\r\nVERSION:3.0\r\nFN:Martin Gstöttner\r\nEMAIL;TYPE=INTERNET;TYPE=OTHER:martin.gstoettner@lgh.rvs.at\r\nEND:VCARD',' martin gstottner martin.gstottner@lgh.rvs.at',92),(258,'2017-10-04 20:55:36',0,'Office@birgmann.at','office@birgmann.at','','','BEGIN:VCARD\r\nVERSION:3.0\r\nFN:Office@birgmann.at\r\nEMAIL;TYPE=INTERNET;TYPE=OTHER:office@birgmann.at\r\nEND:VCARD',' office@birgmann.at',92),(259,'2017-10-04 20:55:34',0,'Miriam Schirmer','MiriamS.Schirmer@web.de','','','BEGIN:VCARD\r\nVERSION:3.0\r\nFN:Miriam Schirmer\r\nEMAIL;TYPE=INTERNET;TYPE=OTHER:MiriamS.Schirmer@web.de\r\nEND:VCARD',' miriam schirmer miriams.schirmer@web.de',6),(260,'2017-10-04 20:55:36',0,'Mail','mail@fellinghauer.at','','','BEGIN:VCARD\r\nVERSION:3.0\r\nFN:Mail\r\nEMAIL;TYPE=INTERNET;TYPE=OTHER:mail@fellinghauer.at\r\nEND:VCARD',' mail mail@fellinghaur.at',92),(261,'2017-10-04 20:55:36',0,'Proisl','proisl@bvfs.at','','','BEGIN:VCARD\r\nVERSION:3.0\r\nFN:Proisl\r\nEMAIL;TYPE=INTERNET;TYPE=OTHER:proisl@bvfs.at\r\nEND:VCARD',' proisl proisl@bvfs.at',92),(262,'2017-10-04 20:55:36',0,'Bernhard Prem','bernhard.prem@rvs.at','','','BEGIN:VCARD\r\nVERSION:3.0\r\nFN:Bernhard Prem\r\nEMAIL;TYPE=INTERNET;TYPE=OTHER:bernhard.prem@rvs.at\r\nEND:VCARD',' bernhard prem bernhard.prem@rvs.at',92),(263,'2017-10-04 20:55:37',0,'Wilhelm Windhager','wilhelm.windhager@rvs.at','','','BEGIN:VCARD\r\nVERSION:3.0\r\nFN:Wilhelm Windhager\r\nEMAIL;TYPE=INTERNET;TYPE=OTHER:wilhelm.windhager@rvs.at\r\nEND:VCARD',' wilhelm windhager wilhelm.windhager@rvs.at',92),(264,'2017-10-04 20:55:35',0,'Theo Zahner','zahner@fava-suisse.ch','','','BEGIN:VCARD\r\nVERSION:3.0\r\nFN:Theo Zahner\r\nEMAIL;TYPE=INTERNET;TYPE=OTHER:zahner@fava-suisse.ch\r\nEND:VCARD',' theo zahner zahner@fava suisse.ch',11),(265,'2017-10-04 20:55:34',0,'Sanni and Lipok','lipoksanni=gmail.com@mail67.atl91.mcsv.net','','','BEGIN:VCARD\r\nVERSION:3.0\r\nFN:Sanni and Lipok\r\nEMAIL;TYPE=INTERNET;TYPE=OTHER:lipoksanni=gmail.com@mail67.atl91.mcsv.net\r\nEND:VCARD',' sanni and lipok lipoksanni=gmail.com@mail67.atl91.mcsv.net',6),(266,'2017-10-04 20:55:34',0,'Sanni and Lipok','lipoksanni@gmail.com','','','BEGIN:VCARD\r\nVERSION:3.0\r\nFN:Sanni and Lipok\r\nEMAIL;TYPE=INTERNET;TYPE=OTHER:lipoksanni@gmail.com\r\nEND:VCARD',' sanni and lipok lipoksanni@gmail.com',6),(267,'2017-10-04 20:55:36',0,'Milka Business','milka.business@t-mobile.at','','','BEGIN:VCARD\r\nVERSION:3.0\r\nFN:Milka Business\r\nEMAIL;TYPE=INTERNET;TYPE=OTHER:milka.business@t-mobile.at\r\nEND:VCARD',' milka business milka.business@t mobile.at',92),(269,'2017-10-04 20:55:33',0,'Petra Harl | Harl Michael GmbH','buchhaltung@harlmichael.at','','','BEGIN:VCARD\r\nVERSION:3.0\r\nFN:Petra Harl | Harl Michael GmbH\r\nEMAIL;TYPE=INTERNET;TYPE=OTHER:buchhaltung@harlmichael.at\r\nEND:VCARD',' petra harl | michal gmbh buchhaltung@harlmichal.at',2),(270,'2017-10-04 20:55:33',0,'Elektro Schinwald','elektro-schinwald@gmx.at','','','BEGIN:VCARD\r\nVERSION:3.0\r\nFN:Elektro Schinwald\r\nEMAIL;TYPE=INTERNET;TYPE=OTHER:elektro-schinwald@gmx.at\r\nEND:VCARD',' elektro schinwald schinwald@gmx.at',4),(271,'2017-10-04 20:55:34',0,'Oliver Falkner','mail@seismo.tv','','','BEGIN:VCARD\r\nVERSION:3.0\r\nFN:Oliver Falkner\r\nEMAIL;TYPE=INTERNET;TYPE=OTHER:mail@seismo.tv\r\nEND:VCARD',' oliver falkner mail@seismo.tv',4),(272,'2017-10-04 20:55:36',0,'Office','office@tbsaria.at','','','BEGIN:VCARD\r\nVERSION:3.0\r\nFN:Office\r\nEMAIL;TYPE=INTERNET;TYPE=OTHER:office@tbsaria.at\r\nEND:VCARD',' office office@tbsaria.at',92),(273,'2017-10-04 20:55:36',0,'Auer','auer@hasenauer-anlagenbau.at','','','BEGIN:VCARD\r\nVERSION:3.0\r\nFN:Auer\r\nEMAIL;TYPE=INTERNET;TYPE=OTHER:auer@hasenauer-anlagenbau.at\r\nEND:VCARD',' aur aur@hasenaur anlagenbau.at',92),(274,'2017-10-04 20:55:36',0,'Office','office@elektro-sachs.at','','','BEGIN:VCARD\r\nVERSION:3.0\r\nFN:Office\r\nEMAIL;TYPE=INTERNET;TYPE=OTHER:office@elektro-sachs.at\r\nEND:VCARD',' office office@elektro sachs.at',92),(275,'2017-10-04 20:55:34',0,'Paul Stangl','paul.stangl@vitabau.at','','','BEGIN:VCARD\r\nVERSION:3.0\r\nFN:Paul Stangl\r\nEMAIL;TYPE=INTERNET;TYPE=OTHER:paul.stangl@vitabau.at\r\nEND:VCARD',' paul stangl paul.stangl@vitabau.at',4),(276,'2017-10-04 20:55:34',0,'Alexy Wiedring','2alexy@gmx.at','','','BEGIN:VCARD\r\nVERSION:3.0\r\nFN:Alexy Wiedring\r\nEMAIL;TYPE=INTERNET;TYPE=OTHER:2alexy@gmx.at\r\nEND:VCARD',' alexy wiedring 2alexy@gmx.at',6),(277,'2017-10-04 20:55:35',0,'Vincent R Nimbalker','vrnimbalker@gmail.com','','','BEGIN:VCARD\r\nVERSION:3.0\r\nFN:Vincent R Nimbalker\r\nEMAIL;TYPE=INTERNET;TYPE=OTHER:vrnimbalker@gmail.com\r\nEND:VCARD',' vincent nimbalker vrnimbalker@gmail.com',6),(278,'2017-10-04 20:55:36',0,'Ewald','ewald@mathe.co.at','','','BEGIN:VCARD\r\nVERSION:3.0\r\nFN:Ewald\r\nEMAIL;TYPE=INTERNET;TYPE=OTHER:ewald@mathe.co.at\r\nEND:VCARD',' ewald ewald@mathe.co.at',92),(279,'2017-10-04 20:55:36',0,'Markus Messner','markus.messner@brandschutz-golser.at','','','BEGIN:VCARD\r\nVERSION:3.0\r\nFN:Markus Messner\r\nEMAIL;TYPE=INTERNET;TYPE=OTHER:markus.messner@brandschutz-golser.at\r\nEND:VCARD',' markus messner markus.messner@brandschutz golser.at',92),(280,'2017-10-04 20:55:36',0,'Robert Platzer','robert.platzer@peneder.com','','','BEGIN:VCARD\r\nVERSION:3.0\r\nFN:Robert Platzer\r\nEMAIL;TYPE=INTERNET;TYPE=OTHER:robert.platzer@peneder.com\r\nEND:VCARD',' robert platzer robert.platzer@peneder.com',92),(281,'2017-10-04 20:55:36',0,'Nina Pamminger','Nina.Pamminger@sabag.at','','','BEGIN:VCARD\r\nVERSION:3.0\r\nFN:Nina Pamminger\r\nEMAIL;TYPE=INTERNET;TYPE=OTHER:Nina.Pamminger@sabag.at\r\nEND:VCARD',' nina pamminger nina.pamminger@sabag.at',92),(282,'2017-10-04 20:55:35',0,'biliana ristic','biliana.ristic@select-personal.com','','','BEGIN:VCARD\r\nVERSION:3.0\r\nFN:biliana ristic\r\nEMAIL;TYPE=INTERNET;TYPE=OTHER:biliana.ristic@select-personal.com\r\nEND:VCARD',' biliana ristic biliana.ristic@select personal.com',11),(283,'2017-10-04 20:55:33',0,'Filip Potocki I Arcadia','filip@thearcadiaagency.com','','','BEGIN:VCARD\r\nVERSION:3.0\r\nFN:Filip Potocki I Arcadia\r\nEMAIL;TYPE=INTERNET;TYPE=OTHER:filip@thearcadiaagency.com\r\nEND:VCARD',' filip potocki arcadia filip@thearcadiaagency.com',4),(284,'2017-10-04 20:55:33',0,'Guenther Fuerthauer','guenther.fuerthauer@autohaus.at','','','BEGIN:VCARD\r\nVERSION:3.0\r\nFN:Guenther Fuerthauer\r\nEMAIL;TYPE=INTERNET;TYPE=OTHER:guenther.fuerthauer@autohaus.at\r\nEND:VCARD',' gunther furthaur gunther.furthaur@autohaus.at',4),(285,'2017-10-04 20:55:34',0,'Martha Ehler','martha.ehler@gmx.at','','','BEGIN:VCARD\r\nVERSION:3.0\r\nFN:Martha Ehler\r\nEMAIL;TYPE=INTERNET;TYPE=OTHER:martha.ehler@gmx.at\r\nEND:VCARD',' martha ehler martha.ehler@gmx.at',6),(286,'2017-10-04 20:55:36',0,'Kreuzberger-Bau BM DI (FH) Michael Hauser','m.hauser@kreuzberger-bau.at','','','BEGIN:VCARD\r\nVERSION:3.0\r\nFN:Kreuzberger-Bau BM DI (FH) Michael Hauser\r\nEMAIL;TYPE=INTERNET;TYPE=OTHER:m.hauser@kreuzberger-bau.at\r\nEND:VCARD',' kreuzberger bau bm di (fh) michal hauser m.hauser@kreuzberger bau.at',92),(287,'2017-10-04 20:55:34',0,'E. Damkani','elisheva@trumpetofsalvation.org','','','BEGIN:VCARD\r\nVERSION:3.0\r\nFN:E. Damkani\r\nEMAIL;TYPE=INTERNET;TYPE=OTHER:elisheva@trumpetofsalvation.org\r\nEND:VCARD',' e. damkani elisheva@trumpetofsalvation.org',6),(288,'2017-10-04 20:55:33',0,'Mascha Auracher','mascha_auracher@hotmail.com','','','BEGIN:VCARD\r\nVERSION:3.0\r\nFN:Mascha Auracher\r\nEMAIL;TYPE=INTERNET;TYPE=OTHER:mascha_auracher@hotmail.com\r\nEND:VCARD',' mascha auracher mascha_auracher@hotmail.com',4),(289,'2017-10-04 20:55:34',0,'Thorsten Seif','thorsten@buback.de','','','BEGIN:VCARD\r\nVERSION:3.0\r\nFN:Thorsten Seif\r\nEMAIL;TYPE=INTERNET;TYPE=OTHER:thorsten@buback.de\r\nEND:VCARD',' thorsten seif thorsten@buback.de',4),(290,'2017-10-04 20:55:36',0,'Office','office@egger-zimmerei.at','','','BEGIN:VCARD\r\nVERSION:3.0\r\nFN:Office\r\nEMAIL;TYPE=INTERNET;TYPE=OTHER:office@egger-zimmerei.at\r\nEND:VCARD',' office office@egger zimmerei.at',92),(291,'2017-10-04 20:55:36',0,'J Enzinger','j.enzinger@bre.at','','','BEGIN:VCARD\r\nVERSION:3.0\r\nFN:J Enzinger\r\nEMAIL;TYPE=INTERNET;TYPE=OTHER:j.enzinger@bre.at\r\nEND:VCARD',' enzinger j.enzinger@bre.at',92),(292,'2017-10-04 20:55:36',0,'Hanspeter Schmalzl','hanspeter.schmalzl@regiofin.at','','','BEGIN:VCARD\r\nVERSION:3.0\r\nFN:Hanspeter Schmalzl\r\nEMAIL;TYPE=INTERNET;TYPE=OTHER:hanspeter.schmalzl@regiofin.at\r\nEND:VCARD',' hanspeter schmalzl hanspeter.schmalzl@regiofin.at',92),(293,'2017-10-04 20:55:36',0,'Hans Steurer','office@instaplan.at','','','BEGIN:VCARD\r\nVERSION:3.0\r\nFN:Hans Steurer\r\nEMAIL;TYPE=INTERNET;TYPE=OTHER:office@instaplan.at\r\nEND:VCARD',' hans steurer office@instaplan.at',92),(294,'2017-10-04 20:55:36',0,'Ing. Josef Tatzl','josef.tatzl@aon.at','','','BEGIN:VCARD\r\nVERSION:3.0\r\nFN:Ing. Josef Tatzl\r\nEMAIL;TYPE=INTERNET;TYPE=OTHER:josef.tatzl@aon.at\r\nEND:VCARD',' ing. josef tatzl josef.tatzl@aon.at',92),(295,'2017-10-04 20:55:36',0,'Alexander Rohreck','alexander.rohrweck@kone.com','','','BEGIN:VCARD\r\nVERSION:3.0\r\nFN:Alexander Rohreck\r\nEMAIL;TYPE=INTERNET;TYPE=OTHER:alexander.rohrweck@kone.com\r\nEND:VCARD',' alexander rohreck alexander.rohrweck@kone.com',92),(296,'2017-10-04 20:55:37',0,'Ursula Schmalzl','ursula.schmalzl@regiofin.at','','','BEGIN:VCARD\r\nVERSION:3.0\r\nFN:Ursula Schmalzl\r\nEMAIL;TYPE=INTERNET;TYPE=OTHER:ursula.schmalzl@regiofin.at\r\nEND:VCARD',' ursula schmalzl ursula.schmalzl@regiofin.at',92),(297,'2017-10-04 20:55:36',0,'Robert Graf','robert.graf@elektro-markl.at','','','BEGIN:VCARD\r\nVERSION:3.0\r\nFN:Robert Graf\r\nEMAIL;TYPE=INTERNET;TYPE=OTHER:robert.graf@elektro-markl.at\r\nEND:VCARD',' robert graf robert.graf@elektro markl.at',92),(298,'2017-10-04 20:55:36',0,'Michael Heitzinger','mh@dickharner.at','','','BEGIN:VCARD\r\nVERSION:3.0\r\nFN:Michael Heitzinger\r\nEMAIL;TYPE=INTERNET;TYPE=OTHER:mh@dickharner.at\r\nEND:VCARD',' michal heitzinger mh@dickharner.at',92),(299,'2017-10-04 20:55:36',0,'Michael Ebner','michael.ebner@fensterinfo.at','','','BEGIN:VCARD\r\nVERSION:3.0\r\nFN:Michael Ebner\r\nEMAIL;TYPE=INTERNET;TYPE=OTHER:michael.ebner@fensterinfo.at\r\nEND:VCARD',' michal ebner michal.ebner@fensterinfo.at',92),(300,'2017-10-04 20:55:37',0,'Muellner','muellner@bmo.co.at','','','BEGIN:VCARD\r\nVERSION:3.0\r\nFN:Muellner\r\nEMAIL;TYPE=INTERNET;TYPE=OTHER:muellner@bmo.co.at\r\nEND:VCARD',' mullner mullner@bmo.co.at',98),(301,'2017-10-04 20:55:35',0,'Elke Cezawa','elke.cezawa@at.zurich.com','','','BEGIN:VCARD\r\nVERSION:3.0\r\nFN:Elke Cezawa\r\nEMAIL;TYPE=INTERNET;TYPE=OTHER:elke.cezawa@at.zurich.com\r\nEND:VCARD',' elke cezawa elke.cezawa@at.zurich.com',11),(302,'2017-10-04 20:55:34',0,'Brigitte Aigner','ba@ba-immobilien.com','','','BEGIN:VCARD\r\nVERSION:3.0\r\nFN:Brigitte Aigner\r\nEMAIL;TYPE=INTERNET;TYPE=OTHER:ba@ba-immobilien.com\r\nEND:VCARD',' brigitte aigner ba@ba immobilien.com',6),(307,'2017-10-04 20:55:37',0,'Eva Wallmann','e.wallmann@kreuzberger-bau.at','','','BEGIN:VCARD\r\nVERSION:3.0\r\nFN:Eva Wallmann\r\nEMAIL;TYPE=INTERNET;TYPE=OTHER:e.wallmann@kreuzberger-bau.at\r\nEND:VCARD',' eva wallmann e.wallmann@kreuzberger bau.at',98),(308,'2017-10-04 20:55:37',0,'Choswald','choswald@bmo.co.at','','','BEGIN:VCARD\r\nVERSION:3.0\r\nFN:Choswald\r\nEMAIL;TYPE=INTERNET;TYPE=OTHER:choswald@bmo.co.at\r\nEND:VCARD',' choswald choswald@bmo.co.at',98),(311,'2017-10-04 20:55:33',0,'Martin Altmann','martin@amok-promotion.de','','','BEGIN:VCARD\r\nVERSION:3.0\r\nFN:Martin Altmann\r\nEMAIL;TYPE=INTERNET;TYPE=OTHER:martin@amok-promotion.de\r\nEND:VCARD',' martin altmann martin@amok promotion.de',4),(312,'2017-10-04 20:55:34',0,'Fritz Seewald','FSeewald@gmx.at','','','BEGIN:VCARD\r\nVERSION:3.0\r\nFN:Fritz Seewald\r\nEMAIL;TYPE=INTERNET;TYPE=OTHER:FSeewald@gmx.at\r\nEND:VCARD',' fritz seewald fseewald@gmx.at',6),(314,'2017-10-04 20:55:36',0,'Gottfried Golser','gottfried.golser@brandschutz-golser.at','','','BEGIN:VCARD\r\nVERSION:3.0\r\nFN:Gottfried Golser\r\nEMAIL;TYPE=INTERNET;TYPE=OTHER:gottfried.golser@brandschutz-golser.at\r\nEND:VCARD',' gottfried golser gottfried.golser@brandschutz golser.at',92),(315,'2017-10-04 20:55:36',0,'C Paradeiser','c.paradeiser@fischerparkett.com','','','BEGIN:VCARD\r\nVERSION:3.0\r\nFN:C Paradeiser\r\nEMAIL;TYPE=INTERNET;TYPE=OTHER:c.paradeiser@fischerparkett.com\r\nEND:VCARD',' paradeiser c.paradeiser@fischerparkett.com',92),(316,'2017-10-04 20:55:37',0,'Rudolf Scheicher','rudolf.scheicher@scheicherwand.com','','','BEGIN:VCARD\r\nVERSION:3.0\r\nFN:Rudolf Scheicher\r\nEMAIL;TYPE=INTERNET;TYPE=OTHER:rudolf.scheicher@scheicherwand.com\r\nEND:VCARD',' rudolf scheicher rudolf.scheicher@scheicherwand.com',92),(317,'2017-10-04 20:55:36',0,'Andreas Derndorfer','andreas.derndorfer@rvs.at','','','BEGIN:VCARD\r\nVERSION:3.0\r\nFN:Andreas Derndorfer\r\nEMAIL;TYPE=INTERNET;TYPE=OTHER:andreas.derndorfer@rvs.at\r\nEND:VCARD',' andreas derndorfer andreas.derndorfer@rvs.at',92),(318,'2017-10-04 20:55:34',0,'Josef Huber','josef_huber@aon.at','','','BEGIN:VCARD\r\nVERSION:3.0\r\nFN:Josef Huber\r\nEMAIL;TYPE=INTERNET;TYPE=OTHER:josef_huber@aon.at\r\nEND:VCARD',' josef huber josef_huber@aon.at',6),(319,'2017-10-04 20:55:36',0,'edith Schöner','edith.schoener@speed.at','','','BEGIN:VCARD\r\nVERSION:3.0\r\nFN:edith Schöner\r\nEMAIL;TYPE=INTERNET;TYPE=OTHER:edith.schoener@speed.at\r\nEND:VCARD',' edith schoner edith.schoner@speed.at',92),(321,'2017-10-04 20:55:36',0,'G Ruehrl','g.ruehrl@kreuzberger-bau.at','','','BEGIN:VCARD\r\nVERSION:3.0\r\nFN:G Ruehrl\r\nEMAIL;TYPE=INTERNET;TYPE=OTHER:g.ruehrl@kreuzberger-bau.at\r\nEND:VCARD',' ruhrl g.ruhrl@kreuzberger bau.at',92),(322,'2017-10-04 20:55:36',0,'L Gschaider','l.gschaider@kreuzberger-bau.at','','','BEGIN:VCARD\r\nVERSION:3.0\r\nFN:L Gschaider\r\nEMAIL;TYPE=INTERNET;TYPE=OTHER:l.gschaider@kreuzberger-bau.at\r\nEND:VCARD',' gschaider l.gschaider@kreuzberger bau.at',92),(323,'2017-10-04 20:55:36',0,'R Gschwendtner','r.gschwendtner@kreuzberger-bau.at','','','BEGIN:VCARD\r\nVERSION:3.0\r\nFN:R Gschwendtner\r\nEMAIL;TYPE=INTERNET;TYPE=OTHER:r.gschwendtner@kreuzberger-bau.at\r\nEND:VCARD',' gschwendtner r.gschwendtner@kreuzberger bau.at',92),(324,'2017-10-04 20:55:36',0,'Ladner08','Ladner08@gmx.at','','','BEGIN:VCARD\r\nVERSION:3.0\r\nFN:Ladner08\r\nEMAIL;TYPE=INTERNET;TYPE=OTHER:Ladner08@gmx.at\r\nEND:VCARD',' ladner08 ladner08@gmx.at',92),(325,'2017-10-04 20:55:37',0,'Tom','tom@pansound.at','','','BEGIN:VCARD\r\nVERSION:3.0\r\nFN:Tom\r\nEMAIL;TYPE=INTERNET;TYPE=OTHER:tom@pansound.at\r\nEND:VCARD',' tom tom@pansound.at',92),(326,'2017-10-04 20:55:37',0,'Stefan Andreutz','Stefan.andreutz@gmail.com','','','BEGIN:VCARD\r\nVERSION:3.0\r\nFN:Stefan Andreutz\r\nEMAIL;TYPE=INTERNET;TYPE=OTHER:Stefan.andreutz@gmail.com\r\nEND:VCARD',' stefan andreutz stefan.andreutz@gmail.com',92),(327,'2017-10-04 20:55:36',0,'Asilly4','Asilly4@gmail.com','','','BEGIN:VCARD\r\nVERSION:3.0\r\nFN:Asilly4\r\nEMAIL;TYPE=INTERNET;TYPE=OTHER:Asilly4@gmail.com\r\nEND:VCARD',' asilly4 asilly4@gmail.com',92),(328,'2017-10-04 20:55:36',0,'Carolin Waehner','carolin.waehner@gmx.at','','','BEGIN:VCARD\r\nVERSION:3.0\r\nFN:Carolin Waehner\r\nEMAIL;TYPE=INTERNET;TYPE=OTHER:carolin.waehner@gmx.at\r\nEND:VCARD',' carolin wahner carolin.wahner@gmx.at',92),(329,'2017-10-04 20:55:36',0,'Eduard Naglseder','edi1954@gmx.at','','','BEGIN:VCARD\r\nVERSION:3.0\r\nFN:Eduard Naglseder\r\nEMAIL;TYPE=INTERNET;TYPE=OTHER:edi1954@gmx.at\r\nEND:VCARD',' eduard naglseder edi1954@gmx.at',92),(330,'2022-07-25 13:13:02',1,'Ursula Stempfel','stempfel@stempfel-bern.ch','','','BEGIN:VCARD\r\nVERSION:3.0\r\nFN:Ursula Stempfel\r\nEMAIL;TYPE=INTERNET;TYPE=OTHER:stempfel@stempfel-bern.ch\r\nEND:VCARD',' ursula stempfel stempfel@stempfel bern.ch',34),(331,'2022-07-25 13:12:58',1,'Maelle  Perez','maelle.perez@frauenzentralebern.ch','Maelle','Perez','BEGIN:VCARD\r\nVERSION:3.0\r\nN:Perez;Maelle;;;\r\nFN:Maelle  Perez\r\nEMAIL;TYPE=INTERNET;TYPE=WORK:maelle.perez@frauenzentralebern.ch\r\nEND:VCARD',' malle perez malle.perez@fraunzentralebern.ch',34),(332,'2017-10-04 20:55:36',0,'Bergen Carmen','c.bergen@salk.at','','','BEGIN:VCARD\r\nVERSION:3.0\r\nFN:Bergen Carmen\r\nEMAIL;TYPE=INTERNET;TYPE=OTHER:c.bergen@salk.at\r\nEND:VCARD',' bergen carmen c.bergen@salk.at',34),(333,'2017-10-04 20:55:37',0,'S Rainer','s.rainer@htb-bau.at','','','BEGIN:VCARD\r\nVERSION:3.0\r\nFN:S Rainer\r\nEMAIL;TYPE=INTERNET;TYPE=OTHER:s.rainer@htb-bau.at\r\nEND:VCARD',' rainer s.rainer@htb bau.at',92),(334,'2017-10-04 20:55:36',0,'Office','office@ibbzt.at','','','BEGIN:VCARD\r\nVERSION:3.0\r\nFN:Office\r\nEMAIL;TYPE=INTERNET;TYPE=OTHER:office@ibbzt.at\r\nEND:VCARD',' office office@ibbzt.at',92),(335,'2017-10-04 20:55:36',0,'M Goster','m.goster@kreuzberger-bau.at','','','BEGIN:VCARD\r\nVERSION:3.0\r\nFN:M Goster\r\nEMAIL;TYPE=INTERNET;TYPE=OTHER:m.goster@kreuzberger-bau.at\r\nEND:VCARD',' goster m.goster@kreuzberger bau.at',92),(336,'2017-10-04 20:55:36',0,'Koller Ludwig','koller.ludwig@googlemail.com','','','BEGIN:VCARD\r\nVERSION:3.0\r\nFN:Koller Ludwig\r\nEMAIL;TYPE=INTERNET;TYPE=OTHER:koller.ludwig@googlemail.com\r\nEND:VCARD',' koller ludwig koller.ludwig@googlemail.com',54),(337,'2017-10-04 20:55:36',0,'Anto Barisic','anto.barisic@lgh.rvs.at','','','BEGIN:VCARD\r\nVERSION:3.0\r\nFN:Anto Barisic\r\nEMAIL;TYPE=INTERNET;TYPE=OTHER:anto.barisic@lgh.rvs.at\r\nEND:VCARD',' anto barisic anto.barisic@lgh.rvs.at',92),(338,'2017-10-04 20:55:36',0,'Adnan Durakovic','adnan.durakovic@lgh.rvs.at','','','BEGIN:VCARD\r\nVERSION:3.0\r\nFN:Adnan Durakovic\r\nEMAIL;TYPE=INTERNET;TYPE=OTHER:adnan.durakovic@lgh.rvs.at\r\nEND:VCARD',' adnan durakovic adnan.durakovic@lgh.rvs.at',92),(339,'2017-10-04 20:55:37',0,'Wolfgang Farkas','wolfgang.farkas@lgh.rvs.at','','','BEGIN:VCARD\r\nVERSION:3.0\r\nFN:Wolfgang Farkas\r\nEMAIL;TYPE=INTERNET;TYPE=OTHER:wolfgang.farkas@lgh.rvs.at\r\nEND:VCARD',' wolfgang farkas wolfgang.farkas@lgh.rvs.at',92),(340,'2017-10-04 20:55:36',0,'Office','office@landrichtinger.at','','','BEGIN:VCARD\r\nVERSION:3.0\r\nFN:Office\r\nEMAIL;TYPE=INTERNET;TYPE=OTHER:office@landrichtinger.at\r\nEND:VCARD',' office office@landrichtinger.at',92),(341,'2017-10-04 20:55:36',0,'Dachdeckerei Berger','info@berger-dach.at','','','BEGIN:VCARD\r\nVERSION:3.0\r\nFN:Dachdeckerei Berger\r\nEMAIL;TYPE=INTERNET;TYPE=OTHER:info@berger-dach.at\r\nEND:VCARD',' dachdeckerei berger info@berger dach.at',92),(342,'2017-10-04 20:55:37',0,'Ulfried Hirschboeck','u.hirschboeck@hirschboeck.at','','','BEGIN:VCARD\r\nVERSION:3.0\r\nFN:Ulfried Hirschboeck\r\nEMAIL;TYPE=INTERNET;TYPE=OTHER:u.hirschboeck@hirschboeck.at\r\nEND:VCARD',' ulfried hirschbock u.hirschbock@hirschbock.at',92),(343,'2017-10-04 20:55:36',0,'Michaela Hilliger | r&r Objekttischlerei GmbH','m.hilliger@rr-tueren.at','','','BEGIN:VCARD\r\nVERSION:3.0\r\nFN:Michaela Hilliger | r&r Objekttischlerei GmbH\r\nEMAIL;TYPE=INTERNET;TYPE=OTHER:m.hilliger@rr-tueren.at\r\nEND:VCARD',' michala hilliger | r&r objekttischlerei gmbh m.hilliger@rr turen.at',92),(344,'2017-10-04 20:55:36',0,'Kaltner Fliesen Salzburg','meister@kaltner-fliesen.at','','','BEGIN:VCARD\r\nVERSION:3.0\r\nFN:Kaltner Fliesen Salzburg\r\nEMAIL;TYPE=INTERNET;TYPE=OTHER:meister@kaltner-fliesen.at\r\nEND:VCARD',' kaltner fliesen salzburg meister@kaltner fliesen.at',92),(345,'2017-10-04 20:55:36',0,'M Ruf','m.ruf@hartlbau.com','','','BEGIN:VCARD\r\nVERSION:3.0\r\nFN:M Ruf\r\nEMAIL;TYPE=INTERNET;TYPE=OTHER:m.ruf@hartlbau.com\r\nEND:VCARD',' ruf m.ruf@hartlbau.com',92),(346,'2017-10-04 20:55:37',0,'Schlosserei Grabner','schlosserei.grabner@utanet.at','','','BEGIN:VCARD\r\nVERSION:3.0\r\nFN:Schlosserei Grabner\r\nEMAIL;TYPE=INTERNET;TYPE=OTHER:schlosserei.grabner@utanet.at\r\nEND:VCARD',' schlosserei grabner schlosserei.grabner@utanet.at',92),(347,'2017-10-04 20:55:36',0,'Ferdinand Kolmer','kolmer@ibbzt.at','','','BEGIN:VCARD\r\nVERSION:3.0\r\nFN:Ferdinand Kolmer\r\nEMAIL;TYPE=INTERNET;TYPE=OTHER:kolmer@ibbzt.at\r\nEND:VCARD',' ferdinand kolmer kolmer@ibbzt.at',92),(348,'2017-10-04 20:55:36',0,'Anton Meisl','meisl@ibbzt.at','','','BEGIN:VCARD\r\nVERSION:3.0\r\nFN:Anton Meisl\r\nEMAIL;TYPE=INTERNET;TYPE=OTHER:meisl@ibbzt.at\r\nEND:VCARD',' anton meisl meisl@ibbzt.at',92),(349,'2017-10-04 20:55:36',0,'Florian Köß \"Architekturbüro Soyka','florian.koessler@arch-soyka.at','','','BEGIN:VCARD\r\nVERSION:3.0\r\nFN:Florian Köß \"Architekturbüro Soyka\r\nEMAIL;TYPE=INTERNET;TYPE=OTHER:florian.koessler@arch-soyka.at\r\nEND:VCARD',' florian koss \"architekturburo soyka florian.kossler@arch soyka.at',92),(350,'2017-10-04 20:55:36',0,'Malerei Weber GmbH','malereiweber@yahoo.de','','','BEGIN:VCARD\r\nVERSION:3.0\r\nFN:Malerei Weber GmbH\r\nEMAIL;TYPE=INTERNET;TYPE=OTHER:malereiweber@yahoo.de\r\nEND:VCARD',' malerei weber gmbh malereiweber@yahoo.de',92),(351,'2017-10-04 20:55:37',0,'Michaela Binder','mb@com-studio.at','','','BEGIN:VCARD\r\nVERSION:3.0\r\nFN:Michaela Binder\r\nEMAIL;TYPE=INTERNET;TYPE=OTHER:mb@com-studio.at\r\nEND:VCARD',' michala binder mb@com studio.at',118),(352,'2017-10-04 20:55:37',0,'Günther Marchner - ConSalis Entwicklungsberatung','guenther.marchner@consalis.at','','','BEGIN:VCARD\r\nVERSION:3.0\r\nFN:Günther Marchner - ConSalis Entwicklungsberatung\r\nEMAIL;TYPE=INTERNET;TYPE=OTHER:guenther.marchner@consalis.at\r\nEND:VCARD',' gunther marchner consalis entwicklungsberatung gunther.marchner@consalis.at',118),(355,'2017-10-04 20:55:37',0,'Fatima Almukhtar','fatima@refugeeswork.at','','','BEGIN:VCARD\r\nVERSION:3.0\r\nFN:Fatima Almukhtar\r\nEMAIL;TYPE=INTERNET;TYPE=OTHER:fatima@refugeeswork.at\r\nEND:VCARD',' fatima almukhtar fatima@refugeeswork.at',118),(357,'2017-10-04 20:55:37',0,'Christian Korn','christian.korn@gmx.de','','','BEGIN:VCARD\r\nVERSION:3.0\r\nFN:Christian Korn\r\nEMAIL;TYPE=INTERNET;TYPE=OTHER:christian.korn@gmx.de\r\nEND:VCARD',' christian korn christian.korn@gmx.de',118),(358,'2017-10-04 20:55:37',0,'Jürgen Kessler','jkessler2@googlemail.com','','','BEGIN:VCARD\r\nVERSION:3.0\r\nFN:Jürgen Kessler\r\nEMAIL;TYPE=INTERNET;TYPE=OTHER:jkessler2@googlemail.com\r\nEND:VCARD',' jurgen kessler jkessler2@googlemail.com',118),(360,'2017-10-04 20:55:36',0,'Office','office@zi-arge.at','','','BEGIN:VCARD\r\nVERSION:3.0\r\nFN:Office\r\nEMAIL;TYPE=INTERNET;TYPE=OTHER:office@zi-arge.at\r\nEND:VCARD',' office office@zi arge.at',92),(361,'2017-10-04 20:55:36',0,'Arch-Soyka Office','office@arch-soyka.at','','','BEGIN:VCARD\r\nVERSION:3.0\r\nFN:Arch-Soyka Office\r\nEMAIL;TYPE=INTERNET;TYPE=OTHER:office@arch-soyka.at\r\nEND:VCARD',' arch soyka office office@arch soyka.at',92),(362,'2017-10-04 20:55:37',0,'wolfgang tonninger','wolfgang.tonninger@almblitz.com','','','BEGIN:VCARD\r\nVERSION:3.0\r\nFN:wolfgang tonninger\r\nEMAIL;TYPE=INTERNET;TYPE=OTHER:wolfgang.tonninger@almblitz.com\r\nEND:VCARD',' wolfgang tonninger wolfgang.tonninger@almblitz.com',118),(363,'2017-10-04 20:55:37',0,'Ayham Sawas','sawasayham@gmail.com','','','BEGIN:VCARD\r\nVERSION:3.0\r\nFN:Ayham Sawas\r\nEMAIL;TYPE=INTERNET;TYPE=OTHER:sawasayham@gmail.com\r\nEND:VCARD',' ayham sawas sawasayham@gmail.com',118),(364,'2017-10-04 20:55:37',0,'Ahmed Alsoliman','alsuliman.ahm@gmail.com','','','BEGIN:VCARD\r\nVERSION:3.0\r\nFN:Ahmed Alsoliman\r\nEMAIL;TYPE=INTERNET;TYPE=OTHER:alsuliman.ahm@gmail.com\r\nEND:VCARD',' ahmed alsoliman alsuliman.ahm@gmail.com',118),(365,'2017-10-04 20:55:37',0,'Hussam Khantomani','hussamkhantomani@gmail.com','','','BEGIN:VCARD\r\nVERSION:3.0\r\nFN:Hussam Khantomani\r\nEMAIL;TYPE=INTERNET;TYPE=OTHER:hussamkhantomani@gmail.com\r\nEND:VCARD',' hussam khantomani hussamkhantomani@gmail.com',118),(366,'2017-10-04 20:55:37',0,'Mario Wagner','mario.wagner@gmx.net','','','BEGIN:VCARD\r\nVERSION:3.0\r\nFN:Mario Wagner\r\nEMAIL;TYPE=INTERNET;TYPE=OTHER:mario.wagner@gmx.net\r\nEND:VCARD',' mario wagner mario.wagner@gmx.net',118),(370,'2017-10-04 20:55:37',0,'Günter Kienesberger','kienesberger@jobaktuell.eu','','','BEGIN:VCARD\r\nVERSION:3.0\r\nFN:Günter Kienesberger\r\nEMAIL;TYPE=INTERNET;TYPE=OTHER:kienesberger@jobaktuell.eu\r\nEND:VCARD',' gunter kienesberger kienesberger@jobaktull.eu',118),(373,'2017-10-04 20:55:37',0,'Schueller Franz','franz.schueller@waagner-biro.com','','','BEGIN:VCARD\r\nVERSION:3.0\r\nFN:Schueller Franz\r\nEMAIL;TYPE=INTERNET;TYPE=OTHER:franz.schueller@waagner-biro.com\r\nEND:VCARD',' schuller franz franz.schuller@waagner biro.com',92),(374,'2017-10-04 20:55:37',0,'Louie allow','damlou@outlook.com','','','BEGIN:VCARD\r\nVERSION:3.0\r\nFN:Louie allow\r\nEMAIL;TYPE=INTERNET;TYPE=OTHER:damlou@outlook.com\r\nEND:VCARD',' louie allow damlou@outlook.com',118),(375,'2017-10-04 20:55:36',0,'Manuel Stary','m.stary@stary.at','','','BEGIN:VCARD\r\nVERSION:3.0\r\nFN:Manuel Stary\r\nEMAIL;TYPE=INTERNET;TYPE=OTHER:m.stary@stary.at\r\nEND:VCARD',' manul stary m.stary@stary.at',92),(378,'2017-10-04 20:55:37',0,'Ahmad Alzalan','ahmadalzalan@gmail.com','','','BEGIN:VCARD\r\nVERSION:3.0\r\nFN:Ahmad Alzalan\r\nEMAIL;TYPE=INTERNET;TYPE=OTHER:ahmadalzalan@gmail.com\r\nEND:VCARD',' ahmad alzalan ahmadalzalan@gmail.com',118),(379,'2017-10-04 20:55:37',0,'Aras Ah1111','aras-ah1111@hotmail.com','','','BEGIN:VCARD\r\nVERSION:3.0\r\nFN:Aras Ah1111\r\nEMAIL;TYPE=INTERNET;TYPE=OTHER:aras-ah1111@hotmail.com\r\nEND:VCARD',' aras ah1111 ah1111@hotmail.com',118),(380,'2017-10-04 20:55:37',0,'Roshanak Arazm','roshanak_arazm@yahoo.com','','','BEGIN:VCARD\r\nVERSION:3.0\r\nFN:Roshanak Arazm\r\nEMAIL;TYPE=INTERNET;TYPE=OTHER:roshanak_arazm@yahoo.com\r\nEND:VCARD',' roshanak arazm roshanak_arazm@yahoo.com',118),(381,'2017-10-04 20:55:37',0,'Julia Wintersteller','Julia.Wintersteller@lidl.at','','','BEGIN:VCARD\r\nVERSION:3.0\r\nFN:Julia Wintersteller\r\nEMAIL;TYPE=INTERNET;TYPE=OTHER:Julia.Wintersteller@lidl.at\r\nEND:VCARD',' julia wintersteller julia.wintersteller@lidl.at',118),(385,'2017-10-04 20:55:36',0,'Alexander Rohrweck','alexander.rohrweck@kone.at','','','BEGIN:VCARD\r\nVERSION:3.0\r\nFN:Alexander Rohrweck\r\nEMAIL;TYPE=INTERNET;TYPE=OTHER:alexander.rohrweck@kone.at\r\nEND:VCARD',' alexander rohrweck alexander.rohrweck@kone.at',92),(387,'2017-10-04 20:55:37',0,'Sandra Wähner','sandra.waehner@gmx.at','','','BEGIN:VCARD\r\nVERSION:3.0\r\nFN:Sandra Wähner\r\nEMAIL;TYPE=INTERNET;TYPE=OTHER:sandra.waehner@gmx.at\r\nEND:VCARD',' sandra wahner sandra.wahner@gmx.at',92),(388,'2017-10-04 20:55:37',0,'Corinna BUCHSTALLER','corinna.buchstaller@ikea.com','','','BEGIN:VCARD\r\nVERSION:3.0\r\nFN:Corinna BUCHSTALLER\r\nEMAIL;TYPE=INTERNET;TYPE=OTHER:corinna.buchstaller@ikea.com\r\nEND:VCARD',' corinna buchstaller corinna.buchstaller@ikea.com',118),(389,'2017-10-04 20:55:35',0,'Wolfgang Neckam','wolfgang.neckam@gmx.at','','','BEGIN:VCARD\r\nVERSION:3.0\r\nFN:Wolfgang Neckam\r\nEMAIL;TYPE=INTERNET;TYPE=OTHER:wolfgang.neckam@gmx.at\r\nEND:VCARD',' wolfgang neckam wolfgang.neckam@gmx.at',6),(390,'2017-10-04 20:55:36',0,'Haidinger Richard','R.Haidinger@ssk.cc','','','BEGIN:VCARD\r\nVERSION:3.0\r\nFN:Haidinger Richard\r\nEMAIL;TYPE=INTERNET;TYPE=OTHER:R.Haidinger@ssk.cc\r\nEND:VCARD',' haidinger richard r.haidinger@ssk.cc',92),(392,'2017-10-04 20:55:34',0,'Dr. Peter Starke','peter.starke@liwest.at','','','BEGIN:VCARD\r\nVERSION:3.0\r\nFN:Dr. Peter Starke\r\nEMAIL;TYPE=INTERNET;TYPE=OTHER:peter.starke@liwest.at\r\nEND:VCARD',' dr. peter starke peter.starke@liwest.at',6),(393,'2017-10-04 20:55:37',0,'Alexander Richter','richter@boulderbar-sbg.at','','','BEGIN:VCARD\r\nVERSION:3.0\r\nFN:Alexander Richter\r\nEMAIL;TYPE=INTERNET;TYPE=OTHER:richter@boulderbar-sbg.at\r\nEND:VCARD',' alexander richter richter@boulderbar sbg.at',118),(394,'2017-10-04 20:55:33',0,'Mathes Helga','h.mathes@achleitner-partner.at','','','BEGIN:VCARD\r\nVERSION:3.0\r\nFN:Mathes Helga\r\nEMAIL;TYPE=INTERNET;TYPE=OTHER:h.mathes@achleitner-partner.at\r\nEND:VCARD',' mathes helga h.mathes@achleitner partner.at',4),(395,'2017-10-04 20:55:34',0,'Erik Sommer','kontakt.ssmf@gmail.com','','','BEGIN:VCARD\r\nVERSION:3.0\r\nFN:Erik Sommer\r\nEMAIL;TYPE=INTERNET;TYPE=OTHER:kontakt.ssmf@gmail.com\r\nEND:VCARD',' erik sommer kontakt.ssmf@gmail.com',6),(396,'2017-10-04 20:55:35',0,'Peter','office@pstuetz.com','','','BEGIN:VCARD\r\nVERSION:3.0\r\nFN:Peter\r\nEMAIL;TYPE=INTERNET;TYPE=OTHER:office@pstuetz.com\r\nEND:VCARD',' peter office@pstutz.com',14),(397,'2017-10-04 20:55:37',0,'J Vrece','j.vrece@kreuzberger-bau.at','','','BEGIN:VCARD\r\nVERSION:3.0\r\nFN:J Vrece\r\nEMAIL;TYPE=INTERNET;TYPE=OTHER:j.vrece@kreuzberger-bau.at\r\nEND:VCARD',' vrece j.vrece@kreuzberger bau.at',98),(398,'2017-10-04 20:55:37',0,'\'Oliver Kolbitsch\'','kolbitsch@bmo.co.at','','','BEGIN:VCARD\r\nVERSION:3.0\r\nFN:\'Oliver Kolbitsch\'\r\nEMAIL;TYPE=INTERNET;TYPE=OTHER:kolbitsch@bmo.co.at\r\nEND:VCARD',' \'oliver kolbitsch\' kolbitsch@bmo.co.at',98),(399,'2017-10-04 20:55:37',0,'Michael Berger','Michael.Berger@frey.at','','','BEGIN:VCARD\r\nVERSION:3.0\r\nFN:Michael Berger\r\nEMAIL;TYPE=INTERNET;TYPE=OTHER:Michael.Berger@frey.at\r\nEND:VCARD',' michal berger michal.berger@frey.at',98),(400,'2017-10-04 20:55:37',0,'Th Stumvoll','th.stumvoll@kreuzberger-bau.at','','','BEGIN:VCARD\r\nVERSION:3.0\r\nFN:Th Stumvoll\r\nEMAIL;TYPE=INTERNET;TYPE=OTHER:th.stumvoll@kreuzberger-bau.at\r\nEND:VCARD',' th stumvoll th.stumvoll@kreuzberger bau.at',98),(401,'2017-10-04 20:55:37',0,'Ehab Hy','ehabhawari89@gmail.com','','','BEGIN:VCARD\r\nVERSION:3.0\r\nFN:Ehab Hy\r\nEMAIL;TYPE=INTERNET;TYPE=OTHER:ehabhawari89@gmail.com\r\nEND:VCARD',' ehab hy ehabhawari89@gmail.com',118),(402,'2017-10-04 20:55:36',0,'Rössle Brigitte','Brigitte.Roessle@tui.at','','','BEGIN:VCARD\r\nVERSION:3.0\r\nFN:Rössle Brigitte\r\nEMAIL;TYPE=INTERNET;TYPE=OTHER:Brigitte.Roessle@tui.at\r\nEND:VCARD',' rossle brigitte brigitte.rossle@tui.at',92),(403,'2017-10-04 20:55:37',0,'karim zaier','kreemworld@hotmail.com','','','BEGIN:VCARD\r\nVERSION:3.0\r\nFN:karim zaier\r\nEMAIL;TYPE=INTERNET;TYPE=OTHER:kreemworld@hotmail.com\r\nEND:VCARD',' karim zaier kreemworld@hotmail.com',118),(404,'2017-10-04 20:55:36',0,'Ira-Astrid Bergen','bergen@ira-astrid.com','','','BEGIN:VCARD\r\nVERSION:3.0\r\nFN:Ira-Astrid Bergen\r\nEMAIL;TYPE=INTERNET;TYPE=OTHER:bergen@ira-astrid.com\r\nEND:VCARD',' ira astrid bergen bergen@ira astrid.com',34),(405,'2017-10-04 20:55:37',0,'HALWA Marcel','mhalwa@EUROFUNK.COM','','','BEGIN:VCARD\r\nVERSION:3.0\r\nFN:HALWA Marcel\r\nEMAIL;TYPE=INTERNET;TYPE=OTHER:mhalwa@EUROFUNK.COM\r\nEND:VCARD',' halwa marcel mhalwa@eurofunk.com',118),(406,'2017-10-04 20:55:37',0,'Ciger Anter','ciger377@gmail.com','','','BEGIN:VCARD\r\nVERSION:3.0\r\nFN:Ciger Anter\r\nEMAIL;TYPE=INTERNET;TYPE=OTHER:ciger377@gmail.com\r\nEND:VCARD',' ciger anter ciger377@gmail.com',118),(407,'2017-10-04 20:55:37',0,'Mark Ottoson','m.ottoson@abek.at','','','BEGIN:VCARD\r\nVERSION:3.0\r\nFN:Mark Ottoson\r\nEMAIL;TYPE=INTERNET;TYPE=OTHER:m.ottoson@abek.at\r\nEND:VCARD',' mark ottoson m.ottoson@abek.at',98),(408,'2017-10-04 20:55:37',0,'Dispo','dispo@abek.at','','','BEGIN:VCARD\r\nVERSION:3.0\r\nFN:Dispo\r\nEMAIL;TYPE=INTERNET;TYPE=OTHER:dispo@abek.at\r\nEND:VCARD',' dispo dispo@abek.at',98),(409,'2017-10-04 20:55:34',0,'Aon 964560298','aon.964560298@aon.at','','','BEGIN:VCARD\r\nVERSION:3.0\r\nFN:Aon 964560298\r\nEMAIL;TYPE=INTERNET;TYPE=OTHER:aon.964560298@aon.at\r\nEND:VCARD',' aon 964560298 aon.964560298@aon.at',6),(410,'2017-10-04 20:55:37',0,'Julia Stoxreiter','Julia.Stoxreiter@lidl.at','','','BEGIN:VCARD\r\nVERSION:3.0\r\nFN:Julia Stoxreiter\r\nEMAIL;TYPE=INTERNET;TYPE=OTHER:Julia.Stoxreiter@lidl.at\r\nEND:VCARD',' julia stoxreiter julia.stoxreiter@lidl.at',118),(411,'2017-10-04 20:55:37',0,'Ahmad eid','ahmadeid316@gmail.com','','','BEGIN:VCARD\r\nVERSION:3.0\r\nFN:Ahmad eid\r\nEMAIL;TYPE=INTERNET;TYPE=OTHER:ahmadeid316@gmail.com\r\nEND:VCARD',' ahmad eid ahmadeid316@gmail.com',118),(412,'2017-10-04 20:55:36',0,'Kreuz Max','kreuz.max@gmx.at','','','BEGIN:VCARD\r\nVERSION:3.0\r\nFN:Kreuz Max\r\nEMAIL;TYPE=INTERNET;TYPE=OTHER:kreuz.max@gmx.at\r\nEND:VCARD',' kreuz max kreuz.max@gmx.at',92),(413,'2017-10-04 20:55:37',0,'Cns Guener','cns.guener@hotmail.com','','','BEGIN:VCARD\r\nVERSION:3.0\r\nFN:Cns Guener\r\nEMAIL;TYPE=INTERNET;TYPE=OTHER:cns.guener@hotmail.com\r\nEND:VCARD',' cns guner cns.guner@hotmail.com',118),(414,'2017-10-04 20:55:37',0,'Kreuzberger Bau','office@kreuzberger-bau.at','','','BEGIN:VCARD\r\nVERSION:3.0\r\nFN:Kreuzberger Bau\r\nEMAIL;TYPE=INTERNET;TYPE=OTHER:office@kreuzberger-bau.at\r\nEND:VCARD',' kreuzberger bau office@kreuzberger bau.at',98),(416,'2017-10-04 20:55:36',0,'Immanuel Hötzel | r&r Objekttischlerei GmbH','i.hoetzel@rr-tueren.at','','','BEGIN:VCARD\r\nVERSION:3.0\r\nFN:Immanuel Hötzel | r&r Objekttischlerei GmbH\r\nEMAIL;TYPE=INTERNET;TYPE=OTHER:i.hoetzel@rr-tueren.at\r\nEND:VCARD',' immanul hotzel | r&r objekttischlerei gmbh i.hotzel@rr turen.at',92),(417,'2017-10-04 20:55:37',0,'Matthias KAINZNER','m.kainzner@bauzeitplan.at','','','BEGIN:VCARD\r\nVERSION:3.0\r\nFN:Matthias KAINZNER\r\nEMAIL;TYPE=INTERNET;TYPE=OTHER:m.kainzner@bauzeitplan.at\r\nEND:VCARD',' matthias kainzner m.kainzner@bauzeitplan.at',98),(418,'2017-10-04 20:55:37',0,'Andreas WINKLER','a.winkler@bauzeitplan.at','','','BEGIN:VCARD\r\nVERSION:3.0\r\nFN:Andreas WINKLER\r\nEMAIL;TYPE=INTERNET;TYPE=OTHER:a.winkler@bauzeitplan.at\r\nEND:VCARD',' andreas winkler a.winkler@bauzeitplan.at',98),(419,'2017-10-04 20:55:37',0,'Monika Sturmer','monika.sturmer@techno-z.at','','','BEGIN:VCARD\r\nVERSION:3.0\r\nFN:Monika Sturmer\r\nEMAIL;TYPE=INTERNET;TYPE=OTHER:monika.sturmer@techno-z.at\r\nEND:VCARD',' monika sturmer monika.sturmer@techno z.at',118),(420,'2017-10-04 20:55:36',0,'Baueregger','baueregger@ibbzt.at','','','BEGIN:VCARD\r\nVERSION:3.0\r\nFN:Baueregger\r\nEMAIL;TYPE=INTERNET;TYPE=OTHER:baueregger@ibbzt.at\r\nEND:VCARD',' bauregger bauregger@ibbzt.at',92),(421,'2017-10-04 20:55:36',0,'M Kreuzberger','m.kreuzberger@kreuzberger-bau.at','','','BEGIN:VCARD\r\nVERSION:3.0\r\nFN:M Kreuzberger\r\nEMAIL;TYPE=INTERNET;TYPE=OTHER:m.kreuzberger@kreuzberger-bau.at\r\nEND:VCARD',' kreuzberger m.kreuzberger@kreuzberger bau.at',92),(422,'2017-10-04 20:55:37',0,'Walter Weitgasser','walter.weitgasser@elektro-markl.at','','','BEGIN:VCARD\r\nVERSION:3.0\r\nFN:Walter Weitgasser\r\nEMAIL;TYPE=INTERNET;TYPE=OTHER:walter.weitgasser@elektro-markl.at\r\nEND:VCARD',' walter weitgasser walter.weitgasser@elektro markl.at',92),(423,'2017-10-04 20:55:37',0,'Pürgy Ursula, Mag.a','Ursula.Puergy@fab.at','','','BEGIN:VCARD\r\nVERSION:3.0\r\nFN:Pürgy Ursula, Mag.a\r\nEMAIL;TYPE=INTERNET;TYPE=OTHER:Ursula.Puergy@fab.at\r\nEND:VCARD',' purgy ursula, mag.a ursula.purgy@fab.at',118),(424,'2017-10-04 20:55:37',0,'Kienesberger','kienesberger.office@sbg.at','','','BEGIN:VCARD\r\nVERSION:3.0\r\nFN:Kienesberger\r\nEMAIL;TYPE=INTERNET;TYPE=OTHER:kienesberger.office@sbg.at\r\nEND:VCARD',' kienesberger kienesberger.office@sbg.at',118),(425,'2017-10-04 20:55:36',0,'Krallinger Krallinger','b.krallinger@schwaighofer-angerer.at','','','BEGIN:VCARD\r\nVERSION:3.0\r\nFN:Krallinger Krallinger\r\nEMAIL;TYPE=INTERNET;TYPE=OTHER:b.krallinger@schwaighofer-angerer.at\r\nEND:VCARD',' krallinger b.krallinger@schwaighofer angerer.at',92),(426,'2017-10-04 20:55:37',0,'Kreuzberger-Bau - Andrea Laimer','a.laimer@kreuzberger-bau.at','','','BEGIN:VCARD\r\nVERSION:3.0\r\nFN:Kreuzberger-Bau - Andrea Laimer\r\nEMAIL;TYPE=INTERNET;TYPE=OTHER:a.laimer@kreuzberger-bau.at\r\nEND:VCARD',' kreuzberger bau andrea laimer a.laimer@kreuzberger bau.at',98),(427,'2017-10-04 20:55:35',0,'Aiko Lamprecht','aiko_lamprecht@hotmail.com','','','BEGIN:VCARD\r\nVERSION:3.0\r\nFN:Aiko Lamprecht\r\nEMAIL;TYPE=INTERNET;TYPE=OTHER:aiko_lamprecht@hotmail.com\r\nEND:VCARD',' aiko lamprecht aiko_lamprecht@hotmail.com',11),(428,'2017-10-04 20:55:36',0,'Mitter Roman','R.Mitter@ischl.baumit.com','','','BEGIN:VCARD\r\nVERSION:3.0\r\nFN:Mitter Roman\r\nEMAIL;TYPE=INTERNET;TYPE=OTHER:R.Mitter@ischl.baumit.com\r\nEND:VCARD',' mitter roman r.mitter@ischl.baumit.com',92),(429,'2017-10-04 20:55:35',0,'Gerhard Ranz','gerhard.ranz@wuestenrot.at','','','BEGIN:VCARD\r\nVERSION:3.0\r\nFN:Gerhard Ranz\r\nEMAIL;TYPE=INTERNET;TYPE=OTHER:gerhard.ranz@wuestenrot.at\r\nEND:VCARD',' gerhard ranz gerhard.ranz@wustenrot.at',11),(430,'2017-10-04 20:55:35',0,'Trucker Church','info@trucker-church.org','','','BEGIN:VCARD\r\nVERSION:3.0\r\nFN:Trucker Church\r\nEMAIL;TYPE=INTERNET;TYPE=OTHER:info@trucker-church.org\r\nEND:VCARD',' trucker church info@trucker church.org',6),(431,'2017-10-04 20:55:34',0,'Hanneloreledl','hanneloreledl@gmx.net','','','BEGIN:VCARD\r\nVERSION:3.0\r\nFN:Hanneloreledl\r\nEMAIL;TYPE=INTERNET;TYPE=OTHER:hanneloreledl@gmx.net\r\nEND:VCARD',' hanneloreledl hanneloreledl@gmx.net',6),(432,'2017-10-04 20:55:35',0,'Susan Haas','haas.susan@ph-haas.com','','','BEGIN:VCARD\r\nVERSION:3.0\r\nFN:Susan Haas\r\nEMAIL;TYPE=INTERNET;TYPE=OTHER:haas.susan@ph-haas.com\r\nEND:VCARD',' susan haas haas.susan@ph haas.com',6),(433,'2017-10-04 20:55:35',0,'Viola Nehring','viola.n.777@gmx.de','','','BEGIN:VCARD\r\nVERSION:3.0\r\nFN:Viola Nehring\r\nEMAIL;TYPE=INTERNET;TYPE=OTHER:viola.n.777@gmx.de\r\nEND:VCARD',' viola nehring viola.n.777@gmx.de',6),(434,'2017-10-04 20:55:38',0,'Moaitzetmueller244','moaitzetmueller244@gmail.com','','','BEGIN:VCARD\r\nVERSION:3.0\r\nFN:Moaitzetmueller244\r\nEMAIL;TYPE=INTERNET;TYPE=OTHER:moaitzetmueller244@gmail.com\r\nEND:VCARD',' moaitzetmuller244 moaitzetmuller244@gmail.com',133),(435,'2017-10-04 20:55:38',0,'Fuchslisa','fuchslisa@hotmail.com','','','BEGIN:VCARD\r\nVERSION:3.0\r\nFN:Fuchslisa\r\nEMAIL;TYPE=INTERNET;TYPE=OTHER:fuchslisa@hotmail.com\r\nEND:VCARD',' fuchslisa fuchslisa@hotmail.com',133),(436,'2017-10-04 20:55:38',0,'Tiba Huetter','tiba.huetter@gmx.at','','','BEGIN:VCARD\r\nVERSION:3.0\r\nFN:Tiba Huetter\r\nEMAIL;TYPE=INTERNET;TYPE=OTHER:tiba.huetter@gmx.at\r\nEND:VCARD',' tiba hutter tiba.hutter@gmx.at',133),(437,'2017-10-04 20:55:38',0,'Vanlac','vanlac@online.de','','','BEGIN:VCARD\r\nVERSION:3.0\r\nFN:Vanlac\r\nEMAIL;TYPE=INTERNET;TYPE=OTHER:vanlac@online.de\r\nEND:VCARD',' vanlac vanlac@online.de',133),(438,'2017-10-04 20:55:38',0,'Tolgadeni215','tolgadeni215@gmail.com','','','BEGIN:VCARD\r\nVERSION:3.0\r\nFN:Tolgadeni215\r\nEMAIL;TYPE=INTERNET;TYPE=OTHER:tolgadeni215@gmail.com\r\nEND:VCARD',' tolgadeni215 tolgadeni215@gmail.com',133),(439,'2017-10-04 20:55:38',0,'David Dzever','david.dzever@hotmail.com','','','BEGIN:VCARD\r\nVERSION:3.0\r\nFN:David Dzever\r\nEMAIL;TYPE=INTERNET;TYPE=OTHER:david.dzever@hotmail.com\r\nEND:VCARD',' david dzever david.dzever@hotmail.com',133),(440,'2017-10-04 20:55:38',0,'Burghausen','burghausen@rfo.de','','','BEGIN:VCARD\r\nVERSION:3.0\r\nFN:Burghausen\r\nEMAIL;TYPE=INTERNET;TYPE=OTHER:burghausen@rfo.de\r\nEND:VCARD',' burghausen burghausen@rfo.de',133),(441,'2017-10-04 20:55:38',0,'Sara Vasic26','sara.vasic26@gmail.com','','','BEGIN:VCARD\r\nVERSION:3.0\r\nFN:Sara Vasic26\r\nEMAIL;TYPE=INTERNET;TYPE=OTHER:sara.vasic26@gmail.com\r\nEND:VCARD',' sara vasic26 sara.vasic26@gmail.com',133),(442,'2017-10-04 20:55:38',0,'Niiiccci','niiiccci@gmail.com','','','BEGIN:VCARD\r\nVERSION:3.0\r\nFN:Niiiccci\r\nEMAIL;TYPE=INTERNET;TYPE=OTHER:niiiccci@gmail.com\r\nEND:VCARD',' niiiccci niiiccci@gmail.com',133),(443,'2017-10-04 20:55:38',0,'Elena Schwarz','elena-schwarz@gmx.at','','','BEGIN:VCARD\r\nVERSION:3.0\r\nFN:Elena Schwarz\r\nEMAIL;TYPE=INTERNET;TYPE=OTHER:elena-schwarz@gmx.at\r\nEND:VCARD',' elena schwarz schwarz@gmx.at',133),(444,'2017-10-04 20:55:38',0,'Dorinalehner','dorinalehner@gmail.com','','','BEGIN:VCARD\r\nVERSION:3.0\r\nFN:Dorinalehner\r\nEMAIL;TYPE=INTERNET;TYPE=OTHER:dorinalehner@gmail.com\r\nEND:VCARD',' dorinalehner dorinalehner@gmail.com',133),(445,'2017-10-04 20:55:38',0,'Vikstein02','vikstein02@gmail.com','','','BEGIN:VCARD\r\nVERSION:3.0\r\nFN:Vikstein02\r\nEMAIL;TYPE=INTERNET;TYPE=OTHER:vikstein02@gmail.com\r\nEND:VCARD',' vikstein02 vikstein02@gmail.com',133),(446,'2017-10-04 20:55:38',0,'Chri Pletzer','chri.pletzer@gmail.com','','','BEGIN:VCARD\r\nVERSION:3.0\r\nFN:Chri Pletzer\r\nEMAIL;TYPE=INTERNET;TYPE=OTHER:chri.pletzer@gmail.com\r\nEND:VCARD',' chri pletzer chri.pletzer@gmail.com',133),(447,'2017-10-04 20:55:38',0,'Xaversbg12','xaversbg12@gmail.com','','','BEGIN:VCARD\r\nVERSION:3.0\r\nFN:Xaversbg12\r\nEMAIL;TYPE=INTERNET;TYPE=OTHER:xaversbg12@gmail.com\r\nEND:VCARD',' xaversbg12 xaversbg12@gmail.com',133),(448,'2017-10-04 20:55:38',0,'Tatjana Stevanovic','tatjana.stevanovic@gmx.at','','','BEGIN:VCARD\r\nVERSION:3.0\r\nFN:Tatjana Stevanovic\r\nEMAIL;TYPE=INTERNET;TYPE=OTHER:tatjana.stevanovic@gmx.at\r\nEND:VCARD',' tatjana stevanovic tatjana.stevanovic@gmx.at',133),(449,'2017-10-04 20:55:38',0,'Robert Erdbau','robert.erdbau@gmail.com','','','BEGIN:VCARD\r\nVERSION:3.0\r\nFN:Robert Erdbau\r\nEMAIL;TYPE=INTERNET;TYPE=OTHER:robert.erdbau@gmail.com\r\nEND:VCARD',' robert erdbau robert.erdbau@gmail.com',133),(450,'2017-10-04 20:55:38',0,'Cynthi0403','cynthi0403@hotmail.com','','','BEGIN:VCARD\r\nVERSION:3.0\r\nFN:Cynthi0403\r\nEMAIL;TYPE=INTERNET;TYPE=OTHER:cynthi0403@hotmail.com\r\nEND:VCARD',' cynthi0403 cynthi0403@hotmail.com',133),(451,'2017-10-04 20:55:37',0,'Karl Wagner','karl.wagner@baustahlhandel.de','','','BEGIN:VCARD\r\nVERSION:3.0\r\nFN:Karl Wagner\r\nEMAIL;TYPE=INTERNET;TYPE=OTHER:karl.wagner@baustahlhandel.de\r\nEND:VCARD',' karl wagner karl.wagner@baustahlhandel.de',98),(452,'2017-10-04 20:55:37',0,'','alexander.reischl@lengauer.co.at','','','BEGIN:VCARD\r\nVERSION:3.0\r\nFN:alexander.reischl@lengauer.co.at\r\nEMAIL;TYPE=INTERNET;TYPE=HOME:alexander.reischl@lengauer.co.at\r\nEND:VCARD',' alexander.reischl@lengaur.co.at',98),(453,'2017-10-04 20:55:38',0,'Office Kolpinghaus','office@kolpinghaus-salzburg.at','','','BEGIN:VCARD\r\nVERSION:3.0\r\nFN:Office Kolpinghaus\r\nEMAIL;TYPE=INTERNET;TYPE=OTHER:office@kolpinghaus-salzburg.at\r\nEND:VCARD',' office kolpinghaus office@kolpinghaus salzburg.at',133),(454,'2017-10-04 20:55:36',0,'Albert Wolfram','wolfram.albert@porr.at','','','BEGIN:VCARD\r\nVERSION:3.0\r\nFN:Albert Wolfram\r\nEMAIL;TYPE=INTERNET;TYPE=OTHER:wolfram.albert@porr.at\r\nEND:VCARD',' albert wolfram wolfram.albert@porr.at',92),(455,'2017-10-04 20:55:37',0,'Romy Sigl','romysigl@yahoo.de','','','BEGIN:VCARD\r\nVERSION:3.0\r\nFN:Romy Sigl\r\nEMAIL;TYPE=INTERNET;TYPE=OTHER:romysigl@yahoo.de\r\nEND:VCARD',' romy sigl romysigl@yahoo.de',118),(456,'2017-10-04 20:55:36',0,'H Tenk','h.tenk@kreuzberger-bau.at','','','BEGIN:VCARD\r\nVERSION:3.0\r\nFN:H Tenk\r\nEMAIL;TYPE=INTERNET;TYPE=OTHER:h.tenk@kreuzberger-bau.at\r\nEND:VCARD',' tenk h.tenk@kreuzberger bau.at',92),(457,'2017-10-04 20:55:37',0,'T Stumvoll','t.stumvoll@kreuzberger-bau.at','','','BEGIN:VCARD\r\nVERSION:3.0\r\nFN:T Stumvoll\r\nEMAIL;TYPE=INTERNET;TYPE=OTHER:t.stumvoll@kreuzberger-bau.at\r\nEND:VCARD',' stumvoll t.stumvoll@kreuzberger bau.at',92),(458,'2017-10-04 20:55:36',0,'Office','office@kreuzberger-bau.at','','','BEGIN:VCARD\r\nVERSION:3.0\r\nFN:Office\r\nEMAIL;TYPE=INTERNET;TYPE=OTHER:office@kreuzberger-bau.at\r\nEND:VCARD',' office office@kreuzberger bau.at',92),(459,'2017-10-04 20:55:36',0,'Kreuzberger Arneth','kreuzberger.arneth@gmx.at','','','BEGIN:VCARD\r\nVERSION:3.0\r\nFN:Kreuzberger Arneth\r\nEMAIL;TYPE=INTERNET;TYPE=OTHER:kreuzberger.arneth@gmx.at\r\nEND:VCARD',' kreuzberger arneth kreuzberger.arneth@gmx.at',92),(460,'2017-10-04 20:55:37',0,'gottfried lochner','gottfried.lochner@ams.at','','','BEGIN:VCARD\r\nVERSION:3.0\r\nFN:gottfried lochner\r\nEMAIL;TYPE=INTERNET;TYPE=OTHER:gottfried.lochner@ams.at\r\nEND:VCARD',' gottfried lochner gottfried.lochner@ams.at',118),(461,'2017-10-04 20:55:38',0,'Astrid Schönberger','astridschoen@hotmail.com','','','BEGIN:VCARD\r\nVERSION:3.0\r\nFN:Astrid Schönberger\r\nEMAIL;TYPE=INTERNET;TYPE=OTHER:astridschoen@hotmail.com\r\nEND:VCARD',' astrid schonberger astridschon@hotmail.com',133),(462,'2017-10-04 20:55:37',0,'Anja Zeug','AZeug@bfi-sbg.at','','','BEGIN:VCARD\r\nVERSION:3.0\r\nFN:Anja Zeug\r\nEMAIL;TYPE=INTERNET;TYPE=OTHER:AZeug@bfi-sbg.at\r\nEND:VCARD',' anja zeug azeug@bfi sbg.at',118),(463,'2017-10-04 20:55:35',0,'Hans Langhofer','hans@langhofer.net','','','BEGIN:VCARD\r\nVERSION:3.0\r\nFN:Hans Langhofer\r\nEMAIL;TYPE=INTERNET;TYPE=OTHER:hans@langhofer.net\r\nEND:VCARD',' hans langhofer hans@langhofer.net',11),(466,'2017-10-04 20:55:37',0,'Ce','ce@diebeiden.at','','','BEGIN:VCARD\r\nVERSION:3.0\r\nFN:Ce\r\nEMAIL;TYPE=INTERNET;TYPE=OTHER:ce@diebeiden.at\r\nEND:VCARD',' ce@diebeiden.at',118),(467,'2017-10-04 20:55:37',0,'Hekar Musa','hekarmusa@gmail.com','','','BEGIN:VCARD\r\nVERSION:3.0\r\nFN:Hekar Musa\r\nEMAIL;TYPE=INTERNET;TYPE=OTHER:hekarmusa@gmail.com\r\nEND:VCARD',' hekar musa hekarmusa@gmail.com',118),(468,'2017-10-04 20:55:37',0,'Avyar Avyar','avyar.avyar1998@gmail.com','','','BEGIN:VCARD\r\nVERSION:3.0\r\nFN:Avyar Avyar\r\nEMAIL;TYPE=INTERNET;TYPE=OTHER:avyar.avyar1998@gmail.com\r\nEND:VCARD',' avyar avyar.avyar1998@gmail.com',118),(469,'2017-10-04 20:55:37',0,'Matthias','matthias@fraeuleinflora.at','','','BEGIN:VCARD\r\nVERSION:3.0\r\nFN:Matthias\r\nEMAIL;TYPE=INTERNET;TYPE=OTHER:matthias@fraeuleinflora.at\r\nEND:VCARD',' matthias matthias@frauleinflora.at',118),(470,'2017-10-04 20:55:37',0,'Avyar Ibrahim','avyar.ibrahim98@gmail.com','','','BEGIN:VCARD\r\nVERSION:3.0\r\nFN:Avyar Ibrahim\r\nEMAIL;TYPE=INTERNET;TYPE=OTHER:avyar.ibrahim98@gmail.com\r\nEND:VCARD',' avyar ibrahim avyar.ibrahim98@gmail.com',118),(471,'2017-10-04 20:55:37',0,'Nicole STEGER','nicole.steger@ikea.com','','','BEGIN:VCARD\r\nVERSION:3.0\r\nFN:Nicole STEGER\r\nEMAIL;TYPE=INTERNET;TYPE=OTHER:nicole.steger@ikea.com\r\nEND:VCARD',' nicole steger nicole.steger@ikea.com',118),(472,'2017-10-04 20:55:35',0,'Gertraud Woywod','gertraud@woywod.at','','','BEGIN:VCARD\r\nVERSION:3.0\r\nFN:Gertraud Woywod\r\nEMAIL;TYPE=INTERNET;TYPE=OTHER:gertraud@woywod.at\r\nEND:VCARD',' gertraud woywod gertraud@woywod.at',11),(473,'2017-10-04 20:55:37',0,'Ibrahim Joma\'a','ibrahimjomaa1998@gmail.com','','','BEGIN:VCARD\r\nVERSION:3.0\r\nFN:Ibrahim Joma\'a\r\nEMAIL;TYPE=INTERNET;TYPE=OTHER:ibrahimjomaa1998@gmail.com\r\nEND:VCARD',' ibrahim joma\'a ibrahimjomaa1998@gmail.com',118),(474,'2017-10-04 20:55:34',0,'Hildegardis Hurnaus','srhildegardis@gmx.at','','','BEGIN:VCARD\r\nVERSION:3.0\r\nFN:Hildegardis Hurnaus\r\nEMAIL;TYPE=INTERNET;TYPE=OTHER:srhildegardis@gmx.at\r\nEND:VCARD',' hildegardis hurnaus srhildegardis@gmx.at',6),(475,'2017-10-04 20:55:37',0,'Saqr Saqr','saqr.yasmine@gmail.com','','','BEGIN:VCARD\r\nVERSION:3.0\r\nFN:Saqr Saqr\r\nEMAIL;TYPE=INTERNET;TYPE=OTHER:saqr.yasmine@gmail.com\r\nEND:VCARD',' saqr saqr.yasmine@gmail.com',118),(476,'2017-10-04 20:55:37',0,'Sabine Katzinger','sabine.katzinger@hipp.at','','','BEGIN:VCARD\r\nVERSION:3.0\r\nFN:Sabine Katzinger\r\nEMAIL;TYPE=INTERNET;TYPE=OTHER:sabine.katzinger@hipp.at\r\nEND:VCARD',' sabine katzinger sabine.katzinger@hipp.at',118),(477,'2017-10-04 20:55:37',0,'armin langhofer - Langhofer Quality Hosting and Solutions GmbH','office@langhofer.at','','','BEGIN:VCARD\r\nVERSION:3.0\r\nFN:armin langhofer - Langhofer Quality Hosting and Solutions GmbH\r\nEMAIL;TYPE=INTERNET;TYPE=OTHER:office@langhofer.at\r\nEND:VCARD',' armin langhofer quality hosting and solutions gmbh office@langhofer.at',118),(478,'2017-10-04 20:55:36',0,'Huth Bodo','bodo.huth@swietelsky-faber.de','','','BEGIN:VCARD\r\nVERSION:3.0\r\nFN:Huth Bodo\r\nEMAIL;TYPE=INTERNET;TYPE=OTHER:bodo.huth@swietelsky-faber.de\r\nEND:VCARD',' huth bodo bodo.huth@swietelsky faber.de',92),(479,'2017-10-04 20:55:37',0,'Alireza Anvari','AlirezaAnvari@hotmail.com','','','BEGIN:VCARD\r\nVERSION:3.0\r\nFN:Alireza Anvari\r\nEMAIL;TYPE=INTERNET;TYPE=OTHER:AlirezaAnvari@hotmail.com\r\nEND:VCARD',' alireza anvari alirezaanvari@hotmail.com',118),(480,'2017-10-04 20:55:37',0,'Dominik Tamegger','booking@coactivarts.com','','','BEGIN:VCARD\r\nVERSION:3.0\r\nFN:Dominik Tamegger\r\nEMAIL;TYPE=INTERNET;TYPE=OTHER:booking@coactivarts.com\r\nEND:VCARD',' dominik tamegger booking@coactivarts.com',118),(481,'2017-10-04 20:55:37',0,'Aleksandra Nagele','aleksandra.nagele@gmail.com','','','BEGIN:VCARD\r\nVERSION:3.0\r\nFN:Aleksandra Nagele\r\nEMAIL;TYPE=INTERNET;TYPE=OTHER:aleksandra.nagele@gmail.com\r\nEND:VCARD',' aleksandra nagele aleksandra.nagele@gmail.com',118),(482,'2017-10-04 20:55:37',0,'Graffer, Julia','julia.graffer@integrationsfonds.at','','','BEGIN:VCARD\r\nVERSION:3.0\r\nFN:Graffer, Julia\r\nEMAIL;TYPE=INTERNET;TYPE=OTHER:julia.graffer@integrationsfonds.at\r\nEND:VCARD',' graffer, julia julia.graffer@integrationsfonds.at',118),(484,'2017-10-04 20:55:36',0,'Office','office@panek-architekten.at','','','BEGIN:VCARD\r\nVERSION:3.0\r\nFN:Office\r\nEMAIL;TYPE=INTERNET;TYPE=OTHER:office@panek-architekten.at\r\nEND:VCARD',' office office@panek architekten.at',92),(485,'2017-10-04 20:55:37',0,'Elli Damisch','elli@damisch.com','','','BEGIN:VCARD\r\nVERSION:3.0\r\nFN:Elli Damisch\r\nEMAIL;TYPE=INTERNET;TYPE=OTHER:elli@damisch.com\r\nEND:VCARD',' elli damisch elli@damisch.com',118),(486,'2017-10-04 20:55:37',0,'Binder Martin','m.binder@palfinger.com','','','BEGIN:VCARD\r\nVERSION:3.0\r\nFN:Binder Martin\r\nEMAIL;TYPE=INTERNET;TYPE=OTHER:m.binder@palfinger.com\r\nEND:VCARD',' binder martin m.binder@palfinger.com',118),(487,'2017-10-04 20:55:36',0,'Kreuzberger-Bau - Johannes Vrece','j.vrece@kreuzberger-bau.at','','','BEGIN:VCARD\r\nVERSION:3.0\r\nFN:Kreuzberger-Bau - Johannes Vrece\r\nEMAIL;TYPE=INTERNET;TYPE=OTHER:j.vrece@kreuzberger-bau.at\r\nEND:VCARD',' kreuzberger bau johannes vrece j.vrece@kreuzberger bau.at',92),(488,'2017-10-04 20:55:37',0,'Katrin Reiter','Katrin.Reiter@eb.salzburg.at','','','BEGIN:VCARD\r\nVERSION:3.0\r\nFN:Katrin Reiter\r\nEMAIL;TYPE=INTERNET;TYPE=OTHER:Katrin.Reiter@eb.salzburg.at\r\nEND:VCARD',' katrin reiter katrin.reiter@eb.salzburg.at',118),(489,'2017-10-04 20:55:37',0,'andrea weismann','andrea.weismann@ams.at','','','BEGIN:VCARD\r\nVERSION:3.0\r\nFN:andrea weismann\r\nEMAIL;TYPE=INTERNET;TYPE=OTHER:andrea.weismann@ams.at\r\nEND:VCARD',' andrea weismann andrea.weismann@ams.at',118),(490,'2017-10-04 20:55:37',0,'Martina Hehenberger','MHehenberger@trumer.at','Martina','Hehenberger','BEGIN:VCARD\r\nVERSION:3.0\r\nN:Hehenberger;Martina;;;\r\nFN:Martina Hehenberger\r\nEMAIL;TYPE=INTERNET;TYPE=HOME:MHehenberger@trumer.at\r\nEND:VCARD',' martina hehenberger mhehenberger@trumer.at',118),(491,'2017-10-04 20:55:35',0,'Susanne Krexa','susanne.krexa@googlemail.com','','','BEGIN:VCARD\r\nVERSION:3.0\r\nFN:Susanne Krexa\r\nEMAIL;TYPE=INTERNET;TYPE=OTHER:susanne.krexa@googlemail.com\r\nEND:VCARD',' susanne krexa susanne.krexa@googlemail.com',6),(492,'2017-10-04 20:55:37',0,'Friedl Christian','Christian.Friedl@c-bergmann.at','','','BEGIN:VCARD\r\nVERSION:3.0\r\nFN:Friedl Christian\r\nEMAIL;TYPE=INTERNET;TYPE=OTHER:Christian.Friedl@c-bergmann.at\r\nEND:VCARD',' friedl christian christian.friedl@c bergmann.at',118),(493,'2017-10-04 20:55:37',0,'Kerschhaggl, Manuela','Manuela.Kerschhaggl@dm-drogeriemarkt.at','','','BEGIN:VCARD\r\nVERSION:3.0\r\nFN:Kerschhaggl, Manuela\r\nEMAIL;TYPE=INTERNET;TYPE=OTHER:Manuela.Kerschhaggl@dm-drogeriemarkt.at\r\nEND:VCARD',' kerschhaggl, manula manula.kerschhaggl@dm drogeriemarkt.at',118),(494,'2017-10-04 20:55:37',0,'Markus Hauser','wir@diebeiden.at','','','BEGIN:VCARD\r\nVERSION:3.0\r\nFN:Markus Hauser\r\nEMAIL;TYPE=INTERNET;TYPE=OTHER:wir@diebeiden.at\r\nEND:VCARD',' markus hauser wir@diebeiden.at',118),(495,'2017-10-04 20:55:37',0,'Raimund Reinwald','raimund.reinwald@ges-aw.at','Raimund','Reinwald','BEGIN:VCARD\r\nVERSION:3.0\r\nN:Reinwald;Raimund;;;\r\nFN:Raimund Reinwald\r\nEMAIL;TYPE=INTERNET;TYPE=HOME:raimund.reinwald@ges-aw.at\r\nEND:VCARD',' raimund reinwald raimund.reinwald@ges aw.at',118),(496,'2017-10-04 20:55:36',0,'P Kreuzberger','p.kreuzberger@kreuzberger-bau.at','','','BEGIN:VCARD\r\nVERSION:3.0\r\nFN:P Kreuzberger\r\nEMAIL;TYPE=INTERNET;TYPE=OTHER:p.kreuzberger@kreuzberger-bau.at\r\nEND:VCARD',' kreuzberger p.kreuzberger@kreuzberger bau.at',92),(497,'2017-10-04 20:55:37',0,'Georg Stadler','g.stadler@einstieg.or.at','','','BEGIN:VCARD\r\nVERSION:3.0\r\nFN:Georg Stadler\r\nEMAIL;TYPE=INTERNET;TYPE=OTHER:g.stadler@einstieg.or.at\r\nEND:VCARD',' georg stadler g.stadler@einstieg.or.at',118),(498,'2017-10-04 20:55:37',0,'Kuvan Rasoul','kovan92h@gmail.com','Kuvan','Rasoul','BEGIN:VCARD\r\nVERSION:3.0\r\nN:Rasoul;Kuvan;;;\r\nFN:Kuvan Rasoul\r\nEMAIL;TYPE=INTERNET;TYPE=HOME:kovan92h@gmail.com\r\nEND:VCARD',' kuvan rasoul kovan92h@gmail.com',118),(499,'2017-10-04 20:55:37',0,'Christine Bauer','c.bauer@biber-salzburg.at','Christine','Bauer','BEGIN:VCARD\r\nVERSION:3.0\r\nN:Bauer;Christine;;;\r\nFN:Christine Bauer\r\nEMAIL;TYPE=INTERNET;TYPE=HOME:c.bauer@biber-salzburg.at\r\nEND:VCARD',' christine baur c.baur@biber salzburg.at',118),(500,'2017-10-04 20:55:37',0,'Gabriele Rechberger','g.rechberger@verein-viele.at','Gabriele','Rechberger','BEGIN:VCARD\r\nVERSION:3.0\r\nN:Rechberger;Gabriele;;;\r\nFN:Gabriele Rechberger\r\nEMAIL;TYPE=INTERNET;TYPE=HOME:g.rechberger@verein-viele.at\r\nEND:VCARD',' gabriele rechberger g.rechberger@verein viele.at',118),(501,'2017-10-04 20:55:38',0,'NauticExpo','NauticExpo@nauticexpo.com','','','BEGIN:VCARD\r\nVERSION:3.0\r\nFN:NauticExpo\r\nEMAIL;TYPE=INTERNET;TYPE=OTHER:NauticExpo@nauticexpo.com\r\nEND:VCARD',' nauticexpo nauticexpo@nauticexpo.com',129),(502,'2017-10-04 20:55:38',0,'GRITSCH, Sabrina','Sabrina.GRITSCH@tcs.ch','','','BEGIN:VCARD\r\nVERSION:3.0\r\nFN:GRITSCH, Sabrina\r\nEMAIL;TYPE=INTERNET;TYPE=OTHER:Sabrina.GRITSCH@tcs.ch\r\nEND:VCARD',' gritsch, sabrina sabrina.gritsch@tcs.ch',129),(503,'2017-10-04 20:55:38',0,'Zahner','zahner@fava-suisse.ch','','','BEGIN:VCARD\r\nVERSION:3.0\r\nFN:Zahner\r\nEMAIL;TYPE=INTERNET;TYPE=OTHER:zahner@fava-suisse.ch\r\nEND:VCARD',' zahner zahner@fava suisse.ch',129),(504,'2017-10-04 20:55:36',0,'Markus Erbschwendtner','Markus.Erbschwendtner@erstebank.at','','','BEGIN:VCARD\r\nVERSION:3.0\r\nFN:Markus Erbschwendtner\r\nEMAIL;TYPE=INTERNET;TYPE=OTHER:Markus.Erbschwendtner@erstebank.at\r\nEND:VCARD',' markus erbschwendtner markus.erbschwendtner@erstebank.at',92),(505,'2017-10-04 20:55:36',0,'DI Clemens Standl','standl@eidos-architektur.at','','','BEGIN:VCARD\r\nVERSION:3.0\r\nFN:DI Clemens Standl\r\nEMAIL;TYPE=INTERNET;TYPE=OTHER:standl@eidos-architektur.at\r\nEND:VCARD',' di clemens standl standl@eidos architektur.at',92),(506,'2017-10-04 20:55:36',0,'Radauer','Radauer@tb-herbst.com','','','BEGIN:VCARD\r\nVERSION:3.0\r\nFN:Radauer\r\nEMAIL;TYPE=INTERNET;TYPE=OTHER:Radauer@tb-herbst.com\r\nEND:VCARD',' radaur radaur@tb herbst.com',92),(507,'2017-10-04 20:55:36',0,'Helmut Asen','helmut.asen@sbg.at','','','BEGIN:VCARD\r\nVERSION:3.0\r\nFN:Helmut Asen\r\nEMAIL;TYPE=INTERNET;TYPE=OTHER:helmut.asen@sbg.at\r\nEND:VCARD',' helmut asen helmut.asen@sbg.at',92),(508,'2017-10-04 20:55:36',0,'M Hollergschwandtner','m.hollergschwandtner@hartlbau.com','','','BEGIN:VCARD\r\nVERSION:3.0\r\nFN:M Hollergschwandtner\r\nEMAIL;TYPE=INTERNET;TYPE=OTHER:m.hollergschwandtner@hartlbau.com\r\nEND:VCARD',' hollergschwandtner m.hollergschwandtner@hartlbau.com',92),(509,'2017-10-04 20:55:36',0,'Office','office@saenze.com','','','BEGIN:VCARD\r\nVERSION:3.0\r\nFN:Office\r\nEMAIL;TYPE=INTERNET;TYPE=OTHER:office@saenze.com\r\nEND:VCARD',' office office@sanze.com',92),(510,'2017-10-04 20:55:36',0,'J Griessmayer','j.griessmayer@saenze.com','','','BEGIN:VCARD\r\nVERSION:3.0\r\nFN:J Griessmayer\r\nEMAIL;TYPE=INTERNET;TYPE=OTHER:j.griessmayer@saenze.com\r\nEND:VCARD',' griessmayer j.griessmayer@sanze.com',92),(511,'2017-10-04 20:55:35',0,'Roman Rochus Grundecht','r.rochus@grundecht.com','','','BEGIN:VCARD\r\nVERSION:3.0\r\nFN:Roman Rochus Grundecht\r\nEMAIL;TYPE=INTERNET;TYPE=OTHER:r.rochus@grundecht.com\r\nEND:VCARD',' roman rochus grundecht r.rochus@grundecht.com',11),(512,'2017-10-04 20:55:37',0,'Enrique Pasquali','derpasquali@gmail.com','Enrique','Pasquali','BEGIN:VCARD\r\nVERSION:3.0\r\nN:Pasquali;Enrique;;;\r\nFN:Enrique Pasquali\r\nEMAIL;TYPE=INTERNET;TYPE=HOME:derpasquali@gmail.com\r\nEND:VCARD',' enriqu pasquali derpasquali@gmail.com',118),(513,'2017-10-04 20:55:33',0,'Christoph EISENKNAPP','eisenknapp.34630@raiffeisen-ooe.at','','','BEGIN:VCARD\r\nVERSION:3.0\r\nFN:Christoph EISENKNAPP\r\nEMAIL;TYPE=INTERNET;TYPE=OTHER:eisenknapp.34630@raiffeisen-ooe.at\r\nEND:VCARD',' christoph eisenknapp eisenknapp.34630@raiffeisen oo.at',4),(514,'2017-10-04 20:55:33',0,'Judith Wesely I Arcadia Live','judith@arcadia-live.com','','','BEGIN:VCARD\r\nVERSION:3.0\r\nFN:Judith Wesely I Arcadia Live\r\nEMAIL;TYPE=INTERNET;TYPE=OTHER:judith@arcadia-live.com\r\nEND:VCARD',' judith wesely arcadia live judith@arcadia live.com',4),(515,'2017-10-04 20:55:36',0,'Daniela Kübler','dkuej4aqq5wnnxix@email.willhaben.at','','','BEGIN:VCARD\r\nVERSION:3.0\r\nFN:Daniela Kübler\r\nEMAIL;TYPE=INTERNET;TYPE=OTHER:dkuej4aqq5wnnxix@email.willhaben.at\r\nEND:VCARD',' daniela kubler dkuj4aqq5wnnxix@email.willhaben.at',92),(516,'2017-10-04 20:55:37',0,'Sadiq Alizada','adazilaqidas20@gmail.com','','','BEGIN:VCARD\r\nVERSION:3.0\r\nFN:Sadiq Alizada\r\nEMAIL;TYPE=INTERNET;TYPE=OTHER:adazilaqidas20@gmail.com\r\nEND:VCARD',' sadiq alizada adazilaqidas20@gmail.com',118),(518,'2017-10-04 20:55:37',0,'Ahmad Al Khatib','ahmedalkhateeb1986@gmail.com','Ahmad','Al Khatib','BEGIN:VCARD\r\nVERSION:3.0\r\nN:Al Khatib;Ahmad;;;\r\nFN:Ahmad Al Khatib\r\nEMAIL;TYPE=INTERNET;TYPE=HOME:ahmedalkhateeb1986@gmail.com\r\nEND:VCARD',' ahmad al khatib ahmedalkhateeb1986@gmail.com',118),(519,'2017-10-04 20:55:37',0,'Wajid Ali','coolbuddyalee@gmail.com','','','BEGIN:VCARD\r\nVERSION:3.0\r\nFN:Wajid Ali\r\nEMAIL;TYPE=INTERNET;TYPE=OTHER:coolbuddyalee@gmail.com\r\nEND:VCARD',' wajid ali coolbuddyalee@gmail.com',118),(520,'2017-10-04 20:55:37',0,'flachau Montarana','flachau@montanara.com','flachau','Montarana','BEGIN:VCARD\r\nVERSION:3.0\r\nN:Montarana;flachau;;;\r\nFN:flachau Montarana\r\nEMAIL;TYPE=INTERNET;TYPE=HOME:flachau@montanara.com\r\nEND:VCARD',' flachau montarana flachau@montanara.com',118),(521,'2017-10-04 20:55:37',0,'Khaled Aboulil','lorkaled@gmail.com','','','BEGIN:VCARD\r\nVERSION:3.0\r\nFN:Khaled Aboulil\r\nEMAIL;TYPE=INTERNET;TYPE=OTHER:lorkaled@gmail.com\r\nEND:VCARD',' khaled aboulil lorkaled@gmail.com',118),(522,'2017-10-04 20:55:37',0,'Wenger Theresia','Theresia.Wenger@caritas-salzburg.at','','','BEGIN:VCARD\r\nVERSION:3.0\r\nFN:Wenger Theresia\r\nEMAIL;TYPE=INTERNET;TYPE=OTHER:Theresia.Wenger@caritas-salzburg.at\r\nEND:VCARD',' wenger theresia theresia.wenger@caritas salzburg.at',118),(524,'2017-10-04 20:55:37',0,'Seufer-Wasserthal Klaus','k.seufer@rupertusbuch.at','','','BEGIN:VCARD\r\nVERSION:3.0\r\nFN:Seufer-Wasserthal Klaus\r\nEMAIL;TYPE=INTERNET;TYPE=OTHER:k.seufer@rupertusbuch.at\r\nEND:VCARD',' seufer wasserthal klaus k.seufer@rupertusbuch.at',118),(525,'2017-10-04 20:55:37',0,'Ziegler Thomas','ziegler@ziegler-schallschutz.at','','','BEGIN:VCARD\r\nVERSION:3.0\r\nFN:Ziegler Thomas\r\nEMAIL;TYPE=INTERNET;TYPE=OTHER:ziegler@ziegler-schallschutz.at\r\nEND:VCARD',' ziegler thomas ziegler@ziegler schallschutz.at',118),(526,'2017-10-04 20:55:37',0,'mohammad assani','m.assani1988@hotmail.com','','','BEGIN:VCARD\r\nVERSION:3.0\r\nFN:mohammad assani\r\nEMAIL;TYPE=INTERNET;TYPE=OTHER:m.assani1988@hotmail.com\r\nEND:VCARD',' mohammad assani m.assani1988@hotmail.com',118),(527,'2017-10-04 20:55:37',0,'Anja Groessinger','anja.groessinger@manpower.at','','','BEGIN:VCARD\r\nVERSION:3.0\r\nFN:Anja Groessinger\r\nEMAIL;TYPE=INTERNET;TYPE=OTHER:anja.groessinger@manpower.at\r\nEND:VCARD',' anja grossinger anja.grossinger@manpower.at',118),(528,'2017-10-04 20:55:37',0,'Kirchmauer Yvonne','yvonne.kirchmauer@salzburg.gv.at','','','BEGIN:VCARD\r\nVERSION:3.0\r\nFN:Kirchmauer Yvonne\r\nEMAIL;TYPE=INTERNET;TYPE=OTHER:yvonne.kirchmauer@salzburg.gv.at\r\nEND:VCARD',' kirchmaur yvonne yvonne.kirchmaur@salzburg.gv.at',118),(559,'2017-10-04 22:27:17',0,'\'Miriam Weiherer\'','miriam.weiherer@4oscar.com','','','BEGIN:VCARD\r\nVERSION:3.0\r\nFN:\'Miriam Weiherer\'\r\nEMAIL;TYPE=INTERNET:miriam.weiherer@4oscar.com\r\nEND:VCARD',' miriam.weiherer@4oscar.com \'miriam weiherer\'',140),(560,'2017-10-04 22:27:21',0,'\'Sabine Hölzl\'','sabine.hoelzl@4oscar.com','','','BEGIN:VCARD\r\nVERSION:3.0\r\nFN:\'Sabine Hölzl\'\r\nEMAIL;TYPE=INTERNET:sabine.hoelzl@4oscar.com\r\nEND:VCARD',' sabine.holzl@4oscar.com \'sabine holzl\'',140),(561,'2017-10-09 08:51:35',0,'Alina Legoydo','alina.legoydo@itg-salzburg.at','','','BEGIN:VCARD\r\nVERSION:3.0\r\nFN:Alina Legoydo\r\nEMAIL;TYPE=INTERNET:alina.legoydo@itg-salzburg.at\r\nEND:VCARD',' alina.legoydo@itg salzburg.at alina legoydo',140),(562,'2017-10-10 19:38:44',0,'Andra Slaats','andra.slaats@hil-foundation.org','','','BEGIN:VCARD\r\nVERSION:3.0\r\nFN:Andra Slaats\r\nEMAIL;TYPE=INTERNET:andra.slaats@hil-foundation.org\r\nEND:VCARD',' andra.slaats@hil foundation.org andra slaats',118),(563,'2017-10-11 08:53:01',0,'Miguel Fernández Vega','miguel@coworkingsalzburg.com','','','BEGIN:VCARD\r\nVERSION:3.0\r\nFN:Miguel Fernández Vega\r\nEMAIL;TYPE=INTERNET:miguel@coworkingsalzburg.com\r\nEND:VCARD',' migul@coworkingsalzburg.com migul fernandez vega',140),(564,'2017-10-11 15:44:31',0,'Wolfgang Gerharter','w.gerharter@sol.at','','','BEGIN:VCARD\r\nVERSION:3.0\r\nFN:Wolfgang Gerharter\r\nEMAIL;TYPE=INTERNET:w.gerharter@sol.at\r\nEND:VCARD',' w.gerharter@sol.at wolfgang gerharter',140),(565,'2017-10-16 12:05:58',0,'Robert Praxmarer','robert.praxmarer@polycular.com','','','BEGIN:VCARD\r\nVERSION:3.0\r\nFN:Robert Praxmarer\r\nEMAIL;TYPE=INTERNET:robert.praxmarer@polycular.com\r\nEND:VCARD',' robert.praxmarer@polycular.com robert praxmarer',140),(566,'2017-10-16 12:10:52',0,'Luisvaldivia','luisvaldivia@bacco.co.at','','','BEGIN:VCARD\r\nVERSION:3.0\r\nFN:Luisvaldivia\r\nEMAIL;TYPE=INTERNET:luisvaldivia@bacco.co.at\r\nEND:VCARD',' luisvaldivia@bacco.co.at luisvaldivia',140),(567,'2017-10-16 12:10:54',0,'Guenther','guenther@windhund.com','','','BEGIN:VCARD\r\nVERSION:3.0\r\nFN:Guenther\r\nEMAIL;TYPE=INTERNET:guenther@windhund.com\r\nEND:VCARD',' gunther@windhund.com gunther',140),(568,'2017-10-16 12:10:58',0,'Julia','julia@dotlabs.co','','','BEGIN:VCARD\r\nVERSION:3.0\r\nFN:Julia\r\nEMAIL;TYPE=INTERNET:julia@dotlabs.co\r\nEND:VCARD',' julia@dotlabs.co julia',140),(569,'2017-10-16 12:11:00',0,'Ivan Pavlov','ivan.pavlov@84bits.io','','','BEGIN:VCARD\r\nVERSION:3.0\r\nFN:Ivan Pavlov\r\nEMAIL;TYPE=INTERNET:ivan.pavlov@84bits.io\r\nEND:VCARD',' ivan.pavlov@84bits.io ivan pavlov',140),(570,'2017-10-16 12:11:02',0,'Waheed','waheed@woist.at','','','BEGIN:VCARD\r\nVERSION:3.0\r\nFN:Waheed\r\nEMAIL;TYPE=INTERNET:waheed@woist.at\r\nEND:VCARD',' waheed@woist.at waheed',140),(571,'2017-10-16 12:11:12',0,'Wolfgang Tonninger','wolfgang.tonninger@almblitz.com','','','BEGIN:VCARD\r\nVERSION:3.0\r\nFN:Wolfgang Tonninger\r\nEMAIL;TYPE=INTERNET:wolfgang.tonninger@almblitz.com\r\nEND:VCARD',' wolfgang.tonninger@almblitz.com wolfgang tonninger',140),(572,'2017-10-16 14:41:30',0,'Robert Kastner','kastner@jobaktuell.eu','','','BEGIN:VCARD\r\nVERSION:3.0\r\nFN:Robert Kastner\r\nEMAIL;TYPE=INTERNET:kastner@jobaktuell.eu\r\nEND:VCARD',' kastner@jobaktull.eu robert kastner',140),(573,'2017-10-17 10:57:26',0,'Ing. Roland Rothböck','office@rothboeck.at','','','BEGIN:VCARD\r\nVERSION:3.0\r\nFN:Ing. Roland Rothböck\r\nEMAIL;TYPE=INTERNET:office@rothboeck.at\r\nEND:VCARD',' office@rothbock.at ing. roland rothbock',92),(574,'2017-10-17 10:57:28',0,'Manfred Lichtnecker','manfred.lichtnecker@bml-planung.at','','','BEGIN:VCARD\r\nVERSION:3.0\r\nFN:Manfred Lichtnecker\r\nEMAIL;TYPE=INTERNET:manfred.lichtnecker@bml-planung.at\r\nEND:VCARD',' manfred.lichtnecker@bml planung.at manfred lichtnecker',92),(575,'2017-10-17 11:29:27',0,'Sonja Grubinger','sonja.grubinger@bml-planung.at','','','BEGIN:VCARD\r\nVERSION:3.0\r\nFN:Sonja Grubinger\r\nEMAIL;TYPE=INTERNET:sonja.grubinger@bml-planung.at\r\nEND:VCARD',' sonja.grubinger@bml planung.at sonja grubinger',92),(576,'2017-10-17 12:06:18',0,'Stefan Sinz','stefan.sinz@rvs.at','','','BEGIN:VCARD\r\nVERSION:3.0\r\nFN:Stefan Sinz\r\nEMAIL;TYPE=INTERNET:stefan.sinz@rvs.at\r\nEND:VCARD',' stefan.sinz@rvs.at stefan sinz',92),(577,'2017-10-17 13:01:15',0,'Texte','texte@sabinemeixner.at','','','BEGIN:VCARD\r\nVERSION:3.0\r\nFN:Texte\r\nEMAIL;TYPE=INTERNET:texte@sabinemeixner.at\r\nEND:VCARD',' texte@sabinemeixner.at texte',140),(578,'2017-10-17 13:02:44',0,'Martina Gsoels - Soul4Bizz','m.gsoels@soul4bizz.com','','','BEGIN:VCARD\r\nVERSION:3.0\r\nFN:Martina Gsoels - Soul4Bizz\r\nEMAIL;TYPE=INTERNET:m.gsoels@soul4bizz.com\r\nEND:VCARD',' m.gsols@soul4bizz.com martina gsols soul4bizz',140),(579,'2017-10-19 10:14:38',0,'Strabag AG Thalgau','strabag.thalgau@strabag.com','','','BEGIN:VCARD\r\nVERSION:3.0\r\nFN:Strabag AG Thalgau\r\nEMAIL;TYPE=INTERNET:strabag.thalgau@strabag.com\r\nEND:VCARD',' strabag.thalgau@strabag.com strabag ag thalgau',92),(580,'2017-10-19 10:14:41',0,'Markus Kapeller','markus.kapeller@strabag.com','','','BEGIN:VCARD\r\nVERSION:3.0\r\nFN:Markus Kapeller\r\nEMAIL;TYPE=INTERNET:markus.kapeller@strabag.com\r\nEND:VCARD',' markus.kapeller@strabag.com markus kapeller',92),(581,'2017-10-21 13:22:53',0,'Romy Sigl','romysigl@yahoo.de','','','BEGIN:VCARD\r\nVERSION:3.0\r\nFN:Romy Sigl\r\nEMAIL;TYPE=INTERNET:romysigl@yahoo.de\r\nEND:VCARD',' romysigl@yahoo.de romy sigl',140),(582,'2017-10-23 11:51:35',0,'Luis','luisvaldivia@bacco.co.at','Luis','','BEGIN:VCARD\r\nVERSION:3.0\r\nN:;Luis;;;\r\nFN:Luis\r\nEMAIL;TYPE=INTERNET;TYPE=HOME:luisvaldivia@bacco.co.at\r\nEND:VCARD',' luis luisvaldivia@bacco.co.at',118),(583,'2017-10-23 11:51:54',0,'Günther Matzinger','guenther@windhund.com','Günther','Matzinger','BEGIN:VCARD\r\nVERSION:3.0\r\nN:Matzinger;Günther;;;\r\nFN:Günther Matzinger\r\nEMAIL;TYPE=INTERNET;TYPE=HOME:guenther@windhund.com\r\nEND:VCARD',' gunther matzinger gunther@windhund.com',118),(584,'2017-10-23 12:00:00',0,'Miriam 4oscar','miriam.weiherer@4oscar.com','Miriam','4oscar','BEGIN:VCARD\r\nVERSION:3.0\r\nN:4oscar;Miriam;;;\r\nFN:Miriam 4oscar\r\nEMAIL;TYPE=INTERNET;TYPE=HOME:miriam.weiherer@4oscar.com\r\nEND:VCARD',' miriam 4oscar miriam.weiherer@4oscar.com',118),(585,'2017-10-23 12:01:07',0,'Patrik Karisch','patrik@karisch.guru','Patrik','Karisch','BEGIN:VCARD\r\nVERSION:3.0\r\nN:Karisch;Patrik;;;\r\nFN:Patrik Karisch\r\nEMAIL;TYPE=INTERNET;TYPE=HOME:patrik@karisch.guru\r\nEND:VCARD',' patrik karisch patrik@karisch.guru',118),(586,'2017-10-23 12:01:42',0,'Waheed Woist','waheed@woist.at','Waheed','Woist','BEGIN:VCARD\r\nVERSION:3.0\r\nN:Woist;Waheed;;;\r\nFN:Waheed Woist\r\nEMAIL;TYPE=INTERNET;TYPE=HOME:waheed@woist.at\r\nEND:VCARD',' waheed woist waheed@woist.at',118),(587,'2017-10-23 12:02:16',0,'Julia Dotlabs','julia@dotlabs.co','Julia','Dotlabs','BEGIN:VCARD\r\nVERSION:3.0\r\nN:Dotlabs;Julia;;;\r\nFN:Julia Dotlabs\r\nEMAIL;TYPE=INTERNET;TYPE=HOME:julia@dotlabs.co\r\nEND:VCARD',' julia dotlabs julia@dotlabs.co',118),(588,'2017-10-23 12:02:34',0,'Ivan Pavlov','ivan.pavlov@84bits.io','Ivan','Pavlov','BEGIN:VCARD\r\nVERSION:3.0\r\nN:Pavlov;Ivan;;;\r\nFN:Ivan Pavlov\r\nEMAIL;TYPE=INTERNET;TYPE=HOME:ivan.pavlov@84bits.io\r\nEND:VCARD',' ivan pavlov ivan.pavlov@84bits.io',118),(589,'2017-10-23 12:05:02',0,'Esther Obermüller','office@lustaufgarten.at','','','BEGIN:VCARD\r\nVERSION:3.0\r\nFN:Esther Obermüller\r\nEMAIL;TYPE=INTERNET:office@lustaufgarten.at\r\nEND:VCARD',' office@lustaufgarten.at esther obermuller',140),(590,'2017-10-23 12:05:11',0,'Stefan Wimmer','stefan.wimmer.mail@gmail.com','','','BEGIN:VCARD\r\nVERSION:3.0\r\nFN:Stefan Wimmer\r\nEMAIL;TYPE=INTERNET:stefan.wimmer.mail@gmail.com\r\nEND:VCARD',' stefan.wimmer.mail@gmail.com stefan wimmer',140),(591,'2017-10-24 11:51:43',0,'Georg Sorst','g.sorst@findologic.com','','','BEGIN:VCARD\r\nVERSION:3.0\r\nFN:Georg Sorst\r\nEMAIL;TYPE=INTERNET:g.sorst@findologic.com\r\nEND:VCARD',' g.sorst@findologic.com georg sorst',118),(592,'2017-10-25 10:28:56',0,'Stefanie Slamanig','SSlamanig@bfi-sbg.at','','','BEGIN:VCARD\r\nVERSION:3.0\r\nFN:Stefanie Slamanig\r\nEMAIL;TYPE=INTERNET:SSlamanig@bfi-sbg.at\r\nEND:VCARD',' sslamanig@bfi sbg.at stefanie slamanig',118),(593,'2017-10-31 21:09:51',0,'Natascha Pogatschnig','natascha.pogatschnig@techno-z.at','','','BEGIN:VCARD\r\nVERSION:3.0\r\nFN:Natascha Pogatschnig\r\nEMAIL;TYPE=INTERNET:natascha.pogatschnig@techno-z.at\r\nEND:VCARD',' natascha.pogatschnig@techno z.at natascha pogatschnig',140),(594,'2017-10-31 21:15:25',0,'Oliver Wagner','oliver.wagner@itg-salzburg.at','','','BEGIN:VCARD\r\nVERSION:3.0\r\nFN:Oliver Wagner\r\nEMAIL;TYPE=INTERNET:oliver.wagner@itg-salzburg.at\r\nEND:VCARD',' oliver.wagner@itg salzburg.at oliver wagner',140),(595,'2017-11-02 19:21:18',0,'JOHANNES EBNER','JOHANNES.EBNER@spar.at','','','BEGIN:VCARD\r\nVERSION:3.0\r\nFN:JOHANNES EBNER\r\nEMAIL;TYPE=INTERNET:JOHANNES.EBNER@spar.at\r\nEND:VCARD',' johannes.ebner@spar.at johannes ebner',118),(596,'2017-11-06 10:39:14',0,'Loay Zabad','loayzabad@gmail.com','','','BEGIN:VCARD\r\nVERSION:3.0\r\nFN:Loay Zabad\r\nEMAIL;TYPE=INTERNET:loayzabad@gmail.com\r\nEND:VCARD',' loayzabad@gmail.com loay zabad',118),(597,'2017-11-06 19:02:37',0,'\'Bernhard Buseck - Strobl Architekten\'','b.buseck@stroblarchitekten.at','','','BEGIN:VCARD\r\nVERSION:3.0\r\nFN:\'Bernhard Buseck - Strobl Architekten\'\r\nEMAIL;TYPE=INTERNET:b.buseck@stroblarchitekten.at\r\nEND:VCARD',' b.buseck@stroblarchitekten.at \'bernhard buseck strobl architekten\'',92),(598,'2017-11-06 19:02:40',0,'\'Luger, Erwin\'','Erwin.Luger@mubea.com','','','BEGIN:VCARD\r\nVERSION:3.0\r\nFN:\'Luger, Erwin\'\r\nEMAIL;TYPE=INTERNET:Erwin.Luger@mubea.com\r\nEND:VCARD',' erwin.luger@mubea.com \'luger, erwin\'',92),(599,'2017-11-06 19:02:43',0,'Lienbacher','lienbacher@lienbacher-zt.at','','','BEGIN:VCARD\r\nVERSION:3.0\r\nFN:Lienbacher\r\nEMAIL;TYPE=INTERNET:lienbacher@lienbacher-zt.at\r\nEND:VCARD',' lienbacher@lienbacher zt.at lienbacher',92),(600,'2017-11-08 09:45:29',0,'De Cesare','info@decesare.at','','','BEGIN:VCARD\r\nVERSION:3.0\r\nFN:De Cesare\r\nEMAIL;TYPE=INTERNET:info@decesare.at\r\nEND:VCARD',' info@decesare.at de cesare',140),(601,'2017-11-09 23:31:24',0,'Martina Nelson','mnelson25@gmail.com','','','BEGIN:VCARD\r\nVERSION:3.0\r\nFN:Martina Nelson\r\nEMAIL;TYPE=INTERNET:mnelson25@gmail.com\r\nEND:VCARD',' mnelson25@gmail.com martina nelson',6),(602,'2017-11-14 09:59:08',0,'Schaflinger, Eva','eva.schaflinger@integrationsfonds.at','','','BEGIN:VCARD\r\nVERSION:3.0\r\nFN:Schaflinger, Eva\r\nEMAIL;TYPE=INTERNET:eva.schaflinger@integrationsfonds.at\r\nEND:VCARD',' eva.schaflinger@integrationsfonds.at schaflinger, eva',118),(603,'2017-11-15 15:35:43',0,'Office','office@ejupi-baustahlverlegung.at','','','BEGIN:VCARD\r\nVERSION:3.0\r\nFN:Office\r\nEMAIL;TYPE=INTERNET:office@ejupi-baustahlverlegung.at\r\nEND:VCARD',' office@ejupi baustahlverlegung.at office',92),(604,'2017-11-16 20:43:59',0,'Office','office@witte.co.at','','','BEGIN:VCARD\r\nVERSION:3.0\r\nFN:Office\r\nEMAIL;TYPE=INTERNET:office@witte.co.at\r\nEND:VCARD',' office@witte.co.at office',92),(605,'2017-11-16 20:44:01',0,'Office','office@trees.at','','','BEGIN:VCARD\r\nVERSION:3.0\r\nFN:Office\r\nEMAIL;TYPE=INTERNET:office@trees.at\r\nEND:VCARD',' office@trees.at office',92),(606,'2017-11-16 20:44:09',0,'Griessl, Tamara','office@detailwerk.at','','','BEGIN:VCARD\r\nVERSION:3.0\r\nFN:Griessl, Tamara\r\nEMAIL;TYPE=INTERNET:office@detailwerk.at\r\nEND:VCARD',' office@detailwerk.at griessl, tamara',92),(607,'2017-11-20 13:49:32',0,'Isabella Eberl (Notarin Eberl)','i.eberl@notarin-eberl.at','','','BEGIN:VCARD\r\nVERSION:3.0\r\nFN:Isabella Eberl (Notarin Eberl)\r\nEMAIL;TYPE=INTERNET:i.eberl@notarin-eberl.at\r\nEND:VCARD',' i.eberl@notarin eberl.at isabella eberl (notarin eberl)',92),(608,'2017-11-20 22:11:32',0,'Michael Hauser','MHauser1@gmx.at','','','BEGIN:VCARD\r\nVERSION:3.0\r\nFN:Michael Hauser\r\nEMAIL;TYPE=INTERNET:MHauser1@gmx.at\r\nEND:VCARD',' mhauser1@gmx.at michal hauser',92),(609,'2017-11-21 09:14:29',0,'Fr. Vogt','salzburg.souvenirs@gmail.com','','','BEGIN:VCARD\r\nVERSION:3.0\r\nFN:Fr. Vogt\r\nEMAIL;TYPE=INTERNET:salzburg.souvenirs@gmail.com\r\nEND:VCARD',' salzburg.souvenirs@gmail.com fr. vogt',118),(610,'2017-11-22 14:21:35',0,'Beri Rasoul','beri90rasoul@gmail.com','Beri','Rasoul','BEGIN:VCARD\r\nVERSION:3.0\r\nN:Rasoul;Beri;;;\r\nFN:Beri Rasoul\r\nEMAIL;TYPE=INTERNET;TYPE=HOME:beri90rasoul@gmail.com\r\nEND:VCARD',' beri rasoul beri90rasoul@gmail.com',118),(611,'2017-11-24 09:17:39',0,'Robert Kastner','kastner@jobaktuell.eu','','','BEGIN:VCARD\r\nVERSION:3.0\r\nFN:Robert Kastner\r\nEMAIL;TYPE=INTERNET:kastner@jobaktuell.eu\r\nEND:VCARD',' kastner@jobaktull.eu robert kastner',118),(612,'2017-11-24 09:22:31',0,'Walid Shekhi','walid.11.199155@gmail.com','','','BEGIN:VCARD\r\nVERSION:3.0\r\nFN:Walid Shekhi\r\nEMAIL;TYPE=INTERNET:walid.11.199155@gmail.com\r\nEND:VCARD',' walid.11199155@gmail.com walid shekhi',118),(613,'2017-12-03 17:12:38',0,'mouayad khalid','muaidkh@hotmail.com','','','BEGIN:VCARD\r\nVERSION:3.0\r\nFN:mouayad khalid\r\nEMAIL;TYPE=INTERNET:muaidkh@hotmail.com\r\nEND:VCARD',' muaidkh@hotmail.com mouayad khalid',118),(614,'2017-12-04 08:30:20',0,'Info','info@kletzl-martin.at','','','BEGIN:VCARD\r\nVERSION:3.0\r\nFN:Info\r\nEMAIL;TYPE=INTERNET:info@kletzl-martin.at\r\nEND:VCARD',' info@kletzl martin.at info',92),(615,'2017-12-27 22:16:58',0,'office','office@grace-is-here.com','','','BEGIN:VCARD\r\nVERSION:3.0\r\nFN:office\r\nEMAIL;TYPE=INTERNET:office@grace-is-here.com\r\nEND:VCARD',' office@grace is here.com office',6),(616,'2018-01-19 11:18:52',0,'Wolfgang Reiger (IfM)','wolfgang.reiger@ifm.ac.at','','','BEGIN:VCARD\r\nVERSION:3.0\r\nFN:Wolfgang Reiger (IfM)\r\nEMAIL;TYPE=INTERNET:wolfgang.reiger@ifm.ac.at\r\nEND:VCARD',' wolfgang.reiger@ifm.ac.at wolfgang reiger (ifm)',118),(617,'2018-01-23 11:47:59',0,'morteza rezaei','morteza.rezaei2016@yahoo.com','','','BEGIN:VCARD\r\nVERSION:3.0\r\nFN:morteza rezaei\r\nEMAIL;TYPE=INTERNET:morteza.rezaei2016@yahoo.com\r\nEND:VCARD',' morteza.rezai2016@yahoo.com morteza rezai',118),(618,'2018-01-23 12:30:30',0,'Kohn Tanja','tanja.kohn@sbg.ac.at','','','BEGIN:VCARD\r\nVERSION:3.0\r\nFN:Kohn Tanja\r\nEMAIL;TYPE=INTERNET:tanja.kohn@sbg.ac.at\r\nEND:VCARD',' tanja.kohn@sbg.ac.at kohn tanja',140),(619,'2018-01-28 21:14:25',0,'Ibrahim Adham','ebrahim.adham93@gmail.com','','','BEGIN:VCARD\r\nVERSION:3.0\r\nFN:Ibrahim Adham\r\nEMAIL;TYPE=INTERNET:ebrahim.adham93@gmail.com\r\nEND:VCARD',' ebrahim.adham93@gmail.com ibrahim adham',118),(620,'2018-01-31 14:09:09',0,'J O Y','joy@kabelmail.de','','','BEGIN:VCARD\r\nVERSION:3.0\r\nFN:J O Y\r\nEMAIL;TYPE=INTERNET:joy@kabelmail.de\r\nEND:VCARD',' joy@kabelmail.de o',6),(621,'2018-02-01 13:59:13',0,'astrid\'s büro','buero@astrids-buero.at','','','BEGIN:VCARD\r\nVERSION:3.0\r\nFN:astrid\'s büro\r\nEMAIL;TYPE=INTERNET:buero@astrids-buero.at\r\nEND:VCARD',' buro@astrids buro.at astrid\'s buro',118),(622,'2018-02-01 14:00:18',0,'Silke Stadelmann','silki@gmx.at','','','BEGIN:VCARD\r\nVERSION:3.0\r\nFN:Silke Stadelmann\r\nEMAIL;TYPE=INTERNET:silki@gmx.at\r\nEND:VCARD',' silki@gmx.at silke stadelmann',118),(623,'2018-02-02 10:02:42',0,'Andreas Gruber','andreas.gruber@redlink.co','','','BEGIN:VCARD\r\nVERSION:3.0\r\nFN:Andreas Gruber\r\nEMAIL;TYPE=INTERNET:andreas.gruber@redlink.co\r\nEND:VCARD',' andreas.gruber@redlink.co andreas gruber',118),(624,'2018-02-12 09:13:02',0,'Georg Teufl','georg.teufl@psii.rehab','','','BEGIN:VCARD\r\nVERSION:3.0\r\nFN:Georg Teufl\r\nEMAIL;TYPE=INTERNET:georg.teufl@psii.rehab\r\nEND:VCARD',' georg.teufl@psii.rehab georg teufl',140),(625,'2018-02-12 20:01:36',0,'FlixBus','reply-ff3811707566-9_HTML-6199268-100001653-636@email.flixbus.com','','','BEGIN:VCARD\r\nVERSION:3.0\r\nFN:FlixBus\r\nEMAIL;TYPE=INTERNET:reply-ff3811707566-9_HTML-6199268-100001653-636@email.flixbus.com\r\nEND:VCARD',' reply ff38117075669_html 6199268100001653636@email.flixbus.com flixbus',6),(626,'2018-02-16 07:19:49',0,'Maximilian Niedermüller','max@mcnie.at','','','BEGIN:VCARD\r\nVERSION:3.0\r\nFN:Maximilian Niedermüller\r\nEMAIL;TYPE=INTERNET:max@mcnie.at\r\nEND:VCARD',' max@mcnie.at maximilian niedermuller',140),(627,'2018-02-20 06:43:44',0,'Petra Haudum','P.Haudum@nuapua.com','','','BEGIN:VCARD\r\nVERSION:3.0\r\nFN:Petra Haudum\r\nEMAIL;TYPE=INTERNET:P.Haudum@nuapua.com\r\nEND:VCARD',' p.haudum@nuapua.com petra haudum',140),(628,'2018-02-22 08:39:10',0,'Julia Alunovic','julia.alunovic@mysugr.com','','','BEGIN:VCARD\r\nVERSION:3.0\r\nFN:Julia Alunovic\r\nEMAIL;TYPE=INTERNET:julia.alunovic@mysugr.com\r\nEND:VCARD',' julia.alunovic@mysugr.com julia alunovic',4),(629,'2018-02-27 09:24:12',0,'Duy Le Pham','DuyLe.Pham@stud.sbg.ac.at','','','BEGIN:VCARD\r\nVERSION:3.0\r\nFN:Duy Le Pham\r\nEMAIL;TYPE=INTERNET:DuyLe.Pham@stud.sbg.ac.at\r\nEND:VCARD',' duyle.pham@stud.sbg.ac.at duy le pham',118),(630,'2018-03-19 08:05:01',0,'office','office@lienbacher-zt.at','','','BEGIN:VCARD\r\nVERSION:3.0\r\nFN:office\r\nEMAIL;TYPE=INTERNET:office@lienbacher-zt.at\r\nEND:VCARD',' office@lienbacher zt.at office',92),(631,'2018-03-20 10:52:53',0,'Silke Schaaf','sillischaaf@googlemail.com','','','BEGIN:VCARD\r\nVERSION:3.0\r\nFN:Silke Schaaf\r\nEMAIL;TYPE=INTERNET:sillischaaf@googlemail.com\r\nEND:VCARD',' sillischaaf@googlemail.com silke schaaf',118),(632,'2018-03-21 14:55:48',0,'Astrid fairmatching','astrid@fairmatching.com','Astrid','fairmatching','BEGIN:VCARD\r\nVERSION:3.0\r\nN:fairmatching;Astrid;;;\r\nFN:Astrid fairmatching\r\nEMAIL;TYPE=INTERNET;TYPE=HOME:astrid@fairmatching.com\r\nEND:VCARD',' astrid fairmatching astrid@fairmatching.com',118),(633,'2018-03-21 14:56:09',0,'Silke  fa','silke@fairmatching.com','Silke ','fa','BEGIN:VCARD\r\nVERSION:3.0\r\nN:fa;Silke ;;;\r\nFN:Silke  fa\r\nEMAIL;TYPE=INTERNET;TYPE=HOME:silke@fairmatching.com\r\nEND:VCARD',' silke fa silke@fairmatching.com',118),(634,'2018-03-21 14:59:55',0,'Astrid','astrid@fairmatching.com','Astrid','','BEGIN:VCARD\r\nVERSION:3.0\r\nN:;Astrid;;;\r\nFN:Astrid\r\nEMAIL;TYPE=INTERNET;TYPE=HOME:astrid@fairmatching.com\r\nEND:VCARD',' astrid astrid@fairmatching.com',118),(635,'2018-03-21 15:00:18',0,'Silke','silke@fairmatching.com','Silke ','','BEGIN:VCARD\r\nVERSION:3.0\r\nN:;Silke ;;;\r\nFN:Silke\r\nEMAIL;TYPE=INTERNET;TYPE=HOME:silke@fairmatching.com\r\nEND:VCARD',' silke silke@fairmatching.com',118),(636,'2018-03-21 15:02:22',0,'wolfgang','wolfgang.tonninger@almblitz.com','wolfgang','','BEGIN:VCARD\r\nVERSION:3.0\r\nN:;wolfgang;;;\r\nFN:wolfgang\r\nEMAIL;TYPE=INTERNET;TYPE=HOME:wolfgang.tonninger@almblitz.com\r\nEND:VCARD',' wolfgang wolfgang.tonninger@almblitz.com',118),(637,'2018-03-23 13:48:23',0,'Petra Schwarz','petra.schwarz@ams.at','Petra','Schwarz','BEGIN:VCARD\r\nVERSION:3.0\r\nN:Schwarz;Petra;;;\r\nFN:Petra Schwarz\r\nEMAIL;TYPE=INTERNET;TYPE=HOME:petra.schwarz@ams.at\r\nEND:VCARD',' petra schwarz petra.schwarz@ams.at',118),(638,'2018-03-23 13:48:44',0,'Arthur Seidl','arthur.seidl@ams.at','Arthur','Seidl','BEGIN:VCARD\r\nVERSION:3.0\r\nN:Seidl;Arthur;;;\r\nFN:Arthur Seidl\r\nEMAIL;TYPE=INTERNET;TYPE=HOME:arthur.seidl@ams.at\r\nEND:VCARD',' arthur seidl arthur.seidl@ams.at',118),(639,'2018-03-27 11:32:19',0,'Chahin Amran','amran.chahin@stud.sbg.ac.at','','','BEGIN:VCARD\r\nVERSION:3.0\r\nFN:Chahin Amran\r\nEMAIL;TYPE=INTERNET:amran.chahin@stud.sbg.ac.at\r\nEND:VCARD',' amran.chahin@stud.sbg.ac.at chahin amran',118),(640,'2018-03-29 12:21:43',0,'Herbert Reith','H.Reith@bauzeitplan.at','','','BEGIN:VCARD\r\nVERSION:3.0\r\nFN:Herbert Reith\r\nEMAIL;TYPE=INTERNET:H.Reith@bauzeitplan.at\r\nEND:VCARD',' h.reith@bauzeitplan.at herbert reith',98),(641,'2018-03-29 15:22:22',0,'Kurt SWOBODA','noreply@mobuto.net','','','BEGIN:VCARD\r\nVERSION:3.0\r\nFN:Kurt SWOBODA\r\nEMAIL;TYPE=INTERNET:noreply@mobuto.net\r\nEND:VCARD',' noreply@mobuto.net kurt swoboda',98),(642,'2018-03-30 13:10:01',0,'Gregor Streng','gregor.streng@gesagt-getan.at','','','BEGIN:VCARD\r\nVERSION:3.0\r\nFN:Gregor Streng\r\nEMAIL;TYPE=INTERNET:gregor.streng@gesagt-getan.at\r\nEND:VCARD',' gregor.streng@gesagt getan.at gregor streng',118),(643,'2018-04-05 10:06:20',0,'Schmidinger Andrea','Andrea.Schmidinger@caritas-salzburg.at','','','BEGIN:VCARD\r\nVERSION:3.0\r\nFN:Schmidinger Andrea\r\nEMAIL;TYPE=INTERNET:Andrea.Schmidinger@caritas-salzburg.at\r\nEND:VCARD',' andrea.schmidinger@caritas salzburg.at schmidinger andrea',118),(644,'2018-04-10 14:39:37',0,'Hevan Osman','hevanosman.sm@gmail.com','','','BEGIN:VCARD\r\nVERSION:3.0\r\nFN:Hevan Osman\r\nEMAIL;TYPE=INTERNET:hevanosman.sm@gmail.com\r\nEND:VCARD',' hevanosman.sm@gmail.com hevan osman',118),(645,'2018-04-11 09:20:15',0,'Christian Dackau','Office@nature-awakes.at','Christian','Dackau','BEGIN:VCARD\r\nVERSION:3.0\r\nN:Dackau;Christian;;;\r\nFN:Christian Dackau\r\nEMAIL;TYPE=INTERNET;TYPE=HOME:Office@nature-awakes.at\r\nEND:VCARD',' christian dackau office@nature awakes.at',140),(646,'2018-04-11 09:20:35',0,'Vanessa Mükisch','vanessamuekisch@gmail.com','Vanessa','Mükisch','BEGIN:VCARD\r\nVERSION:3.0\r\nN:Mükisch;Vanessa;;;\r\nFN:Vanessa Mükisch\r\nEMAIL;TYPE=INTERNET;TYPE=HOME:vanessamuekisch@gmail.com\r\nEND:VCARD',' vanessa mukisch vanessamukisch@gmail.com',140),(647,'2018-04-11 09:21:57',0,'Georg Teufl','georg.teufl@psii.rehab','Georg','Teufl','BEGIN:VCARD\r\nVERSION:3.0\r\nN:Teufl;Georg;;;\r\nFN:Georg Teufl\r\nEMAIL;TYPE=INTERNET;TYPE=HOME:georg.teufl@psii.rehab\r\nEND:VCARD',' georg teufl georg.teufl@psii.rehab',140),(648,'2018-04-11 09:22:59',0,'Armin Weis','fitforpassionsalzburg@gmail.com','Armin','Weis','BEGIN:VCARD\r\nVERSION:3.0\r\nN:Weis;Armin;;;\r\nFN:Armin Weis\r\nEMAIL;TYPE=INTERNET;TYPE=HOME:fitforpassionsalzburg@gmail.com\r\nEND:VCARD',' armin weis fitforpassionsalzburg@gmail.com',140),(649,'2018-04-12 09:02:53',0,'Peter Schad','peter.schad@lebens-raeume.eu','','','BEGIN:VCARD\r\nVERSION:3.0\r\nFN:Peter Schad\r\nEMAIL;TYPE=INTERNET:peter.schad@lebens-raeume.eu\r\nEND:VCARD',' peter.schad@lebens raume.eu peter schad',140),(650,'2018-04-12 09:03:20',0,'Peter Schad','peter.schad@lebens-raeume.eu','Peter','Schad','BEGIN:VCARD\r\nVERSION:3.0\r\nN:Schad;Peter;;;\r\nFN:Peter Schad\r\nEMAIL;TYPE=INTERNET;TYPE=HOME:peter.schad@lebens-raeume.eu\r\nEND:VCARD',' peter schad peter.schad@lebens raume.eu',140),(651,'2018-04-14 15:54:25',0,'Natasa Deutinger','Natasa.Deutinger@anwendungszentrum.de','','','BEGIN:VCARD\r\nVERSION:3.0\r\nFN:Natasa Deutinger\r\nEMAIL;TYPE=INTERNET:Natasa.Deutinger@anwendungszentrum.de\r\nEND:VCARD',' natasa.deutinger@anwendungszentrum.de natasa deutinger',140),(652,'2018-04-16 09:01:51',0,'Jaako Ranta','jaakko.ranta@click2contract.com','Jaako','Ranta','BEGIN:VCARD\r\nVERSION:3.0\r\nN:Ranta;Jaako;;;\r\nFN:Jaako Ranta\r\nEMAIL;TYPE=INTERNET;TYPE=HOME:jaakko.ranta@click2contract.com\r\nEND:VCARD',' jaako ranta jaakko.ranta@click2contract.com',140),(653,'2018-04-23 08:55:56',0,'Informationszentrum der Stadt Salzburg','information@stadt-salzburg.at','','','BEGIN:VCARD\r\nVERSION:3.0\r\nFN:Informationszentrum der Stadt Salzburg\r\nEMAIL;TYPE=INTERNET:information@stadt-salzburg.at\r\nEND:VCARD',' information@stadt salzburg.at informationszentrum der stadt salzburg',6),(654,'2018-04-24 08:26:52',0,'Alex Schar','info@outworx.at','Alex','Schar ','BEGIN:VCARD\r\nVERSION:3.0\r\nN:Schar ;Alex;;;\r\nFN:Alex Schar\r\nEMAIL;TYPE=INTERNET;TYPE=HOME:info@outworx.at\r\nEND:VCARD',' alex schar info@outworx.at',140),(655,'2018-04-25 08:51:53',0,'Siegfried Stadler','Siegfried.Stadler@gmx.at','','','BEGIN:VCARD\r\nVERSION:3.0\r\nFN:Siegfried Stadler\r\nEMAIL;TYPE=INTERNET:Siegfried.Stadler@gmx.at\r\nEND:VCARD',' siegfried.stadler@gmx.at siegfried stadler',98),(656,'2018-04-25 08:52:05',0,'Creativbau Irnberger Roland','office@creativbau-irnberger.at','','','BEGIN:VCARD\r\nVERSION:3.0\r\nFN:Creativbau Irnberger Roland\r\nEMAIL;TYPE=INTERNET:office@creativbau-irnberger.at\r\nEND:VCARD',' office@creativbau irnberger.at creativbau irnberger roland',98),(657,'2018-04-25 08:52:10',0,'Manfred Wallner','manfred.wallner@rb-seenland.at','','','BEGIN:VCARD\r\nVERSION:3.0\r\nFN:Manfred Wallner\r\nEMAIL;TYPE=INTERNET:manfred.wallner@rb-seenland.at\r\nEND:VCARD',' manfred.wallner@rb seenland.at manfred wallner',98),(658,'2018-04-25 11:27:13',0,'Birhanu Woldegorgis','britamirt@gmail.com','Birhanu','Woldegorgis','BEGIN:VCARD\r\nVERSION:3.0\r\nN:Woldegorgis;Birhanu;;;\r\nFN:Birhanu Woldegorgis\r\nEMAIL;TYPE=INTERNET;TYPE=HOME:britamirt@gmail.com\r\nEND:VCARD',' birhanu woldegorgis britamirt@gmail.com',118),(659,'2018-04-27 08:19:27',0,'Lucas Triebl','Lt@loa-studio.com','Lucas','Triebl','BEGIN:VCARD\r\nVERSION:3.0\r\nN:Triebl;Lucas;;;\r\nFN:Lucas Triebl\r\nEMAIL;TYPE=INTERNET;TYPE=HOME:Lt@loa-studio.com\r\nEND:VCARD',' lucas triebl lt@loa studio.com',140),(660,'2018-04-27 08:20:26',0,'Jeremy Cabaret','impetrogear@gmail.com','Jeremy','Cabaret','BEGIN:VCARD\r\nVERSION:3.0\r\nN:Cabaret;Jeremy;;;\r\nFN:Jeremy Cabaret\r\nEMAIL;TYPE=INTERNET;TYPE=HOME:impetrogear@gmail.com\r\nEND:VCARD',' jeremy cabaret impetrogear@gmail.com',140),(661,'2018-04-27 08:22:57',0,'Albert Vogl-Bader','albert.vogl-bader@carployee.com','Albert','Vogl-Bader','BEGIN:VCARD\r\nVERSION:3.0\r\nN:Vogl-Bader;Albert;;;\r\nFN:Albert Vogl-Bader\r\nEMAIL;TYPE=INTERNET;TYPE=HOME:albert.vogl-bader@carployee.com\r\nEND:VCARD',' albert vogl bader albert.vogl bader@carployee.com',140),(662,'2018-05-02 17:12:14',0,'B Steffner','b.steffner@kreuzberger.at','','','BEGIN:VCARD\r\nVERSION:3.0\r\nFN:B Steffner\r\nEMAIL;TYPE=INTERNET:b.steffner@kreuzberger.at\r\nEND:VCARD',' b.steffner@kreuzberger.at steffner',92),(663,'2018-05-11 09:43:41',0,'Fa. Alzner - Gerhard Alzner','gerhard@alzner.at','','','BEGIN:VCARD\r\nVERSION:3.0\r\nFN:Fa. Alzner - Gerhard Alzner\r\nEMAIL;TYPE=INTERNET:gerhard@alzner.at\r\nEND:VCARD',' gerhard@alzner.at fa. alzner gerhard',92),(664,'2018-05-16 11:50:14',0,'Martha Schweissgut','schweissgut@menschen-leben.at','','','BEGIN:VCARD\r\nVERSION:3.0\r\nFN:Martha Schweissgut\r\nEMAIL;TYPE=INTERNET:schweissgut@menschen-leben.at\r\nEND:VCARD',' schweissgut@menschen leben.at martha schweissgut',118),(665,'2018-05-16 12:03:20',0,'martin salzer','martin.salzer@ams.at','','','BEGIN:VCARD\r\nVERSION:3.0\r\nFN:martin salzer\r\nEMAIL;TYPE=INTERNET:martin.salzer@ams.at\r\nEND:VCARD',' martin.salzer@ams.at martin salzer',118),(666,'2018-05-22 10:02:39',0,'Habib Pirin','habib.peren@yahoo.com','Habib','Pirin','BEGIN:VCARD\r\nVERSION:3.0\r\nN:Pirin;Habib;;;\r\nFN:Habib Pirin\r\nEMAIL;TYPE=INTERNET;TYPE=HOME:habib.peren@yahoo.com\r\nEND:VCARD',' habib pirin habib.peren@yahoo.com',118),(667,'2018-05-23 16:40:53',0,'Armin Langhofer - Langhofer Quality Hosting and Solutions GmbH','office@langhofer.at','','','BEGIN:VCARD\r\nVERSION:3.0\r\nFN:Armin Langhofer - Langhofer Quality Hosting and Solutions GmbH\r\nEMAIL;TYPE=INTERNET:office@langhofer.at\r\nEND:VCARD',' office@langhofer.at armin langhofer quality hosting and solutions gmbh',140),(668,'2018-05-28 11:30:31',0,'E Molnar','e.molnar@verein-viele.at','','','BEGIN:VCARD\r\nVERSION:3.0\r\nFN:E Molnar\r\nEMAIL;TYPE=INTERNET:e.molnar@verein-viele.at\r\nEND:VCARD',' e.molnar@verein viele.at molnar',118),(669,'2018-05-28 12:46:44',0,'Tarek Naser','tarek.naser.mery@gmail.com','','','BEGIN:VCARD\r\nVERSION:3.0\r\nFN:Tarek Naser\r\nEMAIL;TYPE=INTERNET:tarek.naser.mery@gmail.com\r\nEND:VCARD',' tarek.naser.mery@gmail.com tarek naser',118),(670,'2018-06-05 11:40:12',0,'Kreuzberger-Bau - Bmst. Zmst. Norbert Wengler','n.wengler@kreuzberger-bau.at','','','BEGIN:VCARD\r\nVERSION:3.0\r\nFN:Kreuzberger-Bau - Bmst. Zmst. Norbert Wengler\r\nEMAIL;TYPE=INTERNET:n.wengler@kreuzberger-bau.at\r\nEND:VCARD',' n.wengler@kreuzberger bau.at kreuzberger bau bmst. zmst. norbert wengler',98),(671,'2018-06-05 11:40:15',0,'Martin Haberpeuntner','haberpeuntner@bauartsbg.com','','','BEGIN:VCARD\r\nVERSION:3.0\r\nFN:Martin Haberpeuntner\r\nEMAIL;TYPE=INTERNET:haberpeuntner@bauartsbg.com\r\nEND:VCARD',' haberpeuntner@bauartsbg.com martin haberpeuntner',98),(672,'2018-06-05 11:40:18',0,'E Wohlesser','e.wohlesser@abek.at','','','BEGIN:VCARD\r\nVERSION:3.0\r\nFN:E Wohlesser\r\nEMAIL;TYPE=INTERNET:e.wohlesser@abek.at\r\nEND:VCARD',' e.wohlesser@abek.at wohlesser',98),(673,'2018-06-06 15:12:38',0,'Hermann Vogl','Hermann.Vogl@sbg.at','','','BEGIN:VCARD\r\nVERSION:3.0\r\nFN:Hermann Vogl\r\nEMAIL;TYPE=INTERNET:Hermann.Vogl@sbg.at\r\nEND:VCARD',' hermann.vogl@sbg.at hermann vogl',92),(674,'2018-06-13 16:23:20',0,'Gregor Martin','Martin.Gregor@salzburg-ag.at','','','BEGIN:VCARD\r\nVERSION:3.0\r\nFN:Gregor Martin\r\nEMAIL;TYPE=INTERNET:Martin.Gregor@salzburg-ag.at\r\nEND:VCARD',' martin.gregor@salzburg ag.at gregor martin',92),(675,'2018-06-13 16:23:24',0,'Office','office@w-brugger.at','','','BEGIN:VCARD\r\nVERSION:3.0\r\nFN:Office\r\nEMAIL;TYPE=INTERNET:office@w-brugger.at\r\nEND:VCARD',' office@w brugger.at office',92),(676,'2018-06-16 11:30:41',0,'Harbeck','harbeck@tele2.at','','','BEGIN:VCARD\r\nVERSION:3.0\r\nFN:Harbeck\r\nEMAIL;TYPE=INTERNET:harbeck@tele2.at\r\nEND:VCARD',' harbeck@tele2.at harbeck',92),(677,'2018-06-21 09:26:04',0,'Tom Zezula','tom@academy-salzburg.at','Tom','Zezula','BEGIN:VCARD\r\nVERSION:3.0\r\nN:Zezula;Tom;;;\r\nFN:Tom Zezula\r\nEMAIL;TYPE=INTERNET;TYPE=HOME:tom@academy-salzburg.at\r\nEND:VCARD',' tom zezula tom@academy salzburg.at',118),(678,'2018-06-26 18:49:49',0,'Mouayad  ABDO','mouayad-sm@hotmail.com','Mouayad ','ABDO','BEGIN:VCARD\r\nVERSION:3.0\r\nN:ABDO;Mouayad ;;;\r\nFN:Mouayad  ABDO\r\nEMAIL;TYPE=INTERNET;TYPE=HOME:mouayad-sm@hotmail.com\r\nEND:VCARD',' mouayad abdo sm@hotmail.com',118),(679,'2018-06-27 15:42:53',0,'Wolfgang Ullrich','ullrich@detailwerk.at','','','BEGIN:VCARD\r\nVERSION:3.0\r\nFN:Wolfgang Ullrich\r\nEMAIL;TYPE=INTERNET:ullrich@detailwerk.at\r\nEND:VCARD',' ullrich@detailwerk.at wolfgang ullrich',92),(680,'2018-06-29 08:57:43',0,'Annette Späth','freeleonette@gmail.com','Annette','Späth','BEGIN:VCARD\r\nVERSION:3.0\r\nN:Späth;Annette;;;\r\nFN:Annette Späth\r\nEMAIL;TYPE=INTERNET;TYPE=HOME:freeleonette@gmail.com\r\nEND:VCARD',' annette spath freeleonette@gmail.com',118),(681,'2018-06-29 09:01:14',0,'Ali Reza Morowati','alirezamorowati19@gmail.com','Ali','Reza Morowati','BEGIN:VCARD\r\nVERSION:3.0\r\nN:Reza Morowati;Ali;;;\r\nFN:Ali Reza Morowati\r\nEMAIL;TYPE=INTERNET;TYPE=HOME:alirezamorowati19@gmail.com\r\nEND:VCARD',' ali reza morowati alirezamorowati19@gmail.com',118),(682,'2018-07-09 13:24:43',0,'R Winkler','r.winkler@rekord-fenster.com','','','BEGIN:VCARD\r\nVERSION:3.0\r\nFN:R Winkler\r\nEMAIL;TYPE=INTERNET:r.winkler@rekord-fenster.com\r\nEND:VCARD',' r.winkler@rekord fenster.com winkler',92),(683,'2018-07-10 20:05:50',0,'Andrea Ausserwinkler','andrea.ausserwinkler@caritas-salzburg.at','Andrea','Ausserwinkler','BEGIN:VCARD\r\nVERSION:3.0\r\nN:Ausserwinkler;Andrea;;;\r\nFN:Andrea Ausserwinkler\r\nEMAIL;TYPE=INTERNET;TYPE=HOME:andrea.ausserwinkler@caritas-salzburg.at\r\nEND:VCARD',' andrea ausserwinkler andrea.ausserwinkler@caritas salzburg.at',118),(684,'2018-07-11 09:25:45',0,'Nicole Zöbl','n.zoebl@frau-und-arbeit.at','Nicole','Zöbl','BEGIN:VCARD\r\nVERSION:3.0\r\nN:Zöbl;Nicole;;;\r\nFN:Nicole Zöbl\r\nEMAIL;TYPE=INTERNET;TYPE=HOME:n.zoebl@frau-und-arbeit.at\r\nEND:VCARD',' nicole zobl n.zobl@frau und arbeit.at',118),(685,'2018-07-12 13:20:47',0,'Vollwaermeschutz Jovanovic','vollwaermeschutz.jovanovic@outlook.de','','','BEGIN:VCARD\r\nVERSION:3.0\r\nFN:Vollwaermeschutz Jovanovic\r\nEMAIL;TYPE=INTERNET:vollwaermeschutz.jovanovic@outlook.de\r\nEND:VCARD',' vollwarmeschutz.jovanovic@outlook.de vollwarmeschutz jovanovic',92),(686,'2018-07-12 13:20:53',0,'Golser','golser@w-brugger.at','','','BEGIN:VCARD\r\nVERSION:3.0\r\nFN:Golser\r\nEMAIL;TYPE=INTERNET:golser@w-brugger.at\r\nEND:VCARD',' golser@w brugger.at golser',92),(687,'2018-07-12 13:20:56',0,'Angerer','angerer@karres.at','','','BEGIN:VCARD\r\nVERSION:3.0\r\nFN:Angerer\r\nEMAIL;TYPE=INTERNET:angerer@karres.at\r\nEND:VCARD',' angerer@karres.at angerer',92),(688,'2018-07-12 13:20:58',0,'Maxbauer','maxbauer@karres.at','','','BEGIN:VCARD\r\nVERSION:3.0\r\nFN:Maxbauer\r\nEMAIL;TYPE=INTERNET:maxbauer@karres.at\r\nEND:VCARD',' maxbaur@karres.at maxbaur',92),(689,'2018-07-12 13:21:02',0,'Christian Stadler','stadler@detailwerk.at','','','BEGIN:VCARD\r\nVERSION:3.0\r\nFN:Christian Stadler\r\nEMAIL;TYPE=INTERNET:stadler@detailwerk.at\r\nEND:VCARD',' stadler@detailwerk.at christian stadler',92),(690,'2018-07-12 13:21:04',0,'Bernhard Karrer','b.karrer@modl.at','','','BEGIN:VCARD\r\nVERSION:3.0\r\nFN:Bernhard Karrer\r\nEMAIL;TYPE=INTERNET:b.karrer@modl.at\r\nEND:VCARD',' b.karrer@modl.at bernhard karrer',92),(691,'2018-07-12 13:21:06',0,'Schachl Dach','office@schachl-dach.at','','','BEGIN:VCARD\r\nVERSION:3.0\r\nFN:Schachl Dach\r\nEMAIL;TYPE=INTERNET:office@schachl-dach.at\r\nEND:VCARD',' office@schachl dach.at schachl dach',92),(692,'2018-07-16 08:17:06',0,'Martin Zehentmayer','m.zehentmayer@auditservices.at','','','BEGIN:VCARD\r\nVERSION:3.0\r\nFN:Martin Zehentmayer\r\nEMAIL;TYPE=INTERNET:m.zehentmayer@auditservices.at\r\nEND:VCARD',' m.zehentmayer@auditservices.at martin zehentmayer',92),(693,'2018-07-16 08:17:11',0,'\'Axel Hupfauer\'','kontakt@hupfauer.at','','','BEGIN:VCARD\r\nVERSION:3.0\r\nFN:\'Axel Hupfauer\'\r\nEMAIL;TYPE=INTERNET:kontakt@hupfauer.at\r\nEND:VCARD',' kontakt@hupfaur.at \'axel hupfaur\'',92),(694,'2018-07-18 11:03:48',0,'samer fayyad','dr.s.fayyad@hotmail.com','','','BEGIN:VCARD\r\nVERSION:3.0\r\nFN:samer fayyad\r\nEMAIL;TYPE=INTERNET:dr.s.fayyad@hotmail.com\r\nEND:VCARD',' dr.s.fayyad@hotmail.com samer fayyad',118),(695,'2018-07-27 13:58:01',0,'dispo','dispo@amerhauser.at','','','BEGIN:VCARD\r\nVERSION:3.0\r\nFN:dispo\r\nEMAIL;TYPE=INTERNET:dispo@amerhauser.at\r\nEND:VCARD',' dispo@amerhauser.at dispo',98),(696,'2018-08-09 14:22:02',0,'Alaa Batman','batmanelektronik76@gmail.com','','','BEGIN:VCARD\r\nVERSION:3.0\r\nFN:Alaa Batman\r\nEMAIL;TYPE=INTERNET:batmanelektronik76@gmail.com\r\nEND:VCARD',' batmanelektronik76@gmail.com alaa batman',118),(697,'2018-08-14 14:02:49',0,'Mahdi Zamani','mehdizamani1981@gmx.de','','','BEGIN:VCARD\r\nVERSION:3.0\r\nFN:Mahdi Zamani\r\nEMAIL;TYPE=INTERNET:mehdizamani1981@gmx.de\r\nEND:VCARD',' mehdizamani1981@gmx.de mahdi zamani',118),(698,'2018-08-20 07:46:14',0,'Kadirolli, Rrahmone','kadirolli@containex.com','','','BEGIN:VCARD\r\nVERSION:3.0\r\nFN:Kadirolli, Rrahmone\r\nEMAIL;TYPE=INTERNET:kadirolli@containex.com\r\nEND:VCARD',' kadirolli@containex.com kadirolli, rrahmone',92),(699,'2018-08-20 10:22:54',0,'Mohammed Miahy','momo.rabi@yahoo.de','Mohammed','Miahy','BEGIN:VCARD\r\nVERSION:3.0\r\nN:Miahy;Mohammed;;;\r\nFN:Mohammed Miahy\r\nEMAIL;TYPE=INTERNET;TYPE=HOME:momo.rabi@yahoo.de\r\nEND:VCARD',' mohammed miahy momo.rabi@yahoo.de',118),(700,'2018-08-21 11:44:12',0,'Ati Alaati','alaatiaati@gmail.com','','','BEGIN:VCARD\r\nVERSION:3.0\r\nFN:Ati Alaati\r\nEMAIL;TYPE=INTERNET:alaatiaati@gmail.com\r\nEND:VCARD',' alaatiaati@gmail.com ati alaati',118),(701,'2018-08-24 12:36:24',0,'Michael Hatheier','michael.hatheier@lgh.rvs.at','','','BEGIN:VCARD\r\nVERSION:3.0\r\nFN:Michael Hatheier\r\nEMAIL;TYPE=INTERNET:michael.hatheier@lgh.rvs.at\r\nEND:VCARD',' michal.hatheier@lgh.rvs.at michal hatheier',92),(702,'2018-08-24 12:36:27',0,'Robert Bamberger','robert.bamberger@lgh.rvs.at','','','BEGIN:VCARD\r\nVERSION:3.0\r\nFN:Robert Bamberger\r\nEMAIL;TYPE=INTERNET:robert.bamberger@lgh.rvs.at\r\nEND:VCARD',' robert.bamberger@lgh.rvs.at robert bamberger',92),(703,'2018-08-24 12:36:27',0,'Robert Bamberger','robert.bamberger@lgh.rvs.at','','','BEGIN:VCARD\r\nVERSION:3.0\r\nFN:Robert Bamberger\r\nEMAIL;TYPE=INTERNET:robert.bamberger@lgh.rvs.at\r\nEND:VCARD',' robert.bamberger@lgh.rvs.at robert bamberger',92),(704,'2018-08-28 08:32:49',0,'Hausverwaltung Stangl','hausverwaltung@stangl.net','','','BEGIN:VCARD\r\nVERSION:3.0\r\nFN:Hausverwaltung Stangl\r\nEMAIL;TYPE=INTERNET:hausverwaltung@stangl.net\r\nEND:VCARD',' hausverwaltung@stangl.net hausverwaltung stangl',4),(705,'2018-08-28 14:55:44',0,'Conversiologie','eva.huemer@conversiologie.at','','','BEGIN:VCARD\r\nVERSION:3.0\r\nFN:Conversiologie\r\nEMAIL;TYPE=INTERNET:eva.huemer@conversiologie.at\r\nEND:VCARD',' eva.humer@conversiologie.at conversiologie',145),(706,'2018-08-30 11:32:05',0,'Josef Strasser, Holzbaufuchs','info@holzbaufuchs.at','','','BEGIN:VCARD\r\nVERSION:3.0\r\nFN:Josef Strasser, Holzbaufuchs\r\nEMAIL;TYPE=INTERNET:info@holzbaufuchs.at\r\nEND:VCARD',' info@holzbaufuchs.at josef strasser, holzbaufuchs',92),(707,'2018-09-03 11:06:20',0,'Maschke Lorenz, DI, WKS','lmaschke@wks.at','','','BEGIN:VCARD\r\nVERSION:3.0\r\nFN:Maschke Lorenz, DI, WKS\r\nEMAIL;TYPE=INTERNET:lmaschke@wks.at\r\nEND:VCARD',' lmaschke@wks.at maschke lorenz, di, wks',118),(708,'2018-09-04 12:01:53',0,'Heike Rainer','heike.rainer@fh-salzburg.ac.at','','','BEGIN:VCARD\r\nVERSION:3.0\r\nFN:Heike Rainer\r\nEMAIL;TYPE=INTERNET:heike.rainer@fh-salzburg.ac.at\r\nEND:VCARD',' heike.rainer@fh salzburg.ac.at heike rainer',118),(709,'2018-09-04 12:03:15',0,'Heiko Berner','heiko.berner@fh-salzburg.ac.at','','','BEGIN:VCARD\r\nVERSION:3.0\r\nFN:Heiko Berner\r\nEMAIL;TYPE=INTERNET:heiko.berner@fh-salzburg.ac.at\r\nEND:VCARD',' heiko.berner@fh salzburg.ac.at heiko berner',118),(710,'2018-09-10 09:31:21',0,'Jobs','jobs@palfinger.com','','','BEGIN:VCARD\r\nVERSION:3.0\r\nFN:Jobs\r\nEMAIL;TYPE=INTERNET:jobs@palfinger.com\r\nEND:VCARD',' jobs@palfinger.com jobs',118),(711,'2018-09-10 09:32:06',0,'Hannes  Gruber','h.gruber@palfinger.com','Hannes ','Gruber','BEGIN:VCARD\r\nVERSION:3.0\r\nN:Gruber;Hannes ;;;\r\nFN:Hannes  Gruber\r\nEMAIL;TYPE=INTERNET;TYPE=HOME:h.gruber@palfinger.com\r\nEND:VCARD',' hannes gruber h.gruber@palfinger.com',118),(712,'2018-09-10 09:54:11',0,'Elisabeth Friesacher - Hotel Friesacher','elisabeth@friesacher.com','','','BEGIN:VCARD\r\nVERSION:3.0\r\nFN:Elisabeth Friesacher - Hotel Friesacher\r\nEMAIL;TYPE=INTERNET:elisabeth@friesacher.com\r\nEND:VCARD',' elisabeth@friesacher.com elisabeth friesacher hotel',118),(713,'2018-09-10 10:15:38',0,'Risothomas Thomas','genuss@risottomas.at','Risothomas','Thomas','BEGIN:VCARD\r\nVERSION:3.0\r\nN:Thomas;Risothomas;;;\r\nFN:Risothomas Thomas\r\nEMAIL;TYPE=INTERNET;TYPE=HOME:genuss@risottomas.at\r\nEND:VCARD',' risothomas thomas genuss@risottomas.at',118),(714,'2018-09-10 20:29:23',0,'Erich Hettegger (Mineralöle Hettegger)','Erich@hettegger.at','','','BEGIN:VCARD\r\nVERSION:3.0\r\nFN:Erich Hettegger (Mineralöle Hettegger)\r\nEMAIL;TYPE=INTERNET:Erich@hettegger.at\r\nEND:VCARD',' erich@hettegger.at erich hettegger (mineralole hettegger)',92),(715,'2018-09-12 07:57:25',0,'M Steger','m.steger@kreuzberger-bau.at','','','BEGIN:VCARD\r\nVERSION:3.0\r\nFN:M Steger\r\nEMAIL;TYPE=INTERNET:m.steger@kreuzberger-bau.at\r\nEND:VCARD',' m.steger@kreuzberger bau.at steger',92),(716,'2018-09-12 07:57:36',0,'Th Stumvoll','th.stumvoll@kreuzberger-bau.at','','','BEGIN:VCARD\r\nVERSION:3.0\r\nFN:Th Stumvoll\r\nEMAIL;TYPE=INTERNET:th.stumvoll@kreuzberger-bau.at\r\nEND:VCARD',' th.stumvoll@kreuzberger bau.at th stumvoll',92),(717,'2018-09-12 07:57:46',0,'Christian Kreuzberger - Kreuzberger Bau','ch.kreuzberger@kreuzberger-bau.at','','','BEGIN:VCARD\r\nVERSION:3.0\r\nFN:Christian Kreuzberger - Kreuzberger Bau\r\nEMAIL;TYPE=INTERNET:ch.kreuzberger@kreuzberger-bau.at\r\nEND:VCARD',' ch.kreuzberger@kreuzberger bau.at christian kreuzberger bau',92),(718,'2018-09-20 14:23:00',0,'Jung Marcella','m.jung@salzburger.hilfswerk.at','','','BEGIN:VCARD\r\nVERSION:3.0\r\nFN:Jung Marcella\r\nEMAIL;TYPE=INTERNET:m.jung@salzburger.hilfswerk.at\r\nEND:VCARD',' m.jung@salzburger.hilfswerk.at jung marcella',118),(719,'2018-09-24 08:28:33',0,'Martin Gstöttner','martin.gstoettner@lgh.rvs.at','','','BEGIN:VCARD\r\nVERSION:3.0\r\nFN:Martin Gstöttner\r\nEMAIL;TYPE=INTERNET:martin.gstoettner@lgh.rvs.at\r\nEND:VCARD',' martin.gstottner@lgh.rvs.at martin gstottner',98),(720,'2018-09-26 07:53:02',0,'Rupert Gschwendtner - Kreuzberger Bau GmbH','r.gschwendtner@kreuzberger-bau.at','','','BEGIN:VCARD\r\nVERSION:3.0\r\nFN:Rupert Gschwendtner - Kreuzberger Bau GmbH\r\nEMAIL;TYPE=INTERNET:r.gschwendtner@kreuzberger-bau.at\r\nEND:VCARD',' r.gschwendtner@kreuzberger bau.at rupert gschwendtner kreuzberger bau gmbh',98),(721,'2018-09-26 07:53:05',0,'Georg Hlawna','georg@hlawna-estriche.at','','','BEGIN:VCARD\r\nVERSION:3.0\r\nFN:Georg Hlawna\r\nEMAIL;TYPE=INTERNET:georg@hlawna-estriche.at\r\nEND:VCARD',' georg@hlawna estriche.at georg hlawna',98),(722,'2018-10-17 12:09:44',0,'Jakob Reichenberger','jakob.reichenberger@virgil.at','Jakob','Reichenberger','BEGIN:VCARD\r\nVERSION:3.0\r\nN:Reichenberger;Jakob;;;\r\nFN:Jakob Reichenberger\r\nEMAIL;TYPE=INTERNET;TYPE=HOME:jakob.reichenberger@virgil.at\r\nEND:VCARD',' jakob reichenberger jakob.reichenberger@virgil.at',118),(723,'2018-10-25 06:26:54',0,'Rene Tittler','rt@zeiller.at','Rene','Tittler','BEGIN:VCARD\r\nVERSION:3.0\r\nN:Tittler;Rene;;;\r\nFN:Rene Tittler\r\nEMAIL;TYPE=INTERNET;TYPE=HOME:rt@zeiller.at\r\nEND:VCARD',' rene tittler rt@zeiller.at',118),(724,'2018-10-25 12:26:34',0,'Khalil Ibrahim','khalil.ibrahim@gmx.at','','','BEGIN:VCARD\r\nVERSION:3.0\r\nFN:Khalil Ibrahim\r\nEMAIL;TYPE=INTERNET:khalil.ibrahim@gmx.at\r\nEND:VCARD',' khalil.ibrahim@gmx.at khalil ibrahim',118),(725,'2018-11-04 21:40:22',0,'Viktoria Schwaighofer','viktoria.schwaighofer@rvs.at','','','BEGIN:VCARD\r\nVERSION:3.0\r\nFN:Viktoria Schwaighofer\r\nEMAIL;TYPE=INTERNET:viktoria.schwaighofer@rvs.at\r\nEND:VCARD',' viktoria.schwaighofer@rvs.at viktoria schwaighofer',92),(726,'2018-12-05 14:10:16',0,'Office DBS','dbs-noe@betonschneiden.at','','','BEGIN:VCARD\r\nVERSION:3.0\r\nFN:Office DBS\r\nEMAIL;TYPE=INTERNET:dbs-noe@betonschneiden.at\r\nEND:VCARD',' dbs no@betonschneiden.at office',92),(727,'2019-01-02 20:18:01',0,'Margrit Krexa','margrit.krexa@web.de','','','BEGIN:VCARD\r\nVERSION:3.0\r\nFN:Margrit Krexa\r\nEMAIL;TYPE=INTERNET:margrit.krexa@web.de\r\nEND:VCARD',' margrit.krexa@web.de margrit krexa',7),(728,'2019-01-12 20:26:18',0,'Manuela Staudacher','manuela.staudacher@fensterinfo.at','','','BEGIN:VCARD\r\nVERSION:3.0\r\nFN:Manuela Staudacher\r\nEMAIL;TYPE=INTERNET:manuela.staudacher@fensterinfo.at\r\nEND:VCARD',' manula.staudacher@fensterinfo.at manula staudacher',92),(729,'2019-01-21 14:47:01',0,'Sigi Rausch','office@heizplan.at','Sigi','Rausch','BEGIN:VCARD\r\nVERSION:3.0\r\nN:Rausch;Sigi;;;\r\nFN:Sigi Rausch\r\nEMAIL;TYPE=INTERNET;TYPE=WORK:office@heizplan.at\r\nEND:VCARD',' sigi rausch office@heizplan.at',92),(730,'2019-01-22 14:40:03',0,'Ralf-Norbert Belau','ralfbelau@gmx.net','','','BEGIN:VCARD\r\nVERSION:3.0\r\nFN:Ralf-Norbert Belau\r\nEMAIL;TYPE=INTERNET:ralfbelau@gmx.net\r\nEND:VCARD',' ralfbelau@gmx.net ralf norbert belau',7),(731,'2019-01-30 11:41:10',0,'Th Miller','th.miller@kreuzberger-bau.at','','','BEGIN:VCARD\r\nVERSION:3.0\r\nFN:Th Miller\r\nEMAIL;TYPE=INTERNET:th.miller@kreuzberger-bau.at\r\nEND:VCARD',' th.miller@kreuzberger bau.at th miller',92),(732,'2019-02-06 09:14:45',0,'Bibliothek St. Peter','bibliothek@erzabtei.at','','','BEGIN:VCARD\r\nVERSION:3.0\r\nFN:Bibliothek St. Peter\r\nEMAIL;TYPE=INTERNET:bibliothek@erzabtei.at\r\nEND:VCARD',' bibliothek@erzabtei.at bibliothek st. peter',7),(733,'2019-02-06 17:39:13',0,'Leonhard Erlmoser','leonhard.erlmoser@wuerth-hochenburger.at','','','BEGIN:VCARD\r\nVERSION:3.0\r\nFN:Leonhard Erlmoser\r\nEMAIL;TYPE=INTERNET:leonhard.erlmoser@wuerth-hochenburger.at\r\nEND:VCARD',' leonhard.erlmoser@wurth hochenburger.at leonhard erlmoser',92),(734,'2019-02-07 08:52:55',0,'M.A Estrich','M.A.Estrich@gmx.at','','','BEGIN:VCARD\r\nVERSION:3.0\r\nFN:M.A Estrich\r\nEMAIL;TYPE=INTERNET:M.A.Estrich@gmx.at\r\nEND:VCARD',' m.a.estrich@gmx.at m.a estrich',92),(735,'2019-02-08 12:06:48',0,'Gerd Wirnsberger','gerd.wirnsberger@rvs.at','','','BEGIN:VCARD\r\nVERSION:3.0\r\nFN:Gerd Wirnsberger\r\nEMAIL;TYPE=INTERNET:gerd.wirnsberger@rvs.at\r\nEND:VCARD',' gerd.wirnsberger@rvs.at gerd wirnsberger',92),(736,'2019-02-08 12:06:50',0,'Claudia Altenberger','claudia.altenberger@lgh.rvs.at','','','BEGIN:VCARD\r\nVERSION:3.0\r\nFN:Claudia Altenberger\r\nEMAIL;TYPE=INTERNET:claudia.altenberger@lgh.rvs.at\r\nEND:VCARD',' claudia.altenberger@lgh.rvs.at claudia altenberger',92),(737,'2019-02-11 06:19:16',0,'Steger Franz','f.steger@brunoberger.at','','','BEGIN:VCARD\r\nVERSION:3.0\r\nFN:Steger Franz\r\nEMAIL;TYPE=INTERNET:f.steger@brunoberger.at\r\nEND:VCARD',' f.steger@brunoberger.at steger franz',92),(738,'2019-02-21 15:18:28',0,'Silke Schurr','silkeschurr@hotmail.de','','','BEGIN:VCARD\r\nVERSION:3.0\r\nFN:Silke Schurr\r\nEMAIL;TYPE=INTERNET:silkeschurr@hotmail.de\r\nEND:VCARD',' silkeschurr@hotmail.de silke schurr',7),(739,'2019-02-27 09:12:26',0,'J Kirchberger','j.kirchberger@kreuzberger-bau.at','','','BEGIN:VCARD\r\nVERSION:3.0\r\nFN:J Kirchberger\r\nEMAIL;TYPE=INTERNET:j.kirchberger@kreuzberger-bau.at\r\nEND:VCARD',' j.kirchberger@kreuzberger bau.at kirchberger',92),(740,'2019-03-04 07:58:41',0,'Amtsleitung','amtsleitung@lend.at','','','BEGIN:VCARD\r\nVERSION:3.0\r\nFN:Amtsleitung\r\nEMAIL;TYPE=INTERNET:amtsleitung@lend.at\r\nEND:VCARD',' amtsleitung@lend.at amtsleitung',92),(741,'2019-03-11 15:32:31',0,'Gottfried Stumvoll','stumvollgottfried@gmail.com','','','BEGIN:VCARD\r\nVERSION:3.0\r\nFN:Gottfried Stumvoll\r\nEMAIL;TYPE=INTERNET:stumvollgottfried@gmail.com\r\nEND:VCARD',' stumvollgottfried@gmail.com gottfried stumvoll',98),(742,'2019-03-11 15:32:42',0,'Lukas Gschaider - Kreuzberger-Bau','l.gschaider@kreuzberger-bau.at','','','BEGIN:VCARD\r\nVERSION:3.0\r\nFN:Lukas Gschaider - Kreuzberger-Bau\r\nEMAIL;TYPE=INTERNET:l.gschaider@kreuzberger-bau.at\r\nEND:VCARD',' l.gschaider@kreuzberger bau.at lukas gschaider kreuzberger bau',98),(743,'2019-03-11 15:32:51',0,'Ch Erlacher','ch.erlacher@kreuzberger-bau.at','','','BEGIN:VCARD\r\nVERSION:3.0\r\nFN:Ch Erlacher\r\nEMAIL;TYPE=INTERNET:ch.erlacher@kreuzberger-bau.at\r\nEND:VCARD',' ch.erlacher@kreuzberger bau.at ch erlacher',98),(744,'2019-03-14 17:20:40',0,'KHB Kogler Holzbau','info@kogler-holzbau.at','','','BEGIN:VCARD\r\nVERSION:3.0\r\nFN:KHB Kogler Holzbau\r\nEMAIL;TYPE=INTERNET:info@kogler-holzbau.at\r\nEND:VCARD',' info@kogler holzbau.at khb kogler holzbau',92),(745,'2019-03-18 17:33:48',0,'Oberndorf','oberndorf@vermessung-schartner.at','','','BEGIN:VCARD\r\nVERSION:3.0\r\nFN:Oberndorf\r\nEMAIL;TYPE=INTERNET:oberndorf@vermessung-schartner.at\r\nEND:VCARD',' oberndorf@vermessung schartner.at oberndorf',92),(746,'2019-03-21 18:24:14',0,'Sebastian Strasser','sebastian@architektur-strasser.at','','','BEGIN:VCARD\r\nVERSION:3.0\r\nFN:Sebastian Strasser\r\nEMAIL;TYPE=INTERNET:sebastian@architektur-strasser.at\r\nEND:VCARD',' sebastian@architektur strasser.at sebastian strasser',92),(747,'2019-03-21 18:24:22',0,'Janin Ellwanger','J.Ellwanger@hlw-architekten.at','','','BEGIN:VCARD\r\nVERSION:3.0\r\nFN:Janin Ellwanger\r\nEMAIL;TYPE=INTERNET:J.Ellwanger@hlw-architekten.at\r\nEND:VCARD',' j.ellwanger@hlw architekten.at janin ellwanger',92),(748,'2019-03-21 18:24:24',0,'Winzer Stefan','stefan.winzer@habau.at','','','BEGIN:VCARD\r\nVERSION:3.0\r\nFN:Winzer Stefan\r\nEMAIL;TYPE=INTERNET:stefan.winzer@habau.at\r\nEND:VCARD',' stefan.winzer@habau.at winzer stefan',92),(749,'2019-03-21 18:24:29',0,'Peter Wimmesberger','p.wimmesberger@hofbauer-architect.com','','','BEGIN:VCARD\r\nVERSION:3.0\r\nFN:Peter Wimmesberger\r\nEMAIL;TYPE=INTERNET:p.wimmesberger@hofbauer-architect.com\r\nEND:VCARD',' p.wimmesberger@hofbaur architect.com peter wimmesberger',92),(750,'2019-03-21 18:24:34',0,'M.Liebmann@hofbauer-architect.com','m.liebmann@hofbauer-architect.com','','','BEGIN:VCARD\r\nVERSION:3.0\r\nFN:M.Liebmann@hofbauer-architect.com\r\nEMAIL;TYPE=INTERNET:m.liebmann@hofbauer-architect.com\r\nEND:VCARD',' m.liebmann@hofbaur architect.com',92),(751,'2019-03-21 18:24:38',0,'Jürgen Santeler, Fa. Ebg-haustechnik','Juergen.santeler@ebg-anlagen.at','','','BEGIN:VCARD\r\nVERSION:3.0\r\nFN:Jürgen Santeler, Fa. Ebg-haustechnik\r\nEMAIL;TYPE=INTERNET:Juergen.santeler@ebg-anlagen.at\r\nEND:VCARD',' jurgen.santeler@ebg anlagen.at jurgen santeler fa. ebg haustechnik',92),(752,'2019-03-26 14:15:59',0,'Christian Weiss - Kreuzberger Bau GmbH','ch.weiss@kreuzberger-bau.at','','','BEGIN:VCARD\r\nVERSION:3.0\r\nFN:Christian Weiss - Kreuzberger Bau GmbH\r\nEMAIL;TYPE=INTERNET:ch.weiss@kreuzberger-bau.at\r\nEND:VCARD',' ch.weiss@kreuzberger bau.at christian weiss kreuzberger bau gmbh',98),(753,'2019-03-26 19:55:12',0,'\'Maria Kreil / Gemeinde Göming\'','m.kreil@goeming.at','','','BEGIN:VCARD\r\nVERSION:3.0\r\nFN:\'Maria Kreil / Gemeinde Göming\'\r\nEMAIL;TYPE=INTERNET:m.kreil@goeming.at\r\nEND:VCARD',' m.kreil@goming.at maria kreil gemeinde goming',92),(754,'2019-04-07 16:01:50',0,'Eva Gadocha','egadocha@yahoo.de','','','BEGIN:VCARD\r\nVERSION:3.0\r\nFN:Eva Gadocha\r\nEMAIL;TYPE=INTERNET:egadocha@yahoo.de\r\nEND:VCARD',' egadocha@yahoo.de eva gadocha',7),(755,'2019-04-08 13:19:22',0,'Office','office@sandstrahlen.co.at','','','BEGIN:VCARD\r\nVERSION:3.0\r\nFN:Office\r\nEMAIL;TYPE=INTERNET:office@sandstrahlen.co.at\r\nEND:VCARD',' office@sandstrahlen.co.at office',98),(756,'2019-04-10 13:01:51',0,'\'Bürgermeister Werner FRITZ\'','bgm.fritz@goeming.at','','','BEGIN:VCARD\r\nVERSION:3.0\r\nFN:\'Bürgermeister Werner FRITZ\'\r\nEMAIL;TYPE=INTERNET:bgm.fritz@goeming.at\r\nEND:VCARD',' bgm.fritz@goming.at burgermeister werner fritz',92),(757,'2019-04-10 13:01:56',0,'Office','office@bauplan-bruckmoser.at','','','BEGIN:VCARD\r\nVERSION:3.0\r\nFN:Office\r\nEMAIL;TYPE=INTERNET:office@bauplan-bruckmoser.at\r\nEND:VCARD',' office@bauplan bruckmoser.at office',92),(758,'2019-05-14 10:21:03',0,'Christa Starke','christa.starke@gmx.net','','','BEGIN:VCARD\r\nVERSION:3.0\r\nFN:Christa Starke\r\nEMAIL;TYPE=INTERNET:christa.starke@gmx.net\r\nEND:VCARD',' christa.starke@gmx.net christa starke',7),(759,'2019-05-29 17:17:03',0,'Dr. Dorothee Grill','dg@analogspeed.de','','','BEGIN:VCARD\r\nVERSION:3.0\r\nFN:Dr. Dorothee Grill\r\nEMAIL;TYPE=INTERNET:dg@analogspeed.de\r\nEND:VCARD',' dg@analogspeed.de dr. dorothee grill',7),(760,'2019-12-22 07:32:31',0,'Lipoksanni','lipoksanni@gmail.com','','','BEGIN:VCARD\r\nVERSION:3.0\r\nFN:Lipoksanni\r\nEMAIL;TYPE=INTERNET:lipoksanni@gmail.com\r\nEND:VCARD',' lipoksanni@gmail.com lipoksanni',7),(761,'2020-01-13 21:35:14',0,'Gabriele Esterer','gabriele.esterer@sol.at','','','BEGIN:VCARD\r\nVERSION:3.0\r\nFN:Gabriele Esterer\r\nEMAIL;TYPE=INTERNET:gabriele.esterer@sol.at\r\nEND:VCARD',' gabriele.esterer@sol.at gabriele esterer',7),(762,'2020-02-28 10:52:25',0,'Thomas Regner','Thomas.Regner@goessler.at','','','BEGIN:VCARD\r\nVERSION:3.0\r\nFN:Thomas Regner\r\nEMAIL;TYPE=INTERNET:Thomas.Regner@goessler.at\r\nEND:VCARD',' thomas.regner@gossler.at thomas regner',7),(763,'2020-04-08 14:17:22',0,'Ilse Mamma','mamma46@gmx.at','','','BEGIN:VCARD\r\nVERSION:3.0\r\nFN:Ilse Mamma\r\nEMAIL;TYPE=INTERNET:mamma46@gmx.at\r\nEND:VCARD',' mamma46@gmx.at ilse mamma',7),(764,'2020-04-10 19:46:21',0,'Nadiana Zieger-Sarmiento','nadianazs@hotmail.com','','','BEGIN:VCARD\r\nVERSION:3.0\r\nFN:Nadiana Zieger-Sarmiento\r\nEMAIL;TYPE=INTERNET:nadianazs@hotmail.com\r\nEND:VCARD',' nadianazs@hotmail.com nadiana zieger sarmiento',7),(765,'2020-08-15 12:33:23',0,'Gaswekgasse Hoffmann Hausverwaltung','immobilien-hofmann@salzburg.co.at','','','BEGIN:VCARD\r\nVERSION:3.0\r\nFN:Gaswekgasse Hoffmann Hausverwaltung\r\nEMAIL;TYPE=INTERNET:immobilien-hofmann@salzburg.co.at\r\nEND:VCARD',' immobilien hofmann@salzburg.co.at gaswekgasse hoffmann hausverwaltung',11),(766,'2020-11-11 14:49:01',0,'Career Startup','career.startup@sbg.ac.at','','','BEGIN:VCARD\r\nVERSION:3.0\r\nFN:Career Startup\r\nEMAIL;TYPE=INTERNET:career.startup@sbg.ac.at\r\nEND:VCARD',' career.startup@sbg.ac.at career startup',140),(767,'2020-12-22 12:24:38',0,'Sr Illuminata','sr.illuminata@gmail.com','','','BEGIN:VCARD\r\nVERSION:3.0\r\nFN:Sr Illuminata\r\nEMAIL;TYPE=INTERNET:sr.illuminata@gmail.com\r\nEND:VCARD',' sr.illuminata@gmail.com sr illuminata',7),(768,'2020-12-22 12:24:42',0,'U Breuer','u.breuer@aon.at','','','BEGIN:VCARD\r\nVERSION:3.0\r\nFN:U Breuer\r\nEMAIL;TYPE=INTERNET:u.breuer@aon.at\r\nEND:VCARD',' u.breur@aon.at breur',7),(769,'2020-12-22 12:24:45',0,'Sr Augustina','sr.augustina@gmx.at','','','BEGIN:VCARD\r\nVERSION:3.0\r\nFN:Sr Augustina\r\nEMAIL;TYPE=INTERNET:sr.augustina@gmx.at\r\nEND:VCARD',' sr.augustina@gmx.at sr augustina',7),(770,'2020-12-22 12:24:59',0,'Annaburg','annaburg@aon.at','','','BEGIN:VCARD\r\nVERSION:3.0\r\nFN:Annaburg\r\nEMAIL;TYPE=INTERNET:annaburg@aon.at\r\nEND:VCARD',' annaburg@aon.at annaburg',7),(771,'2020-12-22 12:25:04',0,'Fam Hofer','fam.hofer@hotmail.com','','','BEGIN:VCARD\r\nVERSION:3.0\r\nFN:Fam Hofer\r\nEMAIL;TYPE=INTERNET:fam.hofer@hotmail.com\r\nEND:VCARD',' fam.hofer@hotmail.com fam hofer',7),(772,'2020-12-22 12:25:08',0,'D Zekely','d.zekely@gmx.at','','','BEGIN:VCARD\r\nVERSION:3.0\r\nFN:D Zekely\r\nEMAIL;TYPE=INTERNET:d.zekely@gmx.at\r\nEND:VCARD',' d.zekely@gmx.at zekely',7),(773,'2020-12-22 12:25:14',0,'Srhildegardis','srhildegardis@gmx.at','','','BEGIN:VCARD\r\nVERSION:3.0\r\nFN:Srhildegardis\r\nEMAIL;TYPE=INTERNET:srhildegardis@gmx.at\r\nEND:VCARD',' srhildegardis@gmx.at srhildegardis',7),(774,'2020-12-22 12:25:17',0,'J Oberlehner','j.oberlehner@gmail.com','','','BEGIN:VCARD\r\nVERSION:3.0\r\nFN:J Oberlehner\r\nEMAIL;TYPE=INTERNET:j.oberlehner@gmail.com\r\nEND:VCARD',' j.oberlehner@gmail.com oberlehner',7),(775,'2020-12-22 12:25:33',0,'Eva Baumi','eva_baumi@hotmail.com','','','BEGIN:VCARD\r\nVERSION:3.0\r\nFN:Eva Baumi\r\nEMAIL;TYPE=INTERNET:eva_baumi@hotmail.com\r\nEND:VCARD',' eva_baumi@hotmail.com eva baumi',7),(776,'2020-12-22 12:25:39',0,'F Grausgruber','f.grausgruber@gmail.com','','','BEGIN:VCARD\r\nVERSION:3.0\r\nFN:F Grausgruber\r\nEMAIL;TYPE=INTERNET:f.grausgruber@gmail.com\r\nEND:VCARD',' f.grausgruber@gmail.com grausgruber',7),(777,'2020-12-22 12:25:44',0,'Famkobler','famkobler@aon.at','','','BEGIN:VCARD\r\nVERSION:3.0\r\nFN:Famkobler\r\nEMAIL;TYPE=INTERNET:famkobler@aon.at\r\nEND:VCARD',' famkobler@aon.at famkobler',7),(778,'2020-12-22 12:25:49',0,'El Reisecker','el.reisecker@eduhi.at','','','BEGIN:VCARD\r\nVERSION:3.0\r\nFN:El Reisecker\r\nEMAIL;TYPE=INTERNET:el.reisecker@eduhi.at\r\nEND:VCARD',' el.reisecker@eduhi.at el reisecker',7),(779,'2020-12-22 12:25:55',0,'K Schoenborn','k.schoenborn@bellacarta.com','','','BEGIN:VCARD\r\nVERSION:3.0\r\nFN:K Schoenborn\r\nEMAIL;TYPE=INTERNET:k.schoenborn@bellacarta.com\r\nEND:VCARD',' k.schonborn@bellacarta.com schonborn',7),(780,'2020-12-22 12:25:59',0,'Gertrude Amschl','gertrude.amschl@gmx.at','','','BEGIN:VCARD\r\nVERSION:3.0\r\nFN:Gertrude Amschl\r\nEMAIL;TYPE=INTERNET:gertrude.amschl@gmx.at\r\nEND:VCARD',' gertrude.amschl@gmx.at gertrude amschl',7),(781,'2020-12-22 12:28:56',0,'Sr Lydia','sr.lydia@stift-kremsmuenster.at','','','BEGIN:VCARD\r\nVERSION:3.0\r\nFN:Sr Lydia\r\nEMAIL;TYPE=INTERNET:sr.lydia@stift-kremsmuenster.at\r\nEND:VCARD',' sr.lydia@stift kremsmunster.at sr lydia',7),(782,'2021-01-15 22:59:48',0,'Evelyn Gepulla','evelyngepulla@yahoo.com','','','BEGIN:VCARD\r\nVERSION:3.0\r\nFN:Evelyn Gepulla\r\nEMAIL;TYPE=INTERNET:evelyngepulla@yahoo.com\r\nEND:VCARD',' evelyngepulla@yahoo.com evelyn gepulla',7),(783,'2021-09-15 10:38:23',0,'Astrid Stockinger','astrid@fairmatching.com','Astrid','Stockinger','BEGIN:VCARD\r\nVERSION:3.0\r\nN:Stockinger;Astrid;;;\r\nFN:Astrid Stockinger\r\nEMAIL;TYPE=INTERNET;TYPE=HOME:astrid@fairmatching.com\r\nEND:VCARD',' astrid stockinger astrid@fairmatching.com',168),(784,'2021-09-15 10:38:42',0,'Katrin Gerschpacher','info@fairmatching.com','Katrin','Gerschpacher','BEGIN:VCARD\r\nVERSION:3.0\r\nN:Gerschpacher;Katrin;;;\r\nFN:Katrin Gerschpacher\r\nEMAIL;TYPE=INTERNET;TYPE=HOME:info@fairmatching.com\r\nEND:VCARD',' katrin gerschpacher info@fairmatching.com',168),(785,'2021-09-15 10:39:42',0,'Silke Stadelmann','silke@fairmatching.com','Silke','Stadelmann','BEGIN:VCARD\r\nVERSION:3.0\r\nN:Stadelmann;Silke;;;\r\nFN:Silke Stadelmann\r\nEMAIL;TYPE=INTERNET;TYPE=HOME:silke@fairmatching.com\r\nEND:VCARD',' silke stadelmann silke@fairmatching.com',168),(786,'2021-09-15 10:40:13',0,'Wolfgang Tonninger','wolfgang.tonninger@almblitz.net','Wolfgang ','Tonninger','BEGIN:VCARD\r\nVERSION:3.0\r\nN:Tonninger;Wolfgang ;;;\r\nFN:Wolfgang Tonninger\r\nEMAIL;TYPE=INTERNET;TYPE=HOME:wolfgang.tonninger@almblitz.net\r\nEND:VCARD',' wolfgang tonninger wolfgang.tonninger@almblitz.net',168),(787,'2022-07-11 15:31:33',0,'Gregor Ponert (Value-ID GmbH)','gregor.ponert@value-id.com','','','BEGIN:VCARD\r\nVERSION:3.0\r\nFN:Gregor Ponert (Value-ID GmbH)\r\nEMAIL;TYPE=INTERNET:gregor.ponert@value-id.com\r\nEND:VCARD',' gregor.ponert@valu id.com gregor ponert (valu id gmbh)',19);

--
-- Table structure for table `dictionary`
--

CREATE TABLE `dictionary` (
  `id` int unsigned NOT NULL AUTO_INCREMENT,
  `user_id` int unsigned DEFAULT NULL,
  `language` varchar(5) NOT NULL,
  `data` longtext NOT NULL,
  PRIMARY KEY (`id`),
  UNIQUE KEY `uniqueness` (`user_id`,`language`),
  CONSTRAINT `user_id_fk_dictionary` FOREIGN KEY (`user_id`) REFERENCES `users` (`user_id`) ON DELETE CASCADE ON UPDATE CASCADE
) ENGINE=InnoDB DEFAULT CHARSET=utf8mb3;

--
-- Dumping data for table `dictionary`
--


--
-- Table structure for table `filestore`
--

CREATE TABLE `filestore` (
  `file_id` int unsigned NOT NULL AUTO_INCREMENT,
  `user_id` int unsigned NOT NULL,
  `filename` varchar(128) NOT NULL,
  `mtime` int NOT NULL,
  `data` longtext NOT NULL,
  `context` varchar(32) NOT NULL,
  PRIMARY KEY (`file_id`),
  UNIQUE KEY `uniqueness` (`user_id`,`context`,`filename`),
  CONSTRAINT `user_id_fk_filestore` FOREIGN KEY (`user_id`) REFERENCES `users` (`user_id`) ON DELETE CASCADE ON UPDATE CASCADE
) ENGINE=InnoDB DEFAULT CHARSET=utf8mb3;

--
-- Dumping data for table `filestore`
--


--
-- Table structure for table `identities`
--

CREATE TABLE `identities` (
  `identity_id` int unsigned NOT NULL AUTO_INCREMENT,
  `user_id` int unsigned NOT NULL,
  `changed` datetime NOT NULL DEFAULT '1000-01-01 00:00:00',
  `del` tinyint(1) NOT NULL DEFAULT '0',
  `standard` tinyint(1) NOT NULL DEFAULT '0',
  `name` varchar(128) NOT NULL,
  `organization` varchar(128) NOT NULL DEFAULT '',
  `email` varchar(128) NOT NULL,
  `reply-to` varchar(128) NOT NULL DEFAULT '',
  `bcc` varchar(128) NOT NULL DEFAULT '',
  `signature` longtext,
  `html_signature` tinyint(1) NOT NULL DEFAULT '0',
  PRIMARY KEY (`identity_id`),
  KEY `user_identities_index` (`user_id`,`del`),
  KEY `email_identities_index` (`email`,`del`),
  CONSTRAINT `user_id_fk_identities` FOREIGN KEY (`user_id`) REFERENCES `users` (`user_id`) ON DELETE CASCADE ON UPDATE CASCADE
) ENGINE=InnoDB AUTO_INCREMENT=179 DEFAULT CHARSET=utf8mb3;

--
-- Dumping data for table `identities`
--

INSERT INTO `identities` VALUES (1,1,'2014-01-28 09:34:31',0,1,'Philipp Aigner','','einstein@st0ne.net','','','',0),(2,1,'2014-01-28 09:34:40',0,0,'Philipp Aigner','','philipp@familie-aigner.at','','','',0),(3,2,'2014-01-28 09:47:23',0,1,'','','tina@cruisers-deluxe.com','','',NULL,0),(4,3,'2014-02-11 22:32:31',0,1,'Reingard Meiche | Pink Ideas Marketing ','','office@pink-ideas.at','','','<pre><br /><span style=\"color: #ff00ff;\">................................................</span><br /><span style=\"color: #808080;\">Mag. Reingard Meiche</span>\r\n<span style=\"color: #ff00ff;\">Pink Ideas <span style=\"color: #808080;\">Marketing Consulting\r\n</span></span><span style=\"color: #808080;\">0664 1434453</span></pre>',1),(5,4,'2017-01-12 11:09:49',0,1,'Daniel Weissenboeck','','daniel@n8musik.at','','','mit freundlichen Grüßen\r\n\r\nDaniel Weissenboeck\r\n\r\n+43(0)660 884 488 6\r\ndaniel@n8musik.at\r\n',0),(6,5,'2014-01-28 15:43:51',0,1,'','','philipp@familie-aigner.at','','',NULL,0),(7,6,'2014-01-28 21:03:34',0,1,'karin','','karin@herrnau.at','','','',0),(8,7,'2014-01-29 20:54:00',0,1,'','','karin@herrnau.at','','',NULL,0),(9,8,'2014-01-30 09:48:26',0,1,'','','christian.ofenboeck@cnit.at','','',NULL,0),(10,9,'2014-03-31 15:34:12',0,1,'beda','','beda@beda.at','','','',0),(11,10,'2014-02-03 08:20:21',0,1,'','','peter@n8musik.at','','',NULL,0),(12,11,'2017-11-23 15:28:46',0,1,'Carmen Bergen','','carmen@seven777.com','','','Mit freundlichen Grüßen\r\nCarmen Bergen \r\n\r\n_________________\r\n\r\nCarmen Bergen\r\nGaswerkgasse 6a1\r\n5020 Salzburg\r\n06601513501',0),(13,12,'2014-11-24 16:18:51',0,1,'Alfred Lüftenegger','','alfred.lueftenegger@langwallner.at','','','mit freundlichen Grüssen\r\nAlfred Lüftenegger\r\n\r\nLANGWALLNER ELEKTRONIK\r\nMichael-Walz-Gasse 24\r\n5020 Salzburg\r\nTel: 0043 662 87 53 57\r\nMail: alfred.lueftenegger@langwallner.at',0),(14,13,'2014-02-05 22:02:34',0,1,'','','emanuel@mucki.at','','',NULL,0),(15,14,'2014-02-05 23:53:29',0,1,'Peter Stuetz','','office@pstuetz.com','','','',0),(16,15,'2014-02-08 16:35:41',0,1,'','','j.vrece@kreuzberger-bau.at','','',NULL,0),(17,16,'2014-02-08 17:01:44',0,1,'','','office@langwallner.at','','',NULL,0),(18,17,'2014-02-10 10:28:08',0,1,'','','margareta.kaufmann@cnit.at','','',NULL,0),(19,18,'2014-02-12 21:57:17',0,1,'','','andreas.langwallner@langwallner.at','','',NULL,0),(20,19,'2014-04-03 10:39:30',0,1,'armin langhofer','','office@langhofer.at','','','',0),(21,20,'2017-07-03 15:18:01',0,1,'Sandra Steiner','Steinofsky','office@steinofsky.at','','','<div class=\"pre\"><strong><span style=\"font-family: arial,helvetica,sans-serif\">Sandra Steiner</span></strong><br /><span style=\"font-family: arial,helvetica,sans-serif\"> Dipl. Lebens- und Sozialberaterin</span><br /><span style=\"font-family: arial,helvetica,sans-serif\"> zert. Hypnosetherapeutin </span><br /><span style=\"font-family: arial,helvetica,sans-serif\"> Persönlichkeitstrainerin </span><br /> <br /><span style=\"font-family: arial,helvetica,sans-serif\"> e-mail: <a href=\"mailto:office@steinofsky.at\">office@steinofsky.at</a></span><br /><span style=\"font-family: arial,helvetica,sans-serif\"> mobil: +43 664 88 55 7777</span><br /><span style=\"font-family: arial,helvetica,sans-serif\"> link: <a href=\"http://www.steinofsky.at\" rel=\"noreferrer\">www.steinofsky.at</a></span></div>',1),(22,21,'2014-02-14 14:57:46',0,1,'','','mario.langbauer@cnit.at','','',NULL,0),(23,22,'2014-02-28 15:19:00',0,1,'','','p.kreuzberger@kreuzberger-bau.at','','',NULL,0),(24,23,'2014-03-04 09:52:35',0,1,'','','ch.erlacher@kreuzberger-bau.at','','',NULL,0),(25,24,'2014-03-06 17:42:03',0,1,'','','e.wallmann@kreuzberger-bau.at','','',NULL,0),(26,25,'2014-04-03 08:24:36',0,1,'Akpaniko Udosen','','akpaniko@udosen.com','','','',0),(27,26,'2014-03-11 11:31:45',0,1,'','','office@n8musik.at','','',NULL,0),(28,27,'2014-03-15 14:08:53',0,1,'','','martha.langwallner@langwallner.at','','',NULL,0),(29,28,'2014-03-17 15:40:01',0,1,'','','hans@langhofer.net','','',NULL,0),(30,29,'2014-03-19 15:59:33',0,1,'','','martin.dunkl@cnit.at','','',NULL,0),(31,30,'2014-03-19 16:00:28',0,1,'','','stefan.walkner@cnit.at','','',NULL,0),(32,31,'2014-03-26 09:16:47',0,1,'christian','','christian@mail.langhofer.net','','',NULL,0),(33,32,'2014-04-08 10:39:42',0,1,'','','office@mostvierterl.at','','',NULL,0),(34,33,'2014-04-22 15:55:04',0,1,'','','nina@familie-aigner.at','','',NULL,0),(35,34,'2016-08-11 20:31:18',0,1,'Ira-Astrid Bergen ','','bergen@ira-astrid.com','','','',0),(36,35,'2014-05-29 13:57:06',0,1,'','','nagiosloop@langhofer.at','','',NULL,0),(37,36,'2014-06-06 08:48:03',0,1,'','','samsung@langwallner.at','','',NULL,0),(38,37,'2014-06-06 10:28:50',0,1,'','','technik@langwallner.at','','',NULL,0),(39,38,'2014-06-27 10:19:27',0,1,'','','office@zum-hirschen.at','','',NULL,0),(40,39,'2014-06-27 10:20:16',0,1,'','','hotel@zum-hirschen.at','','',NULL,0),(41,40,'2014-07-03 09:23:50',0,1,'','','bani@udosen.com','','',NULL,0),(42,41,'2014-07-13 22:15:28',0,1,'Thomas Geierspichler','','thomas@geierspichler.com','','','\r\n\r\nwww.geierspichler.com\r\nwww.reschbergerhof.com\r\nhttps://www.facebook.com/ThomasGeierspichler\r\n\r\nDiese Nachricht wurde vom Handy gesendet...',0),(43,42,'2014-07-11 10:46:34',0,1,'','','sascha.stacherl@cnit.at','','',NULL,0),(44,43,'2014-07-14 10:50:50',0,1,'','','hotel@schwaighofwirt.at','','',NULL,0),(45,44,'2014-07-17 12:59:33',0,1,'essiet','','essiet@mail.langhofer.net','','',NULL,0),(46,45,'2014-07-21 12:35:07',0,1,'','','office@shoppingseite.com','','',NULL,0),(47,46,'2014-07-26 07:43:11',0,1,'','','axis@langhofer.at','','',NULL,0),(48,47,'2014-07-27 21:31:30',0,1,'','','office@lernzirkel.at','','',NULL,0),(49,48,'2014-07-30 10:11:48',0,1,'klauslia','Conquest Werbeagentur GmbH','klauslia@mail.langhofer.net','klaus.lindinger@conquest.at','','',0),(50,49,'2014-07-31 20:29:16',0,1,'','','mirjam@mucki.at','','',NULL,0),(51,50,'2014-08-02 06:50:18',0,1,'','','office@lebensenergie-fuerlinger.at','','',NULL,0),(52,51,'2014-08-04 10:09:30',0,1,'','','peter@pstuetz.com','','',NULL,0),(53,52,'2014-08-16 20:11:25',0,1,'','','anita@udosen.com','','',NULL,0),(54,53,'2014-08-19 14:32:40',0,1,'','','alexandra.freigassner@cnit.at','','',NULL,0),(55,54,'2014-08-22 13:17:23',0,1,'','','alexander@resch.name','','',NULL,0),(56,55,'2014-08-24 16:30:47',0,1,'','','christian@reichholf.com','','',NULL,0),(57,56,'2014-08-30 08:58:50',0,1,'','','info@silviaorlini.at','','',NULL,0),(58,57,'2014-08-30 09:17:16',0,1,'','','katringerschpacher@coworkingsalzburg.com','','',NULL,0),(59,58,'2014-09-01 12:52:17',0,1,'dani','','dani@mail.langhofer.net','','',NULL,0),(60,59,'2014-09-03 21:00:24',0,1,'','','podbelsek@architekturlounge.at','','',NULL,0),(61,60,'2014-09-05 09:46:53',0,1,'','','office@wonder-towel.com','','',NULL,0),(62,61,'2014-09-10 13:47:01',0,1,'','','projects@pink-ideas.at','','',NULL,0),(65,63,'2014-10-05 10:36:26',0,1,'','','mobile@pstuetz.com','','',NULL,0),(67,64,'2014-10-22 16:33:05',0,1,'','','andrea.fink@cnit.at','','',NULL,0),(68,65,'2014-10-24 12:07:15',0,1,'','','jakub.nitran@conquest.at','','',NULL,0),(69,66,'2014-10-24 19:33:41',0,1,'','','christoph@koidl.at','','',NULL,0),(70,67,'2014-10-28 20:33:56',0,1,'','','office@mazz-cafe.at','','',NULL,0),(71,68,'2014-11-08 11:59:52',0,1,'','','office@dirac.at','','',NULL,0),(72,69,'2015-03-07 15:34:47',0,1,'Frank Habel','','frank@habel.at','','','',0),(73,70,'2014-11-18 19:27:17',0,1,'','','office@lisafarthofer.at','','',NULL,0),(74,71,'2014-11-18 19:38:48',0,1,'','','lisa@lisafarthofer.at','','',NULL,0),(75,72,'2014-11-19 10:21:15',0,1,'Andy Forcebreaker','','forcebreaker@djexclusive.at','','','',0),(76,73,'2014-11-27 17:45:14',0,1,'','','gb@about-blank.at','','',NULL,0),(77,74,'2014-12-04 08:38:06',0,1,'','','kurt.kliner@cnit.at','','',NULL,0),(78,75,'2014-12-05 15:02:46',0,1,'','','office@tombarkley.at','','',NULL,0),(79,76,'2014-12-09 11:36:17',0,1,'','','office@kollerplast.at','','',NULL,0),(80,77,'2014-12-11 23:11:06',0,1,'','','iris.burkhardt@conquest.at','','',NULL,0),(81,78,'2014-12-12 10:06:25',0,1,'danielha','','danielha@mail.langhofer.net','','',NULL,0),(82,79,'2014-12-16 07:56:48',0,1,'','','bergen@fava-suisse.ch','','',NULL,0),(83,80,'2015-01-07 17:20:58',0,1,'','','stefan@jetlake.com','','',NULL,0),(84,81,'2015-01-09 19:39:23',0,1,'anita','','anita@mail.langhofer.net','','',NULL,0),(85,82,'2015-01-12 14:04:57',0,1,'','','office@kreuzberger-bau.at','','',NULL,0),(86,83,'2015-01-12 17:13:06',0,1,'','','billing@langhofer.at','','',NULL,0),(87,84,'2015-01-14 23:04:00',0,1,'','','printer@coworkingspacesalzburg.at','','',NULL,0),(88,85,'2015-01-21 09:22:42',0,1,'klaushaa','','klaushaa@mail.langhofer.net','','',NULL,0),(89,86,'2015-02-03 15:48:28',0,1,'','','s.karner@kreuzberger-bau.at','','',NULL,0),(90,87,'2015-02-23 20:16:50',0,1,'','','office@architekturmodelle-neubauer.at','','',NULL,0),(91,88,'2015-03-09 21:31:22',0,1,'','','essiet@udosen.com','','',NULL,0),(92,89,'2015-03-12 09:43:22',0,1,'','','baustellerainberg@kreuzberger-bau.at','','',NULL,0),(93,90,'2015-03-26 08:43:13',0,1,'','','peter.stuetz@autobio-labtec.com','','',NULL,0),(94,91,'2015-04-17 21:52:43',0,1,'','','m.hauser@kreuzberger-bau.at','','',NULL,0),(95,92,'2015-04-27 10:02:10',0,1,'','','m.goster@kreuzberger-bau.at','','',NULL,0),(96,93,'2015-06-16 10:08:15',0,1,'','','m.roesslhuber@kreuzberger-bau.at','','',NULL,0),(97,94,'2015-06-23 10:46:29',0,1,'','','christina@zum-hirschen.at','','',NULL,0),(98,95,'2015-07-27 16:35:47',0,1,'','','kerstin@jetlake.com','','',NULL,0),(99,96,'2015-07-27 16:42:47',0,1,'','','jenny@jetlake.com','','',NULL,0),(100,97,'2015-08-11 09:11:10',0,1,'','','info@obermair.fieberbrunn.net','','',NULL,0),(101,98,'2015-08-25 07:48:13',0,1,'','','th.stumvoll@kreuzberger-bau.at','','',NULL,0),(102,99,'2015-09-14 09:56:07',0,1,'','','petra@stuhlhofer.net','','',NULL,0),(103,100,'2015-09-17 10:48:58',0,1,'Adam Rose Loan','Adam Rose Loan','demo@langhofer.at','adam.loanfirm@gmail.com','','<p>Are you in any financial difficulties, do you need a business loan to expand your business? Apply for a loan now and get approved. we offer all kinds of loan at a reduced interest rate of 2%. (Business Loan, Personal Loan, Consolidation Loan, Car Loan, investments Loan, etc.) we have been leasing out loans to those in financial stress and also for business expansion. contact us today and get approved.</p>\r\n<p>You are required to provide the following information</p>\r\n<p>APPLICATION FORM</p>\r\n<p>Full Name:<br />Address:<br />Country:<br />Gender:<br />Occupation:<br />Amount Need as Loan:<br />Loan Duration:<br />Phone Contact:<br />purpose of Loan:</p>\r\n<p>We will highly appreciate your mail soon.</p>\r\n<p>All Reply should be sent to this Email:adamrose.loaninvestment@gmail.com</p>\r\n<p>Adam Rose Loan Home</p>',1),(104,101,'2015-09-20 16:50:57',0,1,'mm-ww_1','','mm-ww_1@mail.langhofer.net','','',NULL,0),(105,102,'2015-10-06 10:50:42',0,1,'','','mail@trockeneis.at','','',NULL,0),(106,103,'2015-10-09 17:06:17',0,1,'','','info@aha.co.at','','',NULL,0),(107,104,'2015-10-11 16:02:17',0,1,'','','benjamin@janes.at','','',NULL,0),(108,105,'2015-10-23 11:23:17',0,1,'','','s.strumegger@kreuzberger-bau.at','','',NULL,0),(109,106,'2015-10-23 11:37:24',0,1,'','','i.klausner@kreuzberger-bau.at','','',NULL,0),(110,107,'2015-10-27 13:05:11',0,1,'','','daniel.hoschek@conquest.at','','',NULL,0),(111,108,'2015-11-01 17:58:30',0,1,'imphy03','','imphy03@mail.langhofer.net','','',NULL,0),(112,109,'2015-11-01 18:02:26',0,1,'imphy04','','imphy04@mail.langhofer.net','','',NULL,0),(113,110,'2015-11-10 22:56:33',0,1,'','','josef@golser.net','','',NULL,0),(114,111,'2015-12-15 18:04:32',0,1,'','','caroline.habison@langwallner.at','','',NULL,0),(115,112,'2015-12-16 08:46:39',0,1,'','','grafik@conquest.at','','',NULL,0),(116,113,'2016-01-12 13:59:13',0,1,'','','yara.bartel@conquest.at','','',NULL,0),(117,114,'2016-01-21 09:59:41',0,1,'','','b.steffner@kreuzberger-bau.at','','',NULL,0),(118,115,'2016-02-23 14:38:48',0,1,'','','gerald.lindinger@conquest.at','','',NULL,0),(119,116,'2016-03-29 16:31:45',0,1,'','','praxis@franzelin.at','','',NULL,0),(120,117,'2016-04-15 00:38:25',0,1,'','','klaus.lindinger@conquest.at','','',NULL,0),(121,118,'2018-07-18 11:41:36',0,1,'','fairMATCHING','info@fairmatching.com','','','<div class=\"pre\"><img src=\"data:image/png;base64,[BLOB]\" alt=\"\" width=\"100\" height=\"100\" /><br /> <span style=\"font-family: helvetica, arial, sans-serif\"></span><br /><span style=\"font-family: helvetica, arial, sans-serif\"> Tel: 0650/91 00 995</span><br /><span style=\"font-family: helvetica, arial, sans-serif\"> eMail: <a href=\"mailto:info@fairmatching.com\">info@fairmatching.com</a></span><br /> <br /><span style=\"font-family: helvetica, arial, sans-serif\"> @CoworkingSALZBURG, Techno-Z</span><br /><span style=\"font-family: helvetica, arial, sans-serif\"> Jakob Haringer Straße 3</span><br /><span style=\"font-family: helvetica, arial, sans-serif\"> 5020 SALZBURG</span><br /><span style=\"font-family: helvetica, arial, sans-serif\"> <a href=\"http://www.fairmatching.com\" rel=\"noreferrer\">www.fairmatching.com</a></span></div>',1),(122,119,'2016-04-22 13:29:41',0,1,'','','mario@fairmatching.com','','',NULL,0),(123,120,'2016-04-22 19:16:03',0,1,'','','wolfgang@fairmatching.com','','',NULL,0),(124,121,'2016-04-25 11:33:34',0,1,'','','nikolaus@janes.at','','',NULL,0),(125,122,'2016-05-09 09:01:28',0,1,'','','walter.langwallner@langwallner.at','','',NULL,0),(126,123,'2016-05-20 09:15:34',0,1,'','','g.ruehrl@kreuzberger-bau.at','','',NULL,0),(127,124,'2016-05-24 19:36:36',0,1,'','','miguel@coworkingsalzburg.com','','',NULL,0),(128,125,'2016-05-30 18:34:55',0,1,'','','daniel@janes.at','','',NULL,0),(129,126,'2016-06-02 20:18:44',0,1,'','','harry@filtersystems.at','','',NULL,0),(130,127,'2016-06-19 16:58:07',0,1,'','','monika@monika-brunner.net','','',NULL,0),(131,128,'2016-07-08 08:09:34',0,1,'','','bct@langhofer.at','','',NULL,0),(132,129,'2016-07-15 10:13:19',0,1,'','','zahner@fava-suisse.ch','','',NULL,0),(133,130,'2016-07-16 15:04:47',0,1,'','','h.tenk@kreuzberger-bau.at','','',NULL,0),(134,131,'2016-08-17 15:30:10',0,1,'andreasd','','andreasd@mail.langhofer.net','','',NULL,0),(135,118,'2017-09-21 08:35:28',0,0,'Katrin Gerschpacher','','info@fairmatching.com','','','Katrin Gerschpacher\r\nVerein fairMATCHING\r\ninfo@fairmatching.com\r\n\r\n0650/ 91 00 995\r\nwww.fairmatching.com',0),(136,132,'2016-12-06 15:44:43',0,1,'','','office@franzelin.at','','',NULL,0),(137,9,'2019-07-31 07:19:43',1,0,'','','peter@reichholf.com','','','',0),(138,133,'2017-03-08 17:34:56',0,1,'','','simon@hubauer.eu','','',NULL,0),(139,134,'2017-04-27 21:23:13',0,1,'','','bernd@stuhlhofer.net','','',NULL,0),(140,135,'2017-04-28 14:53:54',0,1,'','','office@karoline-roth.at','','',NULL,0),(141,136,'2017-05-03 10:03:12',0,1,'','','l.gschaider@kreuzberger-bau.at','','',NULL,0),(142,137,'2017-05-10 18:15:45',0,1,'','','margit@langwallner.at','','',NULL,0),(143,118,'2017-07-20 10:08:49',0,0,'Elli Damisch','','info@fairmatching.com','','','Verein fairMATCHING\r\nElli Damisch\r\nJakob-Haringerstraße 3\r\n5020 Salzburg\r\n',0),(144,138,'2017-08-10 21:37:34',0,1,'','','n.wengler@kreuzberger-bau.at','','',NULL,0),(146,140,'2017-10-04 21:06:20',0,1,'','','office@coworkingsalzburg.com','','',NULL,0),(147,141,'2017-11-07 23:19:47',0,1,'','','miriam@littlelight-delicafe.at','','',NULL,0),(148,142,'2017-11-11 20:47:28',0,1,'','','romy@yellowdesks.com','','',NULL,0),(149,143,'2017-11-30 09:56:30',0,1,'','','v.kreuzberger@kreuzberger-bau.at','','',NULL,0),(150,144,'2018-01-16 14:20:39',0,1,'','','r.gschwendtner@kreuzberger-bau.at','','',NULL,0),(151,145,'2018-01-29 10:53:15',0,1,'','','info@poldi.co.at','','',NULL,0),(152,146,'2018-02-19 21:34:15',0,1,'','','silke@fairmatching.com','','',NULL,0),(153,140,'2018-03-21 08:51:05',0,0,'Katrin Gerschpacher','CoworkingSalzburg','katrin@coworkingsalzburg.com','','','Katrin Gerschpacher\r\nCOWORKING SALZBURG\r\nkatrin@coworkingsalzburg.com\r\n0650/ 91 00 995\r\n\r\nwww.coworkingsalzburg.com\r\n',0),(154,147,'2018-07-09 08:44:41',0,1,'','','scanner@kreuzberger-bau.at','','',NULL,0),(155,148,'2018-07-26 11:07:59',0,1,'','','a.laimer@kreuzberger-bau.at','','',NULL,0),(156,149,'2018-08-01 10:13:36',0,1,'','','astrid@fairmatching.com','','',NULL,0),(157,150,'2018-09-03 23:19:38',0,1,'','','office@blue-scion.com','','',NULL,0),(158,151,'2018-10-31 20:28:17',0,1,'','','th.miller@kreuzberger-bau.at','','',NULL,0),(159,152,'2018-11-11 18:17:16',0,1,'','','info@mona-kreativ.at','','',NULL,0),(160,153,'2019-01-21 16:33:59',0,1,'','','gerd@stuhlhofer.net','','',NULL,0),(161,154,'2019-01-28 12:58:52',0,1,'','','j.kirchberger@kreuzberger-bau.at','','',NULL,0),(162,155,'2019-03-17 13:44:20',0,1,'','','welcome@family-business.at','','',NULL,0),(163,156,'2019-04-24 13:33:48',0,1,'','','cdk-baustelle-kreuzberger@langhofer.at','','',NULL,0),(164,157,'2019-05-23 17:01:08',0,1,'','','s.davare@kreuzberger-bau.at','','',NULL,0),(165,158,'2019-09-15 09:16:18',0,1,'imp004','','imp004@mail.langhofer.net','','',NULL,0),(166,159,'2019-09-20 15:13:07',0,1,'','','office@pstuetz.com','','',NULL,0),(167,160,'2019-09-20 15:17:41',0,1,'','','carole@pstuetz.com','','',NULL,0),(168,161,'2020-06-16 20:39:16',0,1,'','','rafael@rafaelwalter.com','','',NULL,0),(169,162,'2020-08-24 18:05:26',0,1,'','','scanner-erdbau@langhofer.at','','',NULL,0),(170,163,'2020-09-28 14:08:51',0,1,'','','scanner-kreuzberger@langhofer.at','','',NULL,0),(171,164,'2020-10-06 22:29:22',0,1,'','','armin@yellowdesks.com','','',NULL,0),(172,165,'2021-02-09 21:11:57',0,1,'','','gertraud@stuhlhofer.net','','',NULL,0),(173,166,'2021-03-31 21:45:46',0,1,'','','unms@langhofer.at','','',NULL,0),(174,167,'2021-08-31 22:25:24',0,1,'','','susanna.kratsch@langhofer.at','','',NULL,0),(175,168,'2021-10-12 14:23:46',0,1,'matchBOX','','matchbox@fairmatching.com','','','<div class=\"pre\">  <img src=\"data:image/jpeg;base64,[BLOB]\" /><br /><span style=\"font-family: helvetica, arial, sans-serif\"></span></div>\n<div class=\"pre\"> </div>\n<div class=\"pre\"><strong><span style=\"font-family: helvetica, arial, sans-serif\">fairMATCHING</span></strong><br /><span style=\"font-family: helvetica, arial, sans-serif\">Vogelweiderstraße 8a  </span><br /><span style=\"font-family: helvetica, arial, sans-serif\">5020 SALZBURG</span><br /><br /><span style=\"font-family: helvetica, arial, sans-serif\"><a href=\"http://www.fairmatching.com\" rel=\"noopener noreferrer\">www.fairmatching.com</a></span></div>',1),(176,169,'2021-09-22 00:05:52',0,1,'','','armin@langhofer.net','','',NULL,0),(177,170,'2021-12-02 23:25:30',0,1,'','','nas-kreuzberger@langhofer.at','','',NULL,0),(178,171,'2022-08-11 20:17:38',0,1,'','','scanner-haasmann@langhofer.at','','',NULL,0);

--
-- Table structure for table `searches`
--

CREATE TABLE `searches` (
  `search_id` int unsigned NOT NULL AUTO_INCREMENT,
  `user_id` int unsigned NOT NULL,
  `type` int NOT NULL DEFAULT '0',
  `name` varchar(128) NOT NULL,
  `data` text,
  PRIMARY KEY (`search_id`),
  UNIQUE KEY `uniqueness` (`user_id`,`type`,`name`),
  CONSTRAINT `user_id_fk_searches` FOREIGN KEY (`user_id`) REFERENCES `users` (`user_id`) ON DELETE CASCADE ON UPDATE CASCADE
) ENGINE=InnoDB DEFAULT CHARSET=utf8mb3;

--
-- Dumping data for table `searches`
--


--
-- Table structure for table `system`
--

CREATE TABLE `system` (
  `name` varchar(64) NOT NULL,
  `value` mediumtext,
  PRIMARY KEY (`name`)
) ENGINE=InnoDB DEFAULT CHARSET=utf8mb3;

--
-- Dumping data for table `system`
--

INSERT INTO `system` VALUES ('roundcube-version','2019092900');

--
-- Table structure for table `users`
--

CREATE TABLE `users` (
  `user_id` int unsigned NOT NULL AUTO_INCREMENT,
  `username` varchar(128) CHARACTER SET utf8 COLLATE utf8_bin NOT NULL,
  `mail_host` varchar(128) NOT NULL,
  `created` datetime NOT NULL DEFAULT '1000-01-01 00:00:00',
  `last_login` datetime DEFAULT NULL,
  `language` varchar(5) DEFAULT NULL,
  `preferences` longtext,
  `failed_login` datetime DEFAULT NULL,
  `failed_login_counter` int unsigned DEFAULT NULL,
  PRIMARY KEY (`user_id`),
  UNIQUE KEY `username` (`username`,`mail_host`)
) ENGINE=InnoDB AUTO_INCREMENT=172 DEFAULT CHARSET=utf8mb3;

--
-- Dumping data for table `users`
--

INSERT INTO `users` VALUES (1,'einstein','mail.langhofer.net','2014-01-28 09:34:12','2016-08-01 09:49:57','de_DE','a:13:{s:9:\"sent_mbox\";s:19:\"INBOX.Sent Messages\";s:11:\"client_hash\";s:32:\"f99ae0a2f6e31f1bfe294bbe71c082c3\";s:11:\"search_mods\";a:6:{s:1:\"*\";a:2:{s:7:\"subject\";i:1;s:4:\"from\";i:1;}s:10:\"INBOX.Sent\";a:2:{s:7:\"subject\";i:1;s:2:\"to\";i:1;}s:12:\"INBOX.Drafts\";a:2:{s:7:\"subject\";i:1;s:2:\"to\";i:1;}s:5:\"INBOX\";a:6:{s:7:\"subject\";i:1;s:4:\"from\";i:1;s:2:\"to\";i:1;s:2:\"cc\";i:1;s:3:\"bcc\";i:1;s:4:\"body\";i:1;}s:19:\"INBOX.Sent Messages\";a:3:{s:7:\"subject\";i:1;s:4:\"from\";i:1;s:2:\"to\";i:1;}s:24:\"INBOX.Archiv.Archiv_2013\";a:2:{s:7:\"subject\";i:1;s:4:\"from\";i:1;}}s:16:\"message_sort_col\";s:4:\"date\";s:18:\"message_sort_order\";s:4:\"DESC\";s:17:\"message_threading\";a:0:{}s:9:\"list_cols\";a:8:{i:0;s:6:\"status\";i:1;s:7:\"subject\";i:2;s:6:\"fromto\";i:3;s:4:\"date\";i:4;s:4:\"size\";i:5;s:4:\"flag\";i:6;s:10:\"attachment\";i:7;s:7:\"threads\";}s:11:\"drafts_mbox\";s:12:\"INBOX.Drafts\";s:9:\"junk_mbox\";s:10:\"INBOX.Junk\";s:10:\"trash_mbox\";s:11:\"INBOX.Trash\";s:15:\"default_folders\";a:5:{i:0;s:5:\"INBOX\";i:1;s:12:\"INBOX.Drafts\";i:2;s:10:\"INBOX.Sent\";i:3;s:10:\"INBOX.Junk\";i:4;s:11:\"INBOX.Trash\";}s:8:\"timezone\";s:4:\"auto\";s:15:\"namespace_fixed\";b:1;}',NULL,NULL),(2,'tina@cruisers-deluxe.com','mail.langhofer.net','2014-01-28 09:47:23','2018-02-27 11:40:57','de_DE','a:12:{s:16:\"message_sort_col\";s:4:\"date\";s:18:\"message_sort_order\";s:4:\"DESC\";s:11:\"search_mods\";a:4:{s:1:\"*\";a:2:{s:7:\"subject\";i:1;s:4:\"from\";i:1;}s:10:\"INBOX.Sent\";a:2:{s:7:\"subject\";i:1;s:2:\"to\";i:1;}s:12:\"INBOX.Drafts\";a:2:{s:7:\"subject\";i:1;s:2:\"to\";i:1;}s:5:\"INBOX\";a:2:{s:7:\"subject\";i:1;s:4:\"from\";i:1;}}s:11:\"client_hash\";s:32:\"19183da5ecaeede8476e6ccf22e52818\";s:17:\"message_threading\";a:2:{s:5:\"INBOX\";b:1;s:11:\"INBOX.Trash\";b:1;}s:11:\"drafts_mbox\";s:12:\"INBOX.Drafts\";s:9:\"junk_mbox\";s:10:\"INBOX.Junk\";s:9:\"sent_mbox\";s:10:\"INBOX.Sent\";s:10:\"trash_mbox\";s:11:\"INBOX.Trash\";s:15:\"default_folders\";a:5:{i:0;s:5:\"INBOX\";i:1;s:12:\"INBOX.Drafts\";i:2;s:10:\"INBOX.Sent\";i:3;s:10:\"INBOX.Junk\";i:4;s:11:\"INBOX.Trash\";}s:8:\"timezone\";s:4:\"auto\";s:15:\"namespace_fixed\";b:1;}',NULL,NULL),(3,'office@pink-ideas.at','mail.langhofer.net','2014-01-28 10:11:38','2015-09-26 18:19:41','de_DE','a:11:{s:16:\"message_sort_col\";s:7:\"subject\";s:18:\"message_sort_order\";s:3:\"ASC\";s:11:\"search_mods\";a:7:{s:1:\"*\";a:2:{s:7:\"subject\";i:1;s:4:\"from\";i:1;}s:10:\"INBOX.Sent\";a:2:{s:7:\"subject\";i:1;s:2:\"to\";i:1;}s:12:\"INBOX.Drafts\";a:2:{s:7:\"subject\";i:1;s:2:\"to\";i:1;}s:5:\"INBOX\";a:3:{s:4:\"from\";i:1;s:7:\"subject\";i:1;s:4:\"body\";i:1;}s:11:\"INBOX.Trash\";a:1:{s:7:\"subject\";i:1;}s:19:\"INBOX.PLAKAT AM LKW\";a:2:{s:7:\"subject\";i:1;s:4:\"from\";i:1;}s:14:\"INBOX.Praxis55\";a:2:{s:7:\"subject\";i:1;s:4:\"from\";i:1;}}s:12:\"skip_deleted\";b:1;s:11:\"drafts_mbox\";s:12:\"INBOX.Drafts\";s:9:\"junk_mbox\";s:10:\"INBOX.Junk\";s:9:\"sent_mbox\";s:10:\"INBOX.Sent\";s:10:\"trash_mbox\";s:11:\"INBOX.Trash\";s:15:\"default_folders\";a:5:{i:0;s:5:\"INBOX\";i:1;s:12:\"INBOX.Drafts\";i:2;s:10:\"INBOX.Sent\";i:3;s:10:\"INBOX.Junk\";i:4;s:11:\"INBOX.Trash\";}s:8:\"timezone\";s:4:\"auto\";s:15:\"namespace_fixed\";b:1;}',NULL,NULL),(4,'daniel@n8musik.at','mail.langhofer.net','2014-01-28 13:42:34','2020-03-26 09:04:03','de_DE','a:11:{s:11:\"search_mods\";a:8:{s:1:\"*\";a:2:{s:7:\"subject\";i:1;s:4:\"from\";i:1;}s:10:\"INBOX.Sent\";a:2:{s:7:\"subject\";i:1;s:2:\"to\";i:1;}s:12:\"INBOX.Drafts\";a:2:{s:7:\"subject\";i:1;s:2:\"to\";i:1;}s:5:\"INBOX\";a:2:{s:7:\"subject\";i:1;s:4:\"from\";i:1;}s:14:\"INBOX.gesendet\";a:2:{s:7:\"subject\";i:1;s:4:\"from\";i:1;}s:19:\"INBOX.Sent Messages\";a:2:{s:7:\"subject\";i:1;s:4:\"from\";i:1;}s:11:\"INBOX.Trash\";a:2:{s:7:\"subject\";i:1;s:4:\"from\";i:1;}s:6:\"Amazon\";a:2:{s:7:\"subject\";i:1;s:4:\"from\";i:1;}}s:16:\"message_sort_col\";s:4:\"date\";s:18:\"message_sort_order\";s:4:\"DESC\";s:9:\"sent_mbox\";s:19:\"INBOX.Sent Messages\";s:11:\"client_hash\";s:32:\"730e4cc04c625997e645c6751e39462c\";s:11:\"drafts_mbox\";s:12:\"INBOX.Drafts\";s:9:\"junk_mbox\";s:10:\"INBOX.Junk\";s:10:\"trash_mbox\";s:11:\"INBOX.Trash\";s:15:\"default_folders\";a:5:{i:0;s:5:\"INBOX\";i:1;s:12:\"INBOX.Drafts\";i:2;s:10:\"INBOX.Sent\";i:3;s:10:\"INBOX.Junk\";i:4;s:11:\"INBOX.Trash\";}s:8:\"timezone\";s:4:\"auto\";s:15:\"namespace_fixed\";b:1;}','2020-03-03 19:13:49',1),(5,'philipp@familie-aigner.at','mail.langhofer.net','2014-01-28 15:43:51','2015-10-08 16:17:12','de_DE','a:8:{s:11:\"search_mods\";a:5:{s:1:\"*\";a:2:{s:7:\"subject\";i:1;s:4:\"from\";i:1;}s:10:\"INBOX.Sent\";a:2:{s:7:\"subject\";i:1;s:2:\"to\";i:1;}s:12:\"INBOX.Drafts\";a:2:{s:7:\"subject\";i:1;s:2:\"to\";i:1;}s:19:\"INBOX.Sent Messages\";a:2:{s:7:\"subject\";i:1;s:4:\"from\";i:1;}s:5:\"INBOX\";a:1:{s:4:\"text\";i:1;}}s:11:\"drafts_mbox\";s:12:\"INBOX.Drafts\";s:9:\"sent_mbox\";s:19:\"INBOX.Sent Messages\";s:9:\"junk_mbox\";s:0:\"\";s:10:\"trash_mbox\";s:11:\"INBOX.Trash\";s:15:\"default_folders\";a:4:{i:0;s:5:\"INBOX\";i:1;s:12:\"INBOX.Drafts\";i:2;s:19:\"INBOX.Sent Messages\";i:3;s:11:\"INBOX.Trash\";}s:8:\"timezone\";s:4:\"auto\";s:15:\"namespace_fixed\";b:1;}',NULL,NULL),(6,'karin','mail.langhofer.net','2014-01-28 20:31:59','2022-03-17 13:01:55','de_DE','a:13:{s:11:\"search_mods\";a:4:{s:1:\"*\";a:2:{s:7:\"subject\";i:1;s:4:\"from\";i:1;}s:10:\"INBOX.Sent\";a:2:{s:7:\"subject\";i:1;s:2:\"to\";i:1;}s:12:\"INBOX.Drafts\";a:2:{s:7:\"subject\";i:1;s:2:\"to\";i:1;}s:5:\"INBOX\";a:1:{s:4:\"from\";i:1;}}s:12:\"preview_pane\";b:1;s:16:\"message_sort_col\";s:4:\"date\";s:18:\"message_sort_order\";s:4:\"DESC\";s:17:\"message_threading\";a:1:{s:5:\"INBOX\";b:0;}s:11:\"client_hash\";s:32:\"c7d237adfc00a24237a42196bf827d93\";s:11:\"drafts_mbox\";s:12:\"INBOX.Drafts\";s:9:\"junk_mbox\";s:10:\"INBOX.Junk\";s:9:\"sent_mbox\";s:10:\"INBOX.Sent\";s:10:\"trash_mbox\";s:11:\"INBOX.Trash\";s:15:\"default_folders\";a:5:{i:0;s:5:\"INBOX\";i:1;s:12:\"INBOX.Drafts\";i:2;s:10:\"INBOX.Sent\";i:3;s:10:\"INBOX.Junk\";i:4;s:11:\"INBOX.Trash\";}s:8:\"timezone\";s:4:\"auto\";s:15:\"namespace_fixed\";b:1;}','2022-04-08 13:28:26',1),(7,'karin@herrnau.at','mail.langhofer.net','2014-01-29 20:54:00','2022-04-25 20:30:47','de_DE','a:10:{s:11:\"search_mods\";a:4:{s:1:\"*\";a:2:{s:7:\"subject\";i:1;s:4:\"from\";i:1;}s:10:\"INBOX.Sent\";a:2:{s:7:\"subject\";i:1;s:2:\"to\";i:1;}s:12:\"INBOX.Drafts\";a:2:{s:7:\"subject\";i:1;s:2:\"to\";i:1;}s:5:\"INBOX\";a:2:{s:7:\"subject\";i:1;s:4:\"from\";i:1;}}s:17:\"message_threading\";a:1:{s:5:\"INBOX\";b:0;}s:11:\"client_hash\";s:16:\"BPSOhacmBMdLJoLl\";s:11:\"drafts_mbox\";s:12:\"INBOX.Drafts\";s:9:\"junk_mbox\";s:10:\"INBOX.Junk\";s:9:\"sent_mbox\";s:10:\"INBOX.Sent\";s:10:\"trash_mbox\";s:11:\"INBOX.Trash\";s:15:\"default_folders\";a:5:{i:0;s:5:\"INBOX\";i:1;s:12:\"INBOX.Drafts\";i:2;s:10:\"INBOX.Sent\";i:3;s:10:\"INBOX.Junk\";i:4;s:11:\"INBOX.Trash\";}s:8:\"timezone\";s:4:\"auto\";s:15:\"namespace_fixed\";b:1;}','2020-10-23 22:16:45',1),(8,'christian.ofenboeck@cnit.at','mail.langhofer.net','2014-01-30 09:48:26','2014-12-04 08:27:16','de_DE','a:7:{s:11:\"drafts_mbox\";s:12:\"INBOX.Drafts\";s:9:\"junk_mbox\";s:10:\"INBOX.Junk\";s:9:\"sent_mbox\";s:10:\"INBOX.Sent\";s:10:\"trash_mbox\";s:11:\"INBOX.Trash\";s:15:\"default_folders\";a:5:{i:0;s:5:\"INBOX\";i:1;s:12:\"INBOX.Drafts\";i:2;s:10:\"INBOX.Sent\";i:3;s:10:\"INBOX.Junk\";i:4;s:11:\"INBOX.Trash\";}s:8:\"timezone\";s:4:\"auto\";s:15:\"namespace_fixed\";b:1;}',NULL,NULL),(9,'beda','mail.langhofer.net','2014-01-31 08:59:33','2022-04-19 09:01:20','de_DE','a:16:{s:16:\"message_sort_col\";s:4:\"date\";s:18:\"message_sort_order\";s:3:\"ASC\";s:6:\"layout\";s:10:\"widescreen\";s:11:\"search_mods\";a:8:{s:1:\"*\";a:1:{s:4:\"body\";i:1;}s:10:\"INBOX.Sent\";a:1:{s:4:\"from\";i:1;}s:12:\"INBOX.Drafts\";a:2:{s:7:\"subject\";i:1;s:2:\"to\";i:1;}s:5:\"INBOX\";a:2:{s:7:\"subject\";i:1;s:4:\"from\";i:1;}s:10:\"INBOX.beda\";a:2:{s:7:\"subject\";i:1;s:4:\"from\";i:1;}s:22:\"INBOX.borgLinz.2014-15\";a:1:{s:4:\"text\";i:1;}s:11:\"INBOX.Trash\";a:1:{s:4:\"body\";i:1;}s:10:\"Papierkorb\";a:1:{s:4:\"body\";i:1;}}s:12:\"preview_pane\";b:1;s:17:\"message_threading\";a:1:{s:28:\"INBOX.borgLinz.admin-seminar\";b:0;}s:11:\"client_hash\";s:32:\"a804a63e34eadb21a2309d561800028c\";s:13:\"mail_pagesize\";i:200;s:10:\"htmleditor\";i:0;s:11:\"drafts_mbox\";s:12:\"INBOX.Drafts\";s:9:\"junk_mbox\";s:10:\"INBOX.Junk\";s:9:\"sent_mbox\";s:10:\"INBOX.Sent\";s:10:\"trash_mbox\";s:11:\"INBOX.Trash\";s:15:\"default_folders\";a:5:{i:0;s:5:\"INBOX\";i:1;s:12:\"INBOX.Drafts\";i:2;s:10:\"INBOX.Sent\";i:3;s:10:\"INBOX.Junk\";i:4;s:11:\"INBOX.Trash\";}s:8:\"timezone\";s:4:\"auto\";s:15:\"namespace_fixed\";b:1;}','2022-04-19 09:01:11',1),(10,'peter@n8musik.at','mail.langhofer.net','2014-02-03 08:20:21','2022-09-11 07:11:56','de_DE','a:11:{s:11:\"search_mods\";a:6:{s:1:\"*\";a:2:{s:7:\"subject\";i:1;s:4:\"from\";i:1;}s:19:\"INBOX.Sent Messages\";a:2:{s:7:\"subject\";i:1;s:2:\"to\";i:1;}s:12:\"INBOX.Drafts\";a:2:{s:7:\"subject\";i:1;s:2:\"to\";i:1;}s:5:\"INBOX\";a:2:{s:7:\"subject\";i:1;s:4:\"from\";i:1;}s:11:\"INBOX.Trash\";a:2:{s:7:\"subject\";i:1;s:4:\"from\";i:1;}s:21:\"Reisen.Tel Aviv 10 18\";a:2:{s:7:\"subject\";i:1;s:4:\"from\";i:1;}}s:16:\"message_sort_col\";s:4:\"date\";s:18:\"message_sort_order\";s:4:\"DESC\";s:9:\"sent_mbox\";s:19:\"INBOX.Sent Messages\";s:11:\"client_hash\";s:32:\"c9fef79c2b9187f1e5f57e4e5388d445\";s:11:\"drafts_mbox\";s:12:\"INBOX.Drafts\";s:9:\"junk_mbox\";s:10:\"INBOX.Junk\";s:10:\"trash_mbox\";s:11:\"INBOX.Trash\";s:15:\"default_folders\";a:5:{i:0;s:5:\"INBOX\";i:1;s:12:\"INBOX.Drafts\";i:2;s:10:\"INBOX.Sent\";i:3;s:10:\"INBOX.Junk\";i:4;s:11:\"INBOX.Trash\";}s:8:\"timezone\";s:4:\"auto\";s:15:\"namespace_fixed\";b:1;}','2020-03-03 20:53:43',1),(11,'carmen','mail.langhofer.net','2014-02-03 15:38:19','2022-08-10 12:56:23','de_DE','a:16:{s:11:\"search_mods\";a:28:{s:1:\"*\";a:2:{s:7:\"subject\";i:1;s:4:\"from\";i:1;}s:10:\"INBOX.Sent\";a:2:{s:7:\"subject\";i:1;s:2:\"to\";i:1;}s:12:\"INBOX.Drafts\";a:2:{s:7:\"subject\";i:1;s:2:\"to\";i:1;}s:20:\"INBOX.Gaserkgasse 6A\";a:2:{s:7:\"subject\";i:1;s:4:\"from\";i:1;}s:11:\"INBOX.Trash\";a:2:{s:7:\"subject\";i:1;s:4:\"from\";i:1;}s:5:\"INBOX\";a:2:{s:7:\"subject\";i:1;s:4:\"from\";i:1;}s:20:\"INBOX.Freunde.Carmen\";a:2:{s:7:\"subject\";i:1;s:4:\"from\";i:1;}s:15:\"INBOX.Anmeldung\";a:2:{s:7:\"subject\";i:1;s:4:\"from\";i:1;}s:30:\"INBOX.Freunde.Carmen Bewerbung\";a:2:{s:7:\"subject\";i:1;s:4:\"from\";i:1;}s:11:\"INBOX.YGmbH\";a:2:{s:7:\"subject\";i:1;s:4:\"from\";i:1;}s:10:\"INBOX.Junk\";a:2:{s:7:\"subject\";i:1;s:4:\"from\";i:1;}s:21:\"INBOX.YGmbH.Bankinfos\";a:2:{s:7:\"subject\";i:1;s:4:\"from\";i:1;}s:17:\"INBOX.hinterhofer\";a:2:{s:7:\"subject\";i:1;s:4:\"from\";i:1;}s:17:\"INBOX.Unfall 2015\";a:2:{s:7:\"subject\";i:1;s:4:\"from\";i:1;}s:17:\"INBOX.Antenne Sbg\";a:2:{s:7:\"subject\";i:1;s:4:\"from\";i:1;}s:11:\"Freunde.Evi\";a:2:{s:7:\"subject\";i:1;s:4:\"from\";i:1;}s:11:\"Unfall 2015\";a:2:{s:7:\"subject\";i:1;s:4:\"from\";i:1;}s:14:\"Gaserkgasse 6A\";a:2:{s:7:\"subject\";i:1;s:4:\"from\";i:1;}s:9:\"Anmeldung\";a:2:{s:7:\"subject\";i:1;s:4:\"from\";i:1;}s:24:\"Freunde.Carmen Bewerbung\";a:2:{s:7:\"subject\";i:1;s:4:\"from\";i:1;}s:14:\"Freunde.Carmen\";a:2:{s:7:\"subject\";i:1;s:4:\"from\";i:1;}s:16:\"Antenne Salzburg\";a:2:{s:7:\"subject\";i:1;s:4:\"from\";i:1;}s:11:\"hinterhofer\";a:2:{s:7:\"subject\";i:1;s:4:\"from\";i:1;}s:20:\"gaswekgasse 6A.Strom\";a:2:{s:7:\"subject\";i:1;s:4:\"from\";i:1;}s:4:\"Sent\";a:2:{s:7:\"subject\";i:1;s:4:\"from\";i:1;}s:14:\"Sparkassenstr8\";a:2:{s:7:\"subject\";i:1;s:4:\"from\";i:1;}s:22:\"INBOX.Deleted Messages\";a:2:{s:7:\"subject\";i:1;s:4:\"from\";i:1;}s:16:\"Deleted Messages\";a:2:{s:7:\"subject\";i:1;s:4:\"from\";i:1;}}s:17:\"collapsed_folders\";s:160:\"&INBOX.UGr%26APw-ndung&&INBOX.gaswekgasse%206A&&INBOX.YGmbH&&Notes&&YGmbH.Kunden&&YGmbH&&Freunde&&UGr%26APw-ndung&&Unfall%202015&&INBOX.Trash&&gaswekgasse%206A&\";s:17:\"message_threading\";a:12:{s:12:\"INBOX.Laturo\";b:0;s:13:\"INBOX.Youtube\";b:0;s:26:\"INBOX.gaswekgasse 6A.Strom\";b:0;s:21:\"INBOX.Unfall 2015.GKK\";b:0;s:16:\"INBOX.INBOX.P&-C\";b:0;s:28:\"INBOX.INBOX.Antenne Salzburg\";b:0;s:16:\"INBOX.humdynamix\";b:0;s:11:\"Unfall 2015\";b:0;s:12:\"Armbruch2017\";b:0;s:13:\"W&APw-stenrot\";b:0;s:10:\"Rechnungen\";b:0;s:17:\"INBOX.PerfektSkin\";b:0;}s:16:\"message_sort_col\";s:4:\"date\";s:18:\"message_sort_order\";s:4:\"DESC\";s:14:\"compose_extwin\";i:1;s:22:\"spellcheck_before_send\";b:1;s:12:\"preview_pane\";b:1;s:11:\"client_hash\";s:32:\"4b61703507cc584e511c6e5f0c8a619a\";s:11:\"drafts_mbox\";s:12:\"INBOX.Drafts\";s:9:\"junk_mbox\";s:10:\"INBOX.Junk\";s:9:\"sent_mbox\";s:10:\"INBOX.Sent\";s:10:\"trash_mbox\";s:11:\"INBOX.Trash\";s:15:\"default_folders\";a:5:{i:0;s:5:\"INBOX\";i:1;s:12:\"INBOX.Drafts\";i:2;s:10:\"INBOX.Sent\";i:3;s:10:\"INBOX.Junk\";i:4;s:11:\"INBOX.Trash\";}s:8:\"timezone\";s:4:\"auto\";s:15:\"namespace_fixed\";b:1;}','2022-01-30 16:46:11',1),(12,'alfred.lueftenegger@langwallner.at','mail.langhofer.net','2014-02-05 09:12:35','2015-09-11 09:34:12','de_DE','a:11:{s:11:\"search_mods\";a:6:{s:1:\"*\";a:2:{s:7:\"subject\";i:1;s:4:\"from\";i:1;}s:10:\"INBOX.Sent\";a:2:{s:7:\"subject\";i:1;s:2:\"to\";i:1;}s:12:\"INBOX.Drafts\";a:2:{s:7:\"subject\";i:1;s:2:\"to\";i:1;}s:11:\"INBOX.Trash\";a:2:{s:7:\"subject\";i:1;s:4:\"from\";i:1;}s:18:\"INBOX.Infos_und_CC\";a:2:{s:7:\"subject\";i:1;s:4:\"from\";i:1;}s:5:\"INBOX\";a:2:{s:7:\"subject\";i:1;s:4:\"from\";i:1;}}s:16:\"message_sort_col\";s:4:\"date\";s:18:\"message_sort_order\";s:4:\"DESC\";s:12:\"preview_pane\";s:1:\"1\";s:11:\"drafts_mbox\";s:12:\"INBOX.Drafts\";s:9:\"junk_mbox\";s:10:\"INBOX.Junk\";s:9:\"sent_mbox\";s:10:\"INBOX.Sent\";s:10:\"trash_mbox\";s:11:\"INBOX.Trash\";s:15:\"default_folders\";a:5:{i:0;s:5:\"INBOX\";i:1;s:12:\"INBOX.Drafts\";i:2;s:10:\"INBOX.Sent\";i:3;s:10:\"INBOX.Junk\";i:4;s:11:\"INBOX.Trash\";}s:8:\"timezone\";s:4:\"auto\";s:15:\"namespace_fixed\";b:1;}',NULL,NULL),(13,'emanuel@mucki.at','mail.langhofer.net','2014-02-05 22:02:34','2022-06-01 15:23:48','de_DE','a:12:{s:11:\"search_mods\";a:10:{s:1:\"*\";a:2:{s:7:\"subject\";i:1;s:4:\"from\";i:1;}s:10:\"INBOX.Sent\";a:2:{s:7:\"subject\";i:1;s:2:\"to\";i:1;}s:12:\"INBOX.Drafts\";a:2:{s:7:\"subject\";i:1;s:2:\"to\";i:1;}s:5:\"INBOX\";a:2:{s:7:\"subject\";i:1;s:4:\"from\";i:1;}s:11:\"INBOX.stuff\";a:2:{s:7:\"subject\";i:1;s:4:\"from\";i:1;}s:18:\"INBOX.work.hosting\";a:2:{s:7:\"subject\";i:1;s:4:\"from\";i:1;}s:19:\"INBOX.stuff.vserver\";a:2:{s:7:\"subject\";i:1;s:4:\"from\";i:1;}s:18:\"INBOX.people.armin\";a:2:{s:7:\"subject\";i:1;s:4:\"from\";i:1;}s:11:\"INBOX.Trash\";a:2:{s:7:\"subject\";i:1;s:4:\"from\";i:1;}s:18:\"INBOX.stuff.redhat\";a:2:{s:7:\"subject\";i:1;s:4:\"from\";i:1;}}s:16:\"message_sort_col\";s:4:\"date\";s:18:\"message_sort_order\";s:4:\"DESC\";s:17:\"message_threading\";a:1:{s:5:\"INBOX\";b:1;}s:11:\"client_hash\";s:32:\"cbb79339a82cc052294f1af37233e31b\";s:11:\"drafts_mbox\";s:12:\"INBOX.Drafts\";s:9:\"junk_mbox\";s:10:\"INBOX.Junk\";s:9:\"sent_mbox\";s:10:\"INBOX.Sent\";s:10:\"trash_mbox\";s:11:\"INBOX.Trash\";s:15:\"default_folders\";a:5:{i:0;s:5:\"INBOX\";i:1;s:12:\"INBOX.Drafts\";i:2;s:10:\"INBOX.Sent\";i:3;s:10:\"INBOX.Junk\";i:4;s:11:\"INBOX.Trash\";}s:8:\"timezone\";s:4:\"auto\";s:15:\"namespace_fixed\";b:1;}','2021-03-20 12:36:55',1),(14,'pstuetz','mail.langhofer.net','2014-02-05 23:52:26','2020-07-19 17:19:39','de_DE','a:10:{s:16:\"message_sort_col\";s:7:\"subject\";s:18:\"message_sort_order\";s:4:\"DESC\";s:11:\"client_hash\";s:32:\"f20a4cf6f5c39bf7297fa58796e2895e\";s:11:\"drafts_mbox\";s:12:\"INBOX.Drafts\";s:9:\"junk_mbox\";s:10:\"INBOX.Junk\";s:9:\"sent_mbox\";s:10:\"INBOX.Sent\";s:10:\"trash_mbox\";s:11:\"INBOX.Trash\";s:15:\"default_folders\";a:5:{i:0;s:5:\"INBOX\";i:1;s:12:\"INBOX.Drafts\";i:2;s:10:\"INBOX.Sent\";i:3;s:10:\"INBOX.Junk\";i:4;s:11:\"INBOX.Trash\";}s:8:\"timezone\";s:4:\"auto\";s:15:\"namespace_fixed\";b:1;}',NULL,NULL),(15,'j.vrece@kreuzberger-bau.at','mail.langhofer.net','2014-02-08 16:35:41','2017-08-17 17:06:56','de_DE','a:11:{s:12:\"preview_pane\";b:1;s:11:\"client_hash\";s:32:\"d2cc3e5f7bce6fca386e80244ec54ee2\";s:11:\"search_mods\";a:4:{s:1:\"*\";a:2:{s:7:\"subject\";i:1;s:4:\"from\";i:1;}s:10:\"INBOX.Sent\";a:2:{s:7:\"subject\";i:1;s:2:\"to\";i:1;}s:12:\"INBOX.Drafts\";a:2:{s:7:\"subject\";i:1;s:2:\"to\";i:1;}s:5:\"INBOX\";a:2:{s:7:\"subject\";i:1;s:4:\"from\";i:1;}}s:17:\"message_threading\";a:0:{}s:11:\"drafts_mbox\";s:12:\"INBOX.Drafts\";s:9:\"junk_mbox\";s:10:\"INBOX.Junk\";s:9:\"sent_mbox\";s:10:\"INBOX.Sent\";s:10:\"trash_mbox\";s:11:\"INBOX.Trash\";s:15:\"default_folders\";a:5:{i:0;s:5:\"INBOX\";i:1;s:12:\"INBOX.Drafts\";i:2;s:10:\"INBOX.Sent\";i:3;s:10:\"INBOX.Junk\";i:4;s:11:\"INBOX.Trash\";}s:8:\"timezone\";s:4:\"auto\";s:15:\"namespace_fixed\";b:1;}',NULL,NULL),(16,'office@langwallner.at','mail.langhofer.net','2014-02-08 17:01:44','2018-12-12 07:46:47','de_DE','a:14:{s:11:\"drafts_mbox\";s:12:\"INBOX.Drafts\";s:9:\"sent_mbox\";s:10:\"INBOX.Sent\";s:9:\"junk_mbox\";s:11:\"INBOX.Trash\";s:10:\"trash_mbox\";s:11:\"INBOX.Trash\";s:11:\"search_mods\";a:5:{s:1:\"*\";a:2:{s:7:\"subject\";i:1;s:4:\"from\";i:1;}s:10:\"INBOX.Sent\";a:3:{s:7:\"subject\";i:1;s:2:\"to\";i:1;s:4:\"from\";i:1;}s:12:\"INBOX.Drafts\";a:2:{s:7:\"subject\";i:1;s:2:\"to\";i:1;}s:16:\"INBOX.alte Mails\";a:1:{s:4:\"from\";i:1;}s:5:\"INBOX\";a:2:{s:7:\"subject\";i:1;s:4:\"from\";i:1;}}s:12:\"preview_pane\";s:1:\"0\";s:16:\"message_sort_col\";s:4:\"date\";s:18:\"message_sort_order\";s:4:\"DESC\";s:11:\"client_hash\";s:32:\"9dd75f095f4563765941b00b8712c3ae\";s:8:\"timezone\";s:4:\"auto\";s:11:\"date_format\";s:5:\"d.m.Y\";s:9:\"date_long\";s:9:\"d.m.Y H:i\";s:15:\"default_folders\";a:5:{i:0;s:5:\"INBOX\";i:1;s:12:\"INBOX.Drafts\";i:2;s:10:\"INBOX.Sent\";i:3;s:10:\"INBOX.Junk\";i:4;s:11:\"INBOX.Trash\";}s:15:\"namespace_fixed\";b:1;}','2019-03-12 12:13:34',1),(17,'margareta.kaufmann@cnit.at','mail.langhofer.net','2014-02-10 10:28:08','2014-02-10 10:28:08','de_DE','a:7:{s:11:\"drafts_mbox\";s:12:\"INBOX.Drafts\";s:9:\"junk_mbox\";s:10:\"INBOX.Junk\";s:9:\"sent_mbox\";s:10:\"INBOX.Sent\";s:10:\"trash_mbox\";s:11:\"INBOX.Trash\";s:15:\"default_folders\";a:5:{i:0;s:5:\"INBOX\";i:1;s:12:\"INBOX.Drafts\";i:2;s:10:\"INBOX.Sent\";i:3;s:10:\"INBOX.Junk\";i:4;s:11:\"INBOX.Trash\";}s:8:\"timezone\";s:4:\"auto\";s:15:\"namespace_fixed\";b:1;}',NULL,NULL),(18,'andreas.langwallner@langwallner.at','mail.langhofer.net','2014-02-12 21:57:17','2017-01-04 15:15:08','de_DE','a:9:{s:11:\"client_hash\";s:32:\"f0425d1100d6a4ee44b0aa0211367d77\";s:9:\"sent_mbox\";s:19:\"INBOX.Sent Messages\";s:11:\"search_mods\";a:4:{s:1:\"*\";a:2:{s:7:\"subject\";i:1;s:4:\"from\";i:1;}s:10:\"INBOX.Sent\";a:2:{s:7:\"subject\";i:1;s:2:\"to\";i:1;}s:12:\"INBOX.Drafts\";a:2:{s:7:\"subject\";i:1;s:2:\"to\";i:1;}s:5:\"INBOX\";a:2:{s:7:\"subject\";i:1;s:4:\"from\";i:1;}}s:11:\"drafts_mbox\";s:12:\"INBOX.Drafts\";s:9:\"junk_mbox\";s:10:\"INBOX.Junk\";s:10:\"trash_mbox\";s:11:\"INBOX.Trash\";s:15:\"default_folders\";a:5:{i:0;s:5:\"INBOX\";i:1;s:12:\"INBOX.Drafts\";i:2;s:10:\"INBOX.Sent\";i:3;s:10:\"INBOX.Junk\";i:4;s:11:\"INBOX.Trash\";}s:8:\"timezone\";s:4:\"auto\";s:15:\"namespace_fixed\";b:1;}',NULL,NULL),(19,'armin','mail.langhofer.net','2014-02-14 08:55:56','2022-09-14 00:39:36','de_DE','a:13:{s:11:\"search_mods\";a:11:{s:1:\"*\";a:2:{s:7:\"subject\";i:1;s:4:\"from\";i:1;}s:10:\"INBOX.Sent\";a:2:{s:7:\"subject\";i:1;s:2:\"to\";i:1;}s:12:\"INBOX.Drafts\";a:2:{s:7:\"subject\";i:1;s:2:\"to\";i:1;}s:5:\"INBOX\";a:2:{s:7:\"subject\";i:1;s:4:\"from\";i:1;}s:18:\"INBOX.AAA-erledigt\";a:2:{s:7:\"subject\";i:1;s:4:\"from\";i:1;}s:19:\"INBOX.Sent Messages\";a:2:{s:7:\"subject\";i:1;s:4:\"from\";i:1;}s:14:\"INBOX.sent2011\";a:2:{s:7:\"subject\";i:1;s:4:\"from\";i:1;}s:14:\"INBOX.sent2010\";a:2:{s:7:\"subject\";i:1;s:4:\"from\";i:1;}s:11:\"INBOX.Trash\";a:2:{s:7:\"subject\";i:1;s:4:\"from\";i:1;}s:17:\"INBOX.AAA-eingang\";a:2:{s:7:\"subject\";i:1;s:4:\"from\";i:1;}s:12:\"AAA-erledigt\";a:2:{s:7:\"subject\";i:1;s:4:\"from\";i:1;}}s:16:\"message_sort_col\";s:4:\"date\";s:18:\"message_sort_order\";s:4:\"DESC\";s:12:\"preview_pane\";b:1;s:11:\"client_hash\";s:32:\"02fb386d29c7c4d552905585d7576852\";s:9:\"sent_mbox\";s:19:\"INBOX.Sent Messages\";s:12:\"skip_deleted\";b:1;s:11:\"drafts_mbox\";s:12:\"INBOX.Drafts\";s:9:\"junk_mbox\";s:10:\"INBOX.Junk\";s:10:\"trash_mbox\";s:11:\"INBOX.Trash\";s:15:\"default_folders\";a:5:{i:0;s:5:\"INBOX\";i:1;s:12:\"INBOX.Drafts\";i:2;s:10:\"INBOX.Sent\";i:3;s:10:\"INBOX.Junk\";i:4;s:11:\"INBOX.Trash\";}s:8:\"timezone\";s:4:\"auto\";s:15:\"namespace_fixed\";b:1;}','2022-07-13 15:22:21',1),(20,'office@steinofsky.at','mail.langhofer.net','2014-02-14 14:55:10','2018-06-18 11:42:57','de_DE','a:13:{s:17:\"message_threading\";a:1:{s:5:\"INBOX\";b:0;}s:16:\"message_sort_col\";s:4:\"date\";s:18:\"message_sort_order\";s:4:\"DESC\";s:11:\"client_hash\";s:32:\"32e274fe64618ce064e450dfe11ca461\";s:12:\"logout_purge\";b:1;s:12:\"preview_pane\";s:1:\"0\";s:11:\"drafts_mbox\";s:12:\"INBOX.Drafts\";s:9:\"junk_mbox\";s:10:\"INBOX.Junk\";s:9:\"sent_mbox\";s:10:\"INBOX.Sent\";s:10:\"trash_mbox\";s:11:\"INBOX.Trash\";s:15:\"default_folders\";a:5:{i:0;s:5:\"INBOX\";i:1;s:12:\"INBOX.Drafts\";i:2;s:10:\"INBOX.Sent\";i:3;s:10:\"INBOX.Junk\";i:4;s:11:\"INBOX.Trash\";}s:8:\"timezone\";s:4:\"auto\";s:15:\"namespace_fixed\";b:1;}',NULL,NULL),(21,'mario.langbauer@cnit.at','mail.langhofer.net','2014-02-14 14:57:46','2014-12-04 08:34:32','de_DE','a:7:{s:11:\"drafts_mbox\";s:12:\"INBOX.Drafts\";s:9:\"junk_mbox\";s:10:\"INBOX.Junk\";s:9:\"sent_mbox\";s:10:\"INBOX.Sent\";s:10:\"trash_mbox\";s:11:\"INBOX.Trash\";s:15:\"default_folders\";a:5:{i:0;s:5:\"INBOX\";i:1;s:12:\"INBOX.Drafts\";i:2;s:10:\"INBOX.Sent\";i:3;s:10:\"INBOX.Junk\";i:4;s:11:\"INBOX.Trash\";}s:8:\"timezone\";s:4:\"auto\";s:15:\"namespace_fixed\";b:1;}',NULL,NULL),(22,'p.kreuzberger@kreuzberger-bau.at','mail.langhofer.net','2014-02-28 15:19:00','2014-02-28 15:20:52','de_DE','a:7:{s:11:\"drafts_mbox\";s:12:\"INBOX.Drafts\";s:9:\"junk_mbox\";s:10:\"INBOX.Junk\";s:9:\"sent_mbox\";s:10:\"INBOX.Sent\";s:10:\"trash_mbox\";s:11:\"INBOX.Trash\";s:15:\"default_folders\";a:5:{i:0;s:5:\"INBOX\";i:1;s:12:\"INBOX.Drafts\";i:2;s:10:\"INBOX.Sent\";i:3;s:10:\"INBOX.Junk\";i:4;s:11:\"INBOX.Trash\";}s:8:\"timezone\";s:4:\"auto\";s:15:\"namespace_fixed\";b:1;}',NULL,NULL),(23,'ch.erlacher@kreuzberger-bau.at','mail.langhofer.net','2014-03-04 09:52:35','2019-04-16 00:12:04','de_DE','a:12:{s:11:\"search_mods\";a:8:{s:1:\"*\";a:2:{s:7:\"subject\";i:1;s:4:\"from\";i:1;}s:10:\"INBOX.Sent\";a:2:{s:7:\"subject\";i:1;s:2:\"to\";i:1;}s:12:\"INBOX.Drafts\";a:2:{s:7:\"subject\";i:1;s:2:\"to\";i:1;}s:11:\"INBOX.Trash\";a:2:{s:7:\"subject\";i:1;s:4:\"from\";i:1;}s:5:\"INBOX\";a:2:{s:7:\"subject\";i:1;s:4:\"from\";i:1;}s:41:\"INBOX.D_BVH 2017.02_Sonnbichl Appartments\";a:2:{s:7:\"subject\";i:1;s:4:\"from\";i:1;}s:12:\"INBOX.ddd.CC\";a:2:{s:7:\"subject\";i:1;s:4:\"from\";i:1;}s:31:\"INBOX.D_BVH 2017.01_OCC Hallein\";a:2:{s:7:\"subject\";i:1;s:4:\"from\";i:1;}}s:16:\"message_sort_col\";s:4:\"date\";s:18:\"message_sort_order\";s:4:\"DESC\";s:17:\"message_threading\";a:1:{s:16:\"INBOX.C_BVH 2016\";b:0;}s:11:\"client_hash\";s:32:\"3dd9306a6a52dc1a405a4beeac621622\";s:11:\"drafts_mbox\";s:12:\"INBOX.Drafts\";s:9:\"junk_mbox\";s:10:\"INBOX.Junk\";s:9:\"sent_mbox\";s:10:\"INBOX.Sent\";s:10:\"trash_mbox\";s:11:\"INBOX.Trash\";s:15:\"default_folders\";a:5:{i:0;s:5:\"INBOX\";i:1;s:12:\"INBOX.Drafts\";i:2;s:10:\"INBOX.Sent\";i:3;s:10:\"INBOX.Junk\";i:4;s:11:\"INBOX.Trash\";}s:8:\"timezone\";s:4:\"auto\";s:15:\"namespace_fixed\";b:1;}',NULL,NULL),(24,'e.wallmann@kreuzberger-bau.at','mail.langhofer.net','2014-03-06 17:42:03','2019-04-08 21:19:49','de_DE','a:11:{s:11:\"search_mods\";a:4:{s:1:\"*\";a:2:{s:7:\"subject\";i:1;s:4:\"from\";i:1;}s:10:\"INBOX.Sent\";a:2:{s:7:\"subject\";i:1;s:2:\"to\";i:1;}s:12:\"INBOX.Drafts\";a:2:{s:7:\"subject\";i:1;s:2:\"to\";i:1;}s:5:\"INBOX\";a:2:{s:4:\"from\";i:1;s:4:\"body\";i:1;}}s:16:\"message_sort_col\";s:4:\"date\";s:18:\"message_sort_order\";s:4:\"DESC\";s:11:\"client_hash\";s:32:\"1db06557a5fdc877e1a331952c1b3281\";s:11:\"drafts_mbox\";s:12:\"INBOX.Drafts\";s:9:\"junk_mbox\";s:10:\"INBOX.Junk\";s:9:\"sent_mbox\";s:10:\"INBOX.Sent\";s:10:\"trash_mbox\";s:11:\"INBOX.Trash\";s:15:\"default_folders\";a:5:{i:0;s:5:\"INBOX\";i:1;s:12:\"INBOX.Drafts\";i:2;s:10:\"INBOX.Sent\";i:3;s:10:\"INBOX.Junk\";i:4;s:11:\"INBOX.Trash\";}s:8:\"timezone\";s:4:\"auto\";s:15:\"namespace_fixed\";b:1;}','2020-07-01 10:44:55',1),(25,'bani','mail.langhofer.net','2014-03-10 13:34:28','2016-04-29 11:34:21','de_DE','a:13:{s:16:\"message_sort_col\";s:4:\"date\";s:18:\"message_sort_order\";s:4:\"DESC\";s:11:\"client_hash\";s:32:\"280b5e38af1c124ad06da8342dcf97c4\";s:11:\"search_mods\";a:4:{s:1:\"*\";a:2:{s:7:\"subject\";i:1;s:4:\"from\";i:1;}s:10:\"INBOX.Sent\";a:2:{s:7:\"subject\";i:1;s:2:\"to\";i:1;}s:12:\"INBOX.Drafts\";a:2:{s:7:\"subject\";i:1;s:2:\"to\";i:1;}s:5:\"INBOX\";a:2:{s:7:\"subject\";i:1;s:4:\"from\";i:1;}}s:8:\"timezone\";s:4:\"auto\";s:4:\"skin\";s:7:\"classic\";s:12:\"preview_pane\";s:1:\"0\";s:11:\"drafts_mbox\";s:12:\"INBOX.Drafts\";s:9:\"junk_mbox\";s:10:\"INBOX.Junk\";s:9:\"sent_mbox\";s:10:\"INBOX.Sent\";s:10:\"trash_mbox\";s:11:\"INBOX.Trash\";s:15:\"default_folders\";a:5:{i:0;s:5:\"INBOX\";i:1;s:12:\"INBOX.Drafts\";i:2;s:10:\"INBOX.Sent\";i:3;s:10:\"INBOX.Junk\";i:4;s:11:\"INBOX.Trash\";}s:15:\"namespace_fixed\";b:1;}',NULL,NULL),(26,'office@n8musik.at','mail.langhofer.net','2014-03-11 11:31:45','2022-07-11 22:13:32','de_DE','a:11:{s:11:\"search_mods\";a:4:{s:1:\"*\";a:2:{s:7:\"subject\";i:1;s:4:\"from\";i:1;}s:10:\"INBOX.Sent\";a:2:{s:7:\"subject\";i:1;s:2:\"to\";i:1;}s:12:\"INBOX.Drafts\";a:2:{s:7:\"subject\";i:1;s:2:\"to\";i:1;}s:5:\"INBOX\";a:2:{s:7:\"subject\";i:1;s:4:\"from\";i:1;}}s:11:\"client_hash\";s:32:\"183cbce37b17512c4470ab2f8ad361aa\";s:16:\"message_sort_col\";s:4:\"date\";s:18:\"message_sort_order\";s:4:\"DESC\";s:11:\"drafts_mbox\";s:12:\"INBOX.Drafts\";s:9:\"junk_mbox\";s:10:\"INBOX.Junk\";s:9:\"sent_mbox\";s:10:\"INBOX.Sent\";s:10:\"trash_mbox\";s:11:\"INBOX.Trash\";s:15:\"default_folders\";a:5:{i:0;s:5:\"INBOX\";i:1;s:12:\"INBOX.Drafts\";i:2;s:10:\"INBOX.Sent\";i:3;s:10:\"INBOX.Junk\";i:4;s:11:\"INBOX.Trash\";}s:8:\"timezone\";s:4:\"auto\";s:15:\"namespace_fixed\";b:1;}',NULL,NULL),(27,'martha.langwallner@langwallner.at','mail.langhofer.net','2014-03-15 14:08:53','2015-09-15 10:58:43','de_DE','a:8:{s:11:\"search_mods\";a:4:{s:1:\"*\";a:2:{s:7:\"subject\";i:1;s:4:\"from\";i:1;}s:10:\"INBOX.Sent\";a:2:{s:7:\"subject\";i:1;s:2:\"to\";i:1;}s:12:\"INBOX.Drafts\";a:2:{s:7:\"subject\";i:1;s:2:\"to\";i:1;}s:18:\"INBOX.Berwerbungen\";a:2:{s:7:\"subject\";i:1;s:4:\"from\";i:1;}}s:11:\"drafts_mbox\";s:12:\"INBOX.Drafts\";s:9:\"junk_mbox\";s:10:\"INBOX.Junk\";s:9:\"sent_mbox\";s:10:\"INBOX.Sent\";s:10:\"trash_mbox\";s:11:\"INBOX.Trash\";s:15:\"default_folders\";a:5:{i:0;s:5:\"INBOX\";i:1;s:12:\"INBOX.Drafts\";i:2;s:10:\"INBOX.Sent\";i:3;s:10:\"INBOX.Junk\";i:4;s:11:\"INBOX.Trash\";}s:8:\"timezone\";s:4:\"auto\";s:15:\"namespace_fixed\";b:1;}',NULL,NULL),(28,'hans@langhofer.net','mail.langhofer.net','2014-03-17 15:40:01','2020-11-11 09:19:18','de_DE','a:12:{s:17:\"message_threading\";a:1:{s:18:\"INBOX.spamverdacht\";b:0;}s:11:\"client_hash\";s:32:\"42702ca307b9710f297e416e2cd0b25d\";s:11:\"search_mods\";a:4:{s:1:\"*\";a:2:{s:7:\"subject\";i:1;s:4:\"from\";i:1;}s:10:\"INBOX.Sent\";a:2:{s:7:\"subject\";i:1;s:2:\"to\";i:1;}s:12:\"INBOX.Drafts\";a:2:{s:7:\"subject\";i:1;s:2:\"to\";i:1;}s:5:\"INBOX\";a:2:{s:7:\"subject\";i:1;s:4:\"from\";i:1;}}s:11:\"drafts_mbox\";s:12:\"INBOX.Drafts\";s:9:\"sent_mbox\";s:10:\"INBOX.Sent\";s:9:\"junk_mbox\";s:24:\"INBOX.Trash.spamverdacht\";s:10:\"trash_mbox\";s:11:\"INBOX.Trash\";s:15:\"default_folders\";a:5:{i:0;s:5:\"INBOX\";i:1;s:12:\"INBOX.Drafts\";i:2;s:10:\"INBOX.Sent\";i:3;s:24:\"INBOX.Trash.spamverdacht\";i:4;s:11:\"INBOX.Trash\";}s:16:\"message_sort_col\";s:4:\"date\";s:18:\"message_sort_order\";s:4:\"DESC\";s:8:\"timezone\";s:4:\"auto\";s:15:\"namespace_fixed\";b:1;}','2020-11-11 08:57:37',2),(29,'martin.dunkl@cnit.at','mail.langhofer.net','2014-03-19 15:59:33','2014-03-19 15:59:33','de_DE','a:9:{s:11:\"drafts_mbox\";s:12:\"INBOX.Drafts\";s:9:\"sent_mbox\";s:10:\"INBOX.Sent\";s:9:\"junk_mbox\";s:10:\"INBOX.Spam\";s:10:\"trash_mbox\";s:11:\"INBOX.Trash\";s:15:\"default_folders\";a:5:{i:0;s:5:\"INBOX\";i:1;s:12:\"INBOX.Drafts\";i:2;s:10:\"INBOX.Sent\";i:3;s:10:\"INBOX.Spam\";i:4;s:11:\"INBOX.Trash\";}s:16:\"message_sort_col\";s:7:\"subject\";s:18:\"message_sort_order\";s:3:\"ASC\";s:8:\"timezone\";s:4:\"auto\";s:15:\"namespace_fixed\";b:1;}',NULL,NULL),(30,'stefan.walkner@cnit.at','mail.langhofer.net','2014-03-19 16:00:28','2014-12-04 08:22:58','de_DE','a:7:{s:11:\"drafts_mbox\";s:12:\"INBOX.Drafts\";s:9:\"junk_mbox\";s:10:\"INBOX.Junk\";s:9:\"sent_mbox\";s:10:\"INBOX.Sent\";s:10:\"trash_mbox\";s:11:\"INBOX.Trash\";s:15:\"default_folders\";a:5:{i:0;s:5:\"INBOX\";i:1;s:12:\"INBOX.Drafts\";i:2;s:10:\"INBOX.Sent\";i:3;s:10:\"INBOX.Junk\";i:4;s:11:\"INBOX.Trash\";}s:8:\"timezone\";s:4:\"auto\";s:15:\"namespace_fixed\";b:1;}',NULL,NULL),(31,'christian','mail.langhofer.net','2014-03-26 09:16:47','2017-12-12 20:39:19','de_DE','a:12:{s:11:\"search_mods\";a:4:{s:1:\"*\";a:2:{s:7:\"subject\";i:1;s:4:\"from\";i:1;}s:10:\"INBOX.Sent\";a:2:{s:7:\"subject\";i:1;s:2:\"to\";i:1;}s:12:\"INBOX.Drafts\";a:2:{s:7:\"subject\";i:1;s:2:\"to\";i:1;}s:5:\"INBOX\";a:2:{s:7:\"subject\";i:1;s:4:\"from\";i:1;}}s:11:\"client_hash\";s:32:\"08fd2f010bbe26336940f73c00f65860\";s:17:\"collapsed_folders\";s:12:\"&INBOX.Ebay&\";s:16:\"message_sort_col\";s:4:\"date\";s:18:\"message_sort_order\";s:4:\"DESC\";s:11:\"drafts_mbox\";s:12:\"INBOX.Drafts\";s:9:\"junk_mbox\";s:10:\"INBOX.Junk\";s:9:\"sent_mbox\";s:10:\"INBOX.Sent\";s:10:\"trash_mbox\";s:11:\"INBOX.Trash\";s:15:\"default_folders\";a:5:{i:0;s:5:\"INBOX\";i:1;s:12:\"INBOX.Drafts\";i:2;s:10:\"INBOX.Sent\";i:3;s:10:\"INBOX.Junk\";i:4;s:11:\"INBOX.Trash\";}s:8:\"timezone\";s:4:\"auto\";s:15:\"namespace_fixed\";b:1;}',NULL,NULL),(32,'office@mostvierterl.at','mail.langhofer.net','2014-04-08 10:39:42','2014-08-06 09:48:56','de_DE','a:7:{s:11:\"drafts_mbox\";s:12:\"INBOX.Drafts\";s:9:\"junk_mbox\";s:10:\"INBOX.Junk\";s:9:\"sent_mbox\";s:10:\"INBOX.Sent\";s:10:\"trash_mbox\";s:11:\"INBOX.Trash\";s:15:\"default_folders\";a:5:{i:0;s:5:\"INBOX\";i:1;s:12:\"INBOX.Drafts\";i:2;s:10:\"INBOX.Sent\";i:3;s:10:\"INBOX.Junk\";i:4;s:11:\"INBOX.Trash\";}s:8:\"timezone\";s:4:\"auto\";s:15:\"namespace_fixed\";b:1;}',NULL,NULL),(33,'nina@familie-aigner.at','mail.langhofer.net','2014-04-22 15:55:04','2015-10-13 22:37:59','de_DE','a:8:{s:11:\"search_mods\";a:4:{s:1:\"*\";a:2:{s:7:\"subject\";i:1;s:4:\"from\";i:1;}s:10:\"INBOX.Sent\";a:2:{s:7:\"subject\";i:1;s:2:\"to\";i:1;}s:12:\"INBOX.Drafts\";a:2:{s:7:\"subject\";i:1;s:2:\"to\";i:1;}s:5:\"INBOX\";a:1:{s:4:\"text\";i:1;}}s:11:\"drafts_mbox\";s:12:\"INBOX.Drafts\";s:9:\"junk_mbox\";s:10:\"INBOX.Junk\";s:9:\"sent_mbox\";s:10:\"INBOX.Sent\";s:10:\"trash_mbox\";s:11:\"INBOX.Trash\";s:15:\"default_folders\";a:5:{i:0;s:5:\"INBOX\";i:1;s:12:\"INBOX.Drafts\";i:2;s:10:\"INBOX.Sent\";i:3;s:10:\"INBOX.Junk\";i:4;s:11:\"INBOX.Trash\";}s:8:\"timezone\";s:4:\"auto\";s:15:\"namespace_fixed\";b:1;}',NULL,NULL),(34,'ira','mail.langhofer.net','2014-05-09 13:46:23','2022-07-25 14:10:34','de_DE','a:12:{s:17:\"collapsed_folders\";s:33:\"&Beau-Solari%20.Inneneinrichtung&\";s:11:\"search_mods\";a:4:{s:1:\"*\";a:2:{s:7:\"subject\";i:1;s:4:\"from\";i:1;}s:10:\"INBOX.Sent\";a:2:{s:7:\"subject\";i:1;s:2:\"to\";i:1;}s:12:\"INBOX.Drafts\";a:2:{s:7:\"subject\";i:1;s:2:\"to\";i:1;}s:6:\"Carmen\";a:2:{s:7:\"subject\";i:1;s:4:\"from\";i:1;}}s:12:\"preview_pane\";b:1;s:13:\"mail_pagesize\";i:100;s:11:\"client_hash\";s:32:\"2260953ab6b65409223c9cc79054112d\";s:11:\"drafts_mbox\";s:12:\"INBOX.Drafts\";s:9:\"junk_mbox\";s:10:\"INBOX.Junk\";s:9:\"sent_mbox\";s:10:\"INBOX.Sent\";s:10:\"trash_mbox\";s:11:\"INBOX.Trash\";s:15:\"default_folders\";a:5:{i:0;s:5:\"INBOX\";i:1;s:12:\"INBOX.Drafts\";i:2;s:10:\"INBOX.Sent\";i:3;s:10:\"INBOX.Junk\";i:4;s:11:\"INBOX.Trash\";}s:8:\"timezone\";s:4:\"auto\";s:15:\"namespace_fixed\";b:1;}','2022-07-25 13:08:32',1),(35,'nagiosloop@langhofer.at','mail.langhofer.net','2014-05-29 13:57:06','2014-05-29 16:46:29','de_DE','a:7:{s:11:\"drafts_mbox\";s:12:\"INBOX.Drafts\";s:9:\"junk_mbox\";s:10:\"INBOX.Junk\";s:9:\"sent_mbox\";s:10:\"INBOX.Sent\";s:10:\"trash_mbox\";s:11:\"INBOX.Trash\";s:15:\"default_folders\";a:5:{i:0;s:5:\"INBOX\";i:1;s:12:\"INBOX.Drafts\";i:2;s:10:\"INBOX.Sent\";i:3;s:10:\"INBOX.Junk\";i:4;s:11:\"INBOX.Trash\";}s:8:\"timezone\";s:4:\"auto\";s:15:\"namespace_fixed\";b:1;}',NULL,NULL),(36,'samsung@langwallner.at','mail.langhofer.net','2014-06-06 08:48:03','2017-01-21 18:10:40','de_DE','a:10:{s:11:\"search_mods\";a:6:{s:1:\"*\";a:2:{s:7:\"subject\";i:1;s:4:\"from\";i:1;}s:10:\"INBOX.Sent\";a:2:{s:7:\"subject\";i:1;s:2:\"to\";i:1;}s:12:\"INBOX.Drafts\";a:2:{s:7:\"subject\";i:1;s:2:\"to\";i:1;}s:13:\"INBOX.Samsung\";a:2:{s:7:\"subject\";i:1;s:4:\"from\";i:1;}s:12:\"INBOX.ASSONA\";a:2:{s:7:\"subject\";i:1;s:4:\"from\";i:1;}s:16:\"INBOX.alte Mails\";a:2:{s:7:\"subject\";i:1;s:4:\"from\";i:1;}}s:17:\"collapsed_folders\";s:14:\"&INBOX.ASSONA&\";s:11:\"client_hash\";s:32:\"0686e1c273bd505d4a6f754d705ce7ad\";s:11:\"drafts_mbox\";s:12:\"INBOX.Drafts\";s:9:\"junk_mbox\";s:10:\"INBOX.Junk\";s:9:\"sent_mbox\";s:10:\"INBOX.Sent\";s:10:\"trash_mbox\";s:11:\"INBOX.Trash\";s:15:\"default_folders\";a:5:{i:0;s:5:\"INBOX\";i:1;s:12:\"INBOX.Drafts\";i:2;s:10:\"INBOX.Sent\";i:3;s:10:\"INBOX.Junk\";i:4;s:11:\"INBOX.Trash\";}s:8:\"timezone\";s:4:\"auto\";s:15:\"namespace_fixed\";b:1;}',NULL,NULL),(37,'technik@langwallner.at','mail.langhofer.net','2014-06-06 10:28:50','2014-06-06 10:28:50','de_DE','a:7:{s:11:\"drafts_mbox\";s:12:\"INBOX.Drafts\";s:9:\"junk_mbox\";s:10:\"INBOX.Junk\";s:9:\"sent_mbox\";s:10:\"INBOX.Sent\";s:10:\"trash_mbox\";s:11:\"INBOX.Trash\";s:15:\"default_folders\";a:5:{i:0;s:5:\"INBOX\";i:1;s:12:\"INBOX.Drafts\";i:2;s:10:\"INBOX.Sent\";i:3;s:10:\"INBOX.Junk\";i:4;s:11:\"INBOX.Trash\";}s:8:\"timezone\";s:4:\"auto\";s:15:\"namespace_fixed\";b:1;}',NULL,NULL),(38,'office@zum-hirschen.at','mail.langhofer.net','2014-06-27 10:19:27','2014-06-27 10:19:27','de_DE','a:9:{s:16:\"message_sort_col\";s:4:\"date\";s:18:\"message_sort_order\";s:4:\"DESC\";s:11:\"drafts_mbox\";s:12:\"INBOX.Drafts\";s:9:\"junk_mbox\";s:10:\"INBOX.Junk\";s:9:\"sent_mbox\";s:10:\"INBOX.Sent\";s:10:\"trash_mbox\";s:11:\"INBOX.Trash\";s:15:\"default_folders\";a:5:{i:0;s:5:\"INBOX\";i:1;s:12:\"INBOX.Drafts\";i:2;s:10:\"INBOX.Sent\";i:3;s:10:\"INBOX.Junk\";i:4;s:11:\"INBOX.Trash\";}s:8:\"timezone\";s:4:\"auto\";s:15:\"namespace_fixed\";b:1;}',NULL,NULL),(39,'hotel@zum-hirschen.at','mail.langhofer.net','2014-06-27 10:20:16','2014-11-13 16:03:54','de_DE','a:7:{s:11:\"drafts_mbox\";s:12:\"INBOX.Drafts\";s:9:\"junk_mbox\";s:10:\"INBOX.Junk\";s:9:\"sent_mbox\";s:10:\"INBOX.Sent\";s:10:\"trash_mbox\";s:11:\"INBOX.Trash\";s:15:\"default_folders\";a:5:{i:0;s:5:\"INBOX\";i:1;s:12:\"INBOX.Drafts\";i:2;s:10:\"INBOX.Sent\";i:3;s:10:\"INBOX.Junk\";i:4;s:11:\"INBOX.Trash\";}s:8:\"timezone\";s:4:\"auto\";s:15:\"namespace_fixed\";b:1;}',NULL,NULL),(40,'bani@udosen.com','mail.langhofer.net','2014-07-03 09:23:50','2014-07-17 11:16:43','de_DE','a:7:{s:11:\"drafts_mbox\";s:12:\"INBOX.Drafts\";s:9:\"junk_mbox\";s:10:\"INBOX.Junk\";s:9:\"sent_mbox\";s:10:\"INBOX.Sent\";s:10:\"trash_mbox\";s:11:\"INBOX.Trash\";s:15:\"default_folders\";a:5:{i:0;s:5:\"INBOX\";i:1;s:12:\"INBOX.Drafts\";i:2;s:10:\"INBOX.Sent\";i:3;s:10:\"INBOX.Junk\";i:4;s:11:\"INBOX.Trash\";}s:8:\"timezone\";s:4:\"auto\";s:15:\"namespace_fixed\";b:1;}',NULL,NULL),(41,'thomas@geierspichler.com','mail.langhofer.net','2014-07-10 21:21:50','2016-05-16 23:00:13','de_DE','a:14:{s:16:\"message_sort_col\";s:4:\"date\";s:18:\"message_sort_order\";s:4:\"DESC\";s:11:\"search_mods\";a:8:{s:1:\"*\";a:2:{s:7:\"subject\";i:1;s:4:\"from\";i:1;}s:10:\"INBOX.Sent\";a:2:{s:7:\"subject\";i:1;s:2:\"to\";i:1;}s:12:\"INBOX.Drafts\";a:2:{s:7:\"subject\";i:1;s:2:\"to\";i:1;}s:5:\"INBOX\";a:1:{s:4:\"from\";i:1;}s:12:\"INBOX.zuvoll\";a:2:{s:7:\"subject\";i:1;s:4:\"from\";i:1;}s:13:\"INBOX.vor2012\";a:2:{s:7:\"subject\";i:1;s:4:\"from\";i:1;}s:11:\"INBOX.Trash\";a:2:{s:7:\"subject\";i:1;s:4:\"from\";i:1;}s:14:\"INBOX.gesendet\";a:2:{s:7:\"subject\";i:1;s:4:\"from\";i:1;}}s:12:\"preview_pane\";s:1:\"0\";s:11:\"client_hash\";s:32:\"bdd4ab921e59fc3566a86133db56a854\";s:13:\"mail_pagesize\";i:100;s:8:\"timezone\";s:4:\"auto\";s:4:\"skin\";s:7:\"classic\";s:11:\"drafts_mbox\";s:12:\"INBOX.Drafts\";s:9:\"junk_mbox\";s:10:\"INBOX.Junk\";s:9:\"sent_mbox\";s:10:\"INBOX.Sent\";s:10:\"trash_mbox\";s:11:\"INBOX.Trash\";s:15:\"default_folders\";a:5:{i:0;s:5:\"INBOX\";i:1;s:12:\"INBOX.Drafts\";i:2;s:10:\"INBOX.Sent\";i:3;s:10:\"INBOX.Junk\";i:4;s:11:\"INBOX.Trash\";}s:15:\"namespace_fixed\";b:1;}',NULL,NULL),(42,'sascha.stacherl@cnit.at','mail.langhofer.net','2014-07-11 10:46:34','2014-07-11 13:24:54','de_DE','a:7:{s:11:\"drafts_mbox\";s:12:\"INBOX.Drafts\";s:9:\"junk_mbox\";s:10:\"INBOX.Junk\";s:9:\"sent_mbox\";s:10:\"INBOX.Sent\";s:10:\"trash_mbox\";s:11:\"INBOX.Trash\";s:15:\"default_folders\";a:5:{i:0;s:5:\"INBOX\";i:1;s:12:\"INBOX.Drafts\";i:2;s:10:\"INBOX.Sent\";i:3;s:10:\"INBOX.Junk\";i:4;s:11:\"INBOX.Trash\";}s:8:\"timezone\";s:4:\"auto\";s:15:\"namespace_fixed\";b:1;}',NULL,NULL),(43,'hotel@schwaighofwirt.at','mail.langhofer.net','2014-07-14 10:50:50','2014-12-16 13:04:18','de_DE','a:7:{s:11:\"drafts_mbox\";s:12:\"INBOX.Drafts\";s:9:\"junk_mbox\";s:10:\"INBOX.Junk\";s:9:\"sent_mbox\";s:10:\"INBOX.Sent\";s:10:\"trash_mbox\";s:11:\"INBOX.Trash\";s:15:\"default_folders\";a:5:{i:0;s:5:\"INBOX\";i:1;s:12:\"INBOX.Drafts\";i:2;s:10:\"INBOX.Sent\";i:3;s:10:\"INBOX.Junk\";i:4;s:11:\"INBOX.Trash\";}s:8:\"timezone\";s:4:\"auto\";s:15:\"namespace_fixed\";b:1;}',NULL,NULL),(44,'essiet','mail.langhofer.net','2014-07-17 12:59:33','2015-06-28 19:22:18','de_DE','a:10:{s:16:\"message_sort_col\";s:4:\"date\";s:18:\"message_sort_order\";s:4:\"DESC\";s:12:\"preview_pane\";s:1:\"1\";s:11:\"drafts_mbox\";s:12:\"INBOX.Drafts\";s:9:\"junk_mbox\";s:10:\"INBOX.Junk\";s:9:\"sent_mbox\";s:10:\"INBOX.Sent\";s:10:\"trash_mbox\";s:11:\"INBOX.Trash\";s:15:\"default_folders\";a:5:{i:0;s:5:\"INBOX\";i:1;s:12:\"INBOX.Drafts\";i:2;s:10:\"INBOX.Sent\";i:3;s:10:\"INBOX.Junk\";i:4;s:11:\"INBOX.Trash\";}s:8:\"timezone\";s:4:\"auto\";s:15:\"namespace_fixed\";b:1;}',NULL,NULL),(45,'office@shoppingseite.com','mail.langhofer.net','2014-07-21 12:35:07','2017-01-12 13:32:23','de_DE','a:8:{s:11:\"client_hash\";s:32:\"4ba2d5e17e409ac9ae824f09b8a8f5dd\";s:11:\"drafts_mbox\";s:12:\"INBOX.Drafts\";s:9:\"junk_mbox\";s:10:\"INBOX.Junk\";s:9:\"sent_mbox\";s:10:\"INBOX.Sent\";s:10:\"trash_mbox\";s:11:\"INBOX.Trash\";s:15:\"default_folders\";a:5:{i:0;s:5:\"INBOX\";i:1;s:12:\"INBOX.Drafts\";i:2;s:10:\"INBOX.Sent\";i:3;s:10:\"INBOX.Junk\";i:4;s:11:\"INBOX.Trash\";}s:8:\"timezone\";s:4:\"auto\";s:15:\"namespace_fixed\";b:1;}',NULL,NULL),(46,'axis@langhofer.at','mail.langhofer.net','2014-07-26 07:43:11','2014-09-19 08:33:45','de_DE','a:7:{s:11:\"drafts_mbox\";s:12:\"INBOX.Drafts\";s:9:\"junk_mbox\";s:10:\"INBOX.Junk\";s:9:\"sent_mbox\";s:10:\"INBOX.Sent\";s:10:\"trash_mbox\";s:11:\"INBOX.Trash\";s:15:\"default_folders\";a:5:{i:0;s:5:\"INBOX\";i:1;s:12:\"INBOX.Drafts\";i:2;s:10:\"INBOX.Sent\";i:3;s:10:\"INBOX.Junk\";i:4;s:11:\"INBOX.Trash\";}s:8:\"timezone\";s:4:\"auto\";s:15:\"namespace_fixed\";b:1;}',NULL,NULL),(47,'office@lernzirkel.at','mail.langhofer.net','2014-07-27 21:31:30','2015-01-03 17:20:45','de_DE','a:12:{s:11:\"search_mods\";a:4:{s:1:\"*\";a:2:{s:7:\"subject\";i:1;s:4:\"from\";i:1;}s:10:\"INBOX.Sent\";a:2:{s:7:\"subject\";i:1;s:2:\"to\";i:1;}s:12:\"INBOX.Drafts\";a:2:{s:7:\"subject\";i:1;s:2:\"to\";i:1;}s:5:\"INBOX\";a:2:{s:7:\"subject\";i:1;s:4:\"from\";i:1;}}s:16:\"message_sort_col\";s:4:\"date\";s:18:\"message_sort_order\";s:4:\"DESC\";s:12:\"preview_pane\";s:1:\"0\";s:8:\"timezone\";s:4:\"auto\";s:4:\"skin\";s:7:\"classic\";s:11:\"drafts_mbox\";s:12:\"INBOX.Drafts\";s:9:\"junk_mbox\";s:10:\"INBOX.Junk\";s:9:\"sent_mbox\";s:10:\"INBOX.Sent\";s:10:\"trash_mbox\";s:11:\"INBOX.Trash\";s:15:\"default_folders\";a:5:{i:0;s:5:\"INBOX\";i:1;s:12:\"INBOX.Drafts\";i:2;s:10:\"INBOX.Sent\";i:3;s:10:\"INBOX.Junk\";i:4;s:11:\"INBOX.Trash\";}s:15:\"namespace_fixed\";b:1;}',NULL,NULL),(48,'klauslia','mail.langhofer.net','2014-07-30 10:06:22','2016-08-17 15:34:21','de_DE','a:11:{s:11:\"client_hash\";s:32:\"6f57bffac978d82a602a745cdc717401\";s:16:\"message_sort_col\";s:4:\"date\";s:18:\"message_sort_order\";s:4:\"DESC\";s:11:\"drafts_mbox\";s:12:\"INBOX.Drafts\";s:9:\"sent_mbox\";s:19:\"INBOX.Sent Messages\";s:9:\"junk_mbox\";s:10:\"INBOX.Junk\";s:10:\"trash_mbox\";s:22:\"INBOX.Deleted Messages\";s:15:\"default_folders\";a:5:{i:0;s:5:\"INBOX\";i:1;s:12:\"INBOX.Drafts\";i:2;s:19:\"INBOX.Sent Messages\";i:3;s:10:\"INBOX.Junk\";i:4;s:22:\"INBOX.Deleted Messages\";}s:11:\"search_mods\";a:3:{s:1:\"*\";a:2:{s:7:\"subject\";i:1;s:4:\"from\";i:1;}s:19:\"INBOX.Sent Messages\";a:2:{s:7:\"subject\";i:1;s:2:\"to\";i:1;}s:12:\"INBOX.Drafts\";a:2:{s:7:\"subject\";i:1;s:2:\"to\";i:1;}}s:8:\"timezone\";s:4:\"auto\";s:15:\"namespace_fixed\";b:1;}',NULL,NULL),(49,'mirjam@mucki.at','mail.langhofer.net','2014-07-31 20:29:16','2022-09-13 18:22:21','de_DE','a:13:{s:11:\"search_mods\";a:7:{s:1:\"*\";a:2:{s:7:\"subject\";i:1;s:4:\"from\";i:1;}s:19:\"INBOX.Sent Messages\";a:2:{s:7:\"subject\";i:1;s:2:\"to\";i:1;}s:12:\"INBOX.Drafts\";a:2:{s:7:\"subject\";i:1;s:2:\"to\";i:1;}s:5:\"INBOX\";a:2:{s:7:\"subject\";i:1;s:4:\"from\";i:1;}s:11:\"INBOX.Trash\";a:2:{s:7:\"subject\";i:1;s:4:\"from\";i:1;}s:20:\"INBOX.wichtige Mails\";a:2:{s:7:\"subject\";i:1;s:4:\"from\";i:1;}s:12:\"INBOX.Samuel\";a:2:{s:7:\"subject\";i:1;s:4:\"from\";i:1;}}s:17:\"message_threading\";a:3:{s:5:\"INBOX\";b:0;s:18:\"INBOX.Arbeit.movea\";b:0;s:20:\"INBOX.Arbeit.Waldbad\";b:0;}s:16:\"message_sort_col\";s:4:\"date\";s:18:\"message_sort_order\";s:4:\"DESC\";s:12:\"preview_pane\";s:1:\"0\";s:11:\"client_hash\";s:32:\"d7e3f2d26ac2186f07bdcbe9f6464dbb\";s:9:\"sent_mbox\";s:19:\"INBOX.Sent Messages\";s:11:\"drafts_mbox\";s:12:\"INBOX.Drafts\";s:9:\"junk_mbox\";s:10:\"INBOX.Junk\";s:10:\"trash_mbox\";s:11:\"INBOX.Trash\";s:15:\"default_folders\";a:5:{i:0;s:5:\"INBOX\";i:1;s:12:\"INBOX.Drafts\";i:2;s:10:\"INBOX.Sent\";i:3;s:10:\"INBOX.Junk\";i:4;s:11:\"INBOX.Trash\";}s:8:\"timezone\";s:4:\"auto\";s:15:\"namespace_fixed\";b:1;}','2022-02-13 14:21:29',1),(50,'office@lebensenergie-fuerlinger.at','mail.langhofer.net','2014-08-02 06:50:18','2014-12-02 13:50:56','de_DE','a:7:{s:11:\"drafts_mbox\";s:12:\"INBOX.Drafts\";s:9:\"junk_mbox\";s:10:\"INBOX.Junk\";s:9:\"sent_mbox\";s:10:\"INBOX.Sent\";s:10:\"trash_mbox\";s:11:\"INBOX.Trash\";s:15:\"default_folders\";a:5:{i:0;s:5:\"INBOX\";i:1;s:12:\"INBOX.Drafts\";i:2;s:10:\"INBOX.Sent\";i:3;s:10:\"INBOX.Junk\";i:4;s:11:\"INBOX.Trash\";}s:8:\"timezone\";s:4:\"auto\";s:15:\"namespace_fixed\";b:1;}',NULL,NULL),(51,'peter@pstuetz.com','mail.langhofer.net','2014-08-04 10:09:30','2019-12-28 11:09:45','de_DE','a:8:{s:11:\"client_hash\";s:32:\"bc290260f4b903e67ba0f85af3477b87\";s:11:\"drafts_mbox\";s:12:\"INBOX.Drafts\";s:9:\"junk_mbox\";s:10:\"INBOX.Junk\";s:9:\"sent_mbox\";s:10:\"INBOX.Sent\";s:10:\"trash_mbox\";s:11:\"INBOX.Trash\";s:15:\"default_folders\";a:5:{i:0;s:5:\"INBOX\";i:1;s:12:\"INBOX.Drafts\";i:2;s:10:\"INBOX.Sent\";i:3;s:10:\"INBOX.Junk\";i:4;s:11:\"INBOX.Trash\";}s:8:\"timezone\";s:4:\"auto\";s:15:\"namespace_fixed\";b:1;}',NULL,NULL),(52,'anita@udosen.com','mail.langhofer.net','2014-08-16 20:11:25','2015-03-09 21:29:48','de_DE','a:7:{s:11:\"drafts_mbox\";s:12:\"INBOX.Drafts\";s:9:\"junk_mbox\";s:10:\"INBOX.Junk\";s:9:\"sent_mbox\";s:10:\"INBOX.Sent\";s:10:\"trash_mbox\";s:11:\"INBOX.Trash\";s:15:\"default_folders\";a:5:{i:0;s:5:\"INBOX\";i:1;s:12:\"INBOX.Drafts\";i:2;s:10:\"INBOX.Sent\";i:3;s:10:\"INBOX.Junk\";i:4;s:11:\"INBOX.Trash\";}s:8:\"timezone\";s:4:\"auto\";s:15:\"namespace_fixed\";b:1;}',NULL,NULL),(53,'alexandra.freigassner@cnit.at','mail.langhofer.net','2014-08-19 14:32:40','2014-12-04 08:21:39','de_DE','a:7:{s:11:\"drafts_mbox\";s:18:\"INBOX.Entw&APw-rfe\";s:9:\"sent_mbox\";s:14:\"INBOX.Gesendet\";s:9:\"junk_mbox\";s:10:\"INBOX.Spam\";s:10:\"trash_mbox\";s:28:\"INBOX.Gel&APY-schte Elemente\";s:15:\"default_folders\";a:5:{i:0;s:5:\"INBOX\";i:1;s:18:\"INBOX.Entw&APw-rfe\";i:2;s:14:\"INBOX.Gesendet\";i:3;s:10:\"INBOX.Spam\";i:4;s:28:\"INBOX.Gel&APY-schte Elemente\";}s:8:\"timezone\";s:4:\"auto\";s:15:\"namespace_fixed\";b:1;}',NULL,NULL),(54,'alexander@resch.name','mail.langhofer.net','2014-08-22 13:17:23','2016-10-12 23:03:58','en_US','a:9:{s:11:\"client_hash\";s:32:\"82ce00c1d28fd872d3f0c67c705defc2\";s:17:\"collapsed_folders\";s:0:\"\";s:8:\"timezone\";s:4:\"auto\";s:11:\"drafts_mbox\";s:12:\"INBOX.Drafts\";s:9:\"junk_mbox\";s:10:\"INBOX.Junk\";s:9:\"sent_mbox\";s:10:\"INBOX.Sent\";s:10:\"trash_mbox\";s:11:\"INBOX.Trash\";s:15:\"default_folders\";a:5:{i:0;s:5:\"INBOX\";i:1;s:12:\"INBOX.Drafts\";i:2;s:10:\"INBOX.Sent\";i:3;s:10:\"INBOX.Junk\";i:4;s:11:\"INBOX.Trash\";}s:15:\"namespace_fixed\";b:1;}',NULL,NULL),(55,'christian@reichholf.com','mail.langhofer.net','2014-08-24 16:30:47','2018-12-11 16:30:50','de_DE','a:10:{s:16:\"message_sort_col\";s:4:\"date\";s:18:\"message_sort_order\";s:4:\"DESC\";s:11:\"client_hash\";s:32:\"e8ad164eb8eab2e4fe7a073cbd9d51a8\";s:11:\"drafts_mbox\";s:12:\"INBOX.Drafts\";s:9:\"junk_mbox\";s:10:\"INBOX.Junk\";s:9:\"sent_mbox\";s:10:\"INBOX.Sent\";s:10:\"trash_mbox\";s:11:\"INBOX.Trash\";s:15:\"default_folders\";a:5:{i:0;s:5:\"INBOX\";i:1;s:12:\"INBOX.Drafts\";i:2;s:10:\"INBOX.Sent\";i:3;s:10:\"INBOX.Junk\";i:4;s:11:\"INBOX.Trash\";}s:8:\"timezone\";s:4:\"auto\";s:15:\"namespace_fixed\";b:1;}','2021-12-28 19:24:48',1),(56,'info@silviaorlini.at','mail.langhofer.net','2014-08-30 08:58:50','2014-08-30 08:58:50','de_DE','a:7:{s:11:\"drafts_mbox\";s:12:\"INBOX.Drafts\";s:9:\"junk_mbox\";s:10:\"INBOX.Junk\";s:9:\"sent_mbox\";s:10:\"INBOX.Sent\";s:10:\"trash_mbox\";s:11:\"INBOX.Trash\";s:15:\"default_folders\";a:5:{i:0;s:5:\"INBOX\";i:1;s:12:\"INBOX.Drafts\";i:2;s:10:\"INBOX.Sent\";i:3;s:10:\"INBOX.Junk\";i:4;s:11:\"INBOX.Trash\";}s:8:\"timezone\";s:4:\"auto\";s:15:\"namespace_fixed\";b:1;}',NULL,NULL),(57,'katringerschpacher@coworkingsalzburg.com','mail.langhofer.net','2014-08-30 09:17:16','2014-08-30 09:17:16','de_DE','a:7:{s:11:\"drafts_mbox\";s:12:\"INBOX.Drafts\";s:9:\"junk_mbox\";s:10:\"INBOX.Junk\";s:9:\"sent_mbox\";s:10:\"INBOX.Sent\";s:10:\"trash_mbox\";s:11:\"INBOX.Trash\";s:15:\"default_folders\";a:5:{i:0;s:5:\"INBOX\";i:1;s:12:\"INBOX.Drafts\";i:2;s:10:\"INBOX.Sent\";i:3;s:10:\"INBOX.Junk\";i:4;s:11:\"INBOX.Trash\";}s:8:\"timezone\";s:4:\"auto\";s:15:\"namespace_fixed\";b:1;}',NULL,NULL),(58,'dani','mail.langhofer.net','2014-09-01 12:52:17','2015-09-02 21:05:45','de_DE','a:8:{s:8:\"timezone\";s:4:\"auto\";s:4:\"skin\";s:7:\"classic\";s:11:\"drafts_mbox\";s:12:\"INBOX.Drafts\";s:9:\"junk_mbox\";s:10:\"INBOX.Junk\";s:9:\"sent_mbox\";s:10:\"INBOX.Sent\";s:10:\"trash_mbox\";s:11:\"INBOX.Trash\";s:15:\"default_folders\";a:5:{i:0;s:5:\"INBOX\";i:1;s:12:\"INBOX.Drafts\";i:2;s:10:\"INBOX.Sent\";i:3;s:10:\"INBOX.Junk\";i:4;s:11:\"INBOX.Trash\";}s:15:\"namespace_fixed\";b:1;}',NULL,NULL),(59,'podbelsek@architekturlounge.at','mail.langhofer.net','2014-09-03 21:00:23','2015-05-10 09:01:38','de_DE','a:7:{s:11:\"drafts_mbox\";s:12:\"INBOX.Drafts\";s:9:\"junk_mbox\";s:10:\"INBOX.Junk\";s:9:\"sent_mbox\";s:10:\"INBOX.Sent\";s:10:\"trash_mbox\";s:11:\"INBOX.Trash\";s:15:\"default_folders\";a:5:{i:0;s:5:\"INBOX\";i:1;s:12:\"INBOX.Drafts\";i:2;s:10:\"INBOX.Sent\";i:3;s:10:\"INBOX.Junk\";i:4;s:11:\"INBOX.Trash\";}s:8:\"timezone\";s:4:\"auto\";s:15:\"namespace_fixed\";b:1;}',NULL,NULL),(60,'office@wonder-towel.com','mail.langhofer.net','2014-09-05 09:46:51','2016-07-05 14:10:32','de_DE','a:9:{s:11:\"client_hash\";s:32:\"fee6aec1060fe599275876b8e97986c4\";s:11:\"search_mods\";a:4:{s:1:\"*\";a:2:{s:7:\"subject\";i:1;s:4:\"from\";i:1;}s:10:\"INBOX.Sent\";a:2:{s:7:\"subject\";i:1;s:2:\"to\";i:1;}s:12:\"INBOX.Drafts\";a:2:{s:7:\"subject\";i:1;s:2:\"to\";i:1;}s:5:\"INBOX\";a:2:{s:7:\"subject\";i:1;s:4:\"from\";i:1;}}s:11:\"drafts_mbox\";s:12:\"INBOX.Drafts\";s:9:\"junk_mbox\";s:10:\"INBOX.Junk\";s:9:\"sent_mbox\";s:10:\"INBOX.Sent\";s:10:\"trash_mbox\";s:11:\"INBOX.Trash\";s:15:\"default_folders\";a:5:{i:0;s:5:\"INBOX\";i:1;s:12:\"INBOX.Drafts\";i:2;s:10:\"INBOX.Sent\";i:3;s:10:\"INBOX.Junk\";i:4;s:11:\"INBOX.Trash\";}s:8:\"timezone\";s:4:\"auto\";s:15:\"namespace_fixed\";b:1;}',NULL,NULL),(61,'projects@pink-ideas.at','mail.langhofer.net','2014-09-10 13:47:01','2014-09-11 17:27:59','de_DE','a:7:{s:11:\"drafts_mbox\";s:12:\"INBOX.Drafts\";s:9:\"junk_mbox\";s:10:\"INBOX.Junk\";s:9:\"sent_mbox\";s:10:\"INBOX.Sent\";s:10:\"trash_mbox\";s:11:\"INBOX.Trash\";s:15:\"default_folders\";a:5:{i:0;s:5:\"INBOX\";i:1;s:12:\"INBOX.Drafts\";i:2;s:10:\"INBOX.Sent\";i:3;s:10:\"INBOX.Junk\";i:4;s:11:\"INBOX.Trash\";}s:8:\"timezone\";s:4:\"auto\";s:15:\"namespace_fixed\";b:1;}',NULL,NULL),(63,'mobile@pstuetz.com','mail.langhofer.net','2014-10-05 10:36:26','2017-02-18 16:05:08','de_DE','a:8:{s:11:\"client_hash\";s:32:\"f096700a851f62e3afb4619ff77530f2\";s:11:\"drafts_mbox\";s:12:\"INBOX.Drafts\";s:9:\"junk_mbox\";s:10:\"INBOX.Junk\";s:9:\"sent_mbox\";s:10:\"INBOX.Sent\";s:10:\"trash_mbox\";s:11:\"INBOX.Trash\";s:15:\"default_folders\";a:5:{i:0;s:5:\"INBOX\";i:1;s:12:\"INBOX.Drafts\";i:2;s:10:\"INBOX.Sent\";i:3;s:10:\"INBOX.Junk\";i:4;s:11:\"INBOX.Trash\";}s:8:\"timezone\";s:4:\"auto\";s:15:\"namespace_fixed\";b:1;}',NULL,NULL),(64,'andrea.fink@cnit.at','mail.langhofer.net','2014-10-22 16:33:05','2014-10-22 16:33:05','de_DE','a:7:{s:11:\"drafts_mbox\";s:12:\"INBOX.Drafts\";s:9:\"junk_mbox\";s:10:\"INBOX.Junk\";s:9:\"sent_mbox\";s:10:\"INBOX.Sent\";s:10:\"trash_mbox\";s:11:\"INBOX.Trash\";s:15:\"default_folders\";a:5:{i:0;s:5:\"INBOX\";i:1;s:12:\"INBOX.Drafts\";i:2;s:10:\"INBOX.Sent\";i:3;s:10:\"INBOX.Junk\";i:4;s:11:\"INBOX.Trash\";}s:8:\"timezone\";s:4:\"auto\";s:15:\"namespace_fixed\";b:1;}',NULL,NULL),(65,'jakub.nitran@conquest.at','mail.langhofer.net','2014-10-24 12:07:15','2014-10-24 12:07:15','de_DE','a:7:{s:11:\"drafts_mbox\";s:12:\"INBOX.Drafts\";s:9:\"junk_mbox\";s:10:\"INBOX.Junk\";s:9:\"sent_mbox\";s:10:\"INBOX.Sent\";s:10:\"trash_mbox\";s:11:\"INBOX.Trash\";s:15:\"default_folders\";a:5:{i:0;s:5:\"INBOX\";i:1;s:12:\"INBOX.Drafts\";i:2;s:10:\"INBOX.Sent\";i:3;s:10:\"INBOX.Junk\";i:4;s:11:\"INBOX.Trash\";}s:8:\"timezone\";s:4:\"auto\";s:15:\"namespace_fixed\";b:1;}',NULL,NULL),(66,'christoph@koidl.at','mail.langhofer.net','2014-10-24 19:33:41','2014-10-24 19:39:53','de_DE','a:8:{s:8:\"timezone\";s:4:\"auto\";s:4:\"skin\";s:7:\"classic\";s:11:\"drafts_mbox\";s:12:\"INBOX.Drafts\";s:9:\"junk_mbox\";s:10:\"INBOX.Junk\";s:9:\"sent_mbox\";s:10:\"INBOX.Sent\";s:10:\"trash_mbox\";s:11:\"INBOX.Trash\";s:15:\"default_folders\";a:5:{i:0;s:5:\"INBOX\";i:1;s:12:\"INBOX.Drafts\";i:2;s:10:\"INBOX.Sent\";i:3;s:10:\"INBOX.Junk\";i:4;s:11:\"INBOX.Trash\";}s:15:\"namespace_fixed\";b:1;}',NULL,NULL),(67,'office@mazz-cafe.at','mail.langhofer.net','2014-10-28 20:33:56','2020-05-18 14:06:48','de_DE','a:8:{s:11:\"client_hash\";s:16:\"rsXUUn4ju2ASTJN4\";s:11:\"drafts_mbox\";s:12:\"INBOX.Drafts\";s:9:\"junk_mbox\";s:10:\"INBOX.Junk\";s:9:\"sent_mbox\";s:10:\"INBOX.Sent\";s:10:\"trash_mbox\";s:11:\"INBOX.Trash\";s:15:\"default_folders\";a:5:{i:0;s:5:\"INBOX\";i:1;s:12:\"INBOX.Drafts\";i:2;s:10:\"INBOX.Sent\";i:3;s:10:\"INBOX.Junk\";i:4;s:11:\"INBOX.Trash\";}s:8:\"timezone\";s:4:\"auto\";s:15:\"namespace_fixed\";b:1;}',NULL,NULL),(68,'office@dirac.at','mail.langhofer.net','2014-11-08 11:59:52','2018-12-03 14:44:06','de_DE','a:11:{s:12:\"preview_pane\";s:1:\"0\";s:11:\"client_hash\";s:32:\"88ea7e8249ce9b9e22b4d51195572caa\";s:16:\"message_sort_col\";s:4:\"date\";s:18:\"message_sort_order\";s:4:\"DESC\";s:11:\"drafts_mbox\";s:12:\"INBOX.Drafts\";s:9:\"junk_mbox\";s:10:\"INBOX.Junk\";s:9:\"sent_mbox\";s:10:\"INBOX.Sent\";s:10:\"trash_mbox\";s:11:\"INBOX.Trash\";s:15:\"default_folders\";a:5:{i:0;s:5:\"INBOX\";i:1;s:12:\"INBOX.Drafts\";i:2;s:10:\"INBOX.Sent\";i:3;s:10:\"INBOX.Junk\";i:4;s:11:\"INBOX.Trash\";}s:8:\"timezone\";s:4:\"auto\";s:15:\"namespace_fixed\";b:1;}','2020-10-23 22:03:06',1),(69,'imphy01','mail.langhofer.net','2014-11-14 18:52:06','2022-08-02 08:27:25','de_DE','a:13:{s:11:\"search_mods\";a:4:{s:1:\"*\";a:2:{s:7:\"subject\";i:1;s:4:\"from\";i:1;}s:10:\"INBOX.Sent\";a:2:{s:7:\"subject\";i:1;s:2:\"to\";i:1;}s:12:\"INBOX.Drafts\";a:2:{s:7:\"subject\";i:1;s:2:\"to\";i:1;}s:5:\"INBOX\";a:2:{s:7:\"subject\";i:1;s:4:\"from\";i:1;}}s:16:\"message_sort_col\";s:4:\"date\";s:18:\"message_sort_order\";s:4:\"DESC\";s:11:\"client_hash\";s:32:\"7a8e83cff24a3b3b43c5d3fe8dce5054\";s:13:\"mail_pagesize\";i:50;s:8:\"timezone\";s:4:\"auto\";s:4:\"skin\";s:7:\"classic\";s:11:\"drafts_mbox\";s:12:\"INBOX.Drafts\";s:9:\"junk_mbox\";s:10:\"INBOX.Junk\";s:9:\"sent_mbox\";s:10:\"INBOX.Sent\";s:10:\"trash_mbox\";s:11:\"INBOX.Trash\";s:15:\"default_folders\";a:5:{i:0;s:5:\"INBOX\";i:1;s:12:\"INBOX.Drafts\";i:2;s:10:\"INBOX.Sent\";i:3;s:10:\"INBOX.Junk\";i:4;s:11:\"INBOX.Trash\";}s:15:\"namespace_fixed\";b:1;}',NULL,NULL),(70,'office@lisafarthofer.at','mail.langhofer.net','2014-11-18 19:27:17','2017-04-07 15:34:41','de_DE','a:10:{s:11:\"search_mods\";a:4:{s:1:\"*\";a:2:{s:7:\"subject\";i:1;s:4:\"from\";i:1;}s:10:\"INBOX.Sent\";a:2:{s:7:\"subject\";i:1;s:2:\"to\";i:1;}s:12:\"INBOX.Drafts\";a:2:{s:7:\"subject\";i:1;s:2:\"to\";i:1;}s:5:\"INBOX\";a:2:{s:7:\"subject\";i:1;s:4:\"from\";i:1;}}s:12:\"preview_pane\";b:1;s:11:\"client_hash\";s:32:\"b57f3625aac07410b258383faaaf922a\";s:11:\"drafts_mbox\";s:12:\"INBOX.Drafts\";s:9:\"junk_mbox\";s:10:\"INBOX.Junk\";s:9:\"sent_mbox\";s:10:\"INBOX.Sent\";s:10:\"trash_mbox\";s:11:\"INBOX.Trash\";s:15:\"default_folders\";a:5:{i:0;s:5:\"INBOX\";i:1;s:12:\"INBOX.Drafts\";i:2;s:10:\"INBOX.Sent\";i:3;s:10:\"INBOX.Junk\";i:4;s:11:\"INBOX.Trash\";}s:8:\"timezone\";s:4:\"auto\";s:15:\"namespace_fixed\";b:1;}',NULL,NULL),(71,'lisa@lisafarthofer.at','mail.langhofer.net','2014-11-18 19:38:48','2017-04-07 15:32:17','de_DE','a:8:{s:11:\"client_hash\";s:32:\"11da219023b6d968a520575968703d11\";s:11:\"drafts_mbox\";s:12:\"INBOX.Drafts\";s:9:\"junk_mbox\";s:10:\"INBOX.Junk\";s:9:\"sent_mbox\";s:10:\"INBOX.Sent\";s:10:\"trash_mbox\";s:11:\"INBOX.Trash\";s:15:\"default_folders\";a:5:{i:0;s:5:\"INBOX\";i:1;s:12:\"INBOX.Drafts\";i:2;s:10:\"INBOX.Sent\";i:3;s:10:\"INBOX.Junk\";i:4;s:11:\"INBOX.Trash\";}s:8:\"timezone\";s:4:\"auto\";s:15:\"namespace_fixed\";b:1;}',NULL,NULL),(72,'forcebreaker@djexclusive.at','mail.langhofer.net','2014-11-19 10:20:23','2019-04-18 15:18:23','de_DE','a:10:{s:9:\"sent_mbox\";s:19:\"INBOX.Sent Messages\";s:11:\"search_mods\";a:4:{s:1:\"*\";a:2:{s:7:\"subject\";i:1;s:4:\"from\";i:1;}s:10:\"INBOX.Sent\";a:2:{s:7:\"subject\";i:1;s:2:\"to\";i:1;}s:12:\"INBOX.Drafts\";a:2:{s:7:\"subject\";i:1;s:2:\"to\";i:1;}s:5:\"INBOX\";a:2:{s:7:\"subject\";i:1;s:4:\"from\";i:1;}}s:11:\"client_hash\";s:32:\"901b4df6d09db30d70ce1f7715225d42\";s:12:\"preview_pane\";s:1:\"0\";s:11:\"drafts_mbox\";s:12:\"INBOX.Drafts\";s:9:\"junk_mbox\";s:10:\"INBOX.Junk\";s:10:\"trash_mbox\";s:11:\"INBOX.Trash\";s:15:\"default_folders\";a:5:{i:0;s:5:\"INBOX\";i:1;s:12:\"INBOX.Drafts\";i:2;s:10:\"INBOX.Sent\";i:3;s:10:\"INBOX.Junk\";i:4;s:11:\"INBOX.Trash\";}s:8:\"timezone\";s:4:\"auto\";s:15:\"namespace_fixed\";b:1;}',NULL,NULL),(73,'gb@about-blank.at','mail.langhofer.net','2014-11-27 17:45:13','2016-11-02 02:09:20','de_DE','a:9:{s:17:\"message_threading\";a:1:{s:5:\"INBOX\";b:1;}s:11:\"client_hash\";s:32:\"0ab26a067b54ba1a8a62cbffd695e6c3\";s:11:\"drafts_mbox\";s:12:\"INBOX.Drafts\";s:9:\"junk_mbox\";s:10:\"INBOX.Junk\";s:9:\"sent_mbox\";s:10:\"INBOX.Sent\";s:10:\"trash_mbox\";s:11:\"INBOX.Trash\";s:15:\"default_folders\";a:5:{i:0;s:5:\"INBOX\";i:1;s:12:\"INBOX.Drafts\";i:2;s:10:\"INBOX.Sent\";i:3;s:10:\"INBOX.Junk\";i:4;s:11:\"INBOX.Trash\";}s:8:\"timezone\";s:4:\"auto\";s:15:\"namespace_fixed\";b:1;}',NULL,NULL),(74,'kurt.kliner@cnit.at','mail.langhofer.net','2014-12-04 08:38:04','2014-12-04 08:57:06','de_DE','a:7:{s:11:\"drafts_mbox\";s:12:\"INBOX.Drafts\";s:9:\"junk_mbox\";s:10:\"INBOX.Junk\";s:9:\"sent_mbox\";s:10:\"INBOX.Sent\";s:10:\"trash_mbox\";s:11:\"INBOX.Trash\";s:15:\"default_folders\";a:5:{i:0;s:5:\"INBOX\";i:1;s:12:\"INBOX.Drafts\";i:2;s:10:\"INBOX.Sent\";i:3;s:10:\"INBOX.Junk\";i:4;s:11:\"INBOX.Trash\";}s:8:\"timezone\";s:4:\"auto\";s:15:\"namespace_fixed\";b:1;}',NULL,NULL),(75,'office@tombarkley.at','mail.langhofer.net','2014-12-05 15:02:46','2017-01-19 09:08:52','de_DE','a:12:{s:11:\"search_mods\";a:4:{s:1:\"*\";a:2:{s:7:\"subject\";i:1;s:4:\"from\";i:1;}s:10:\"INBOX.Sent\";a:2:{s:7:\"subject\";i:1;s:2:\"to\";i:1;}s:12:\"INBOX.Drafts\";a:2:{s:7:\"subject\";i:1;s:2:\"to\";i:1;}s:5:\"INBOX\";a:2:{s:7:\"subject\";i:1;s:4:\"from\";i:1;}}s:16:\"message_sort_col\";s:4:\"date\";s:18:\"message_sort_order\";s:4:\"DESC\";s:11:\"client_hash\";s:32:\"15e7c098055be1500ed381946c77f014\";s:12:\"preview_pane\";s:1:\"1\";s:11:\"drafts_mbox\";s:12:\"INBOX.Drafts\";s:9:\"junk_mbox\";s:10:\"INBOX.Junk\";s:9:\"sent_mbox\";s:10:\"INBOX.Sent\";s:10:\"trash_mbox\";s:11:\"INBOX.Trash\";s:15:\"default_folders\";a:5:{i:0;s:5:\"INBOX\";i:1;s:12:\"INBOX.Drafts\";i:2;s:10:\"INBOX.Sent\";i:3;s:10:\"INBOX.Junk\";i:4;s:11:\"INBOX.Trash\";}s:8:\"timezone\";s:4:\"auto\";s:15:\"namespace_fixed\";b:1;}',NULL,NULL),(76,'office@kollerplast.at','mail.langhofer.net','2014-12-09 11:36:17','2014-12-16 09:27:10','de_DE','a:8:{s:11:\"search_mods\";a:5:{s:1:\"*\";a:2:{s:7:\"subject\";i:1;s:4:\"from\";i:1;}s:19:\"INBOX.Sent Messages\";a:2:{s:7:\"subject\";i:1;s:2:\"to\";i:1;}s:12:\"INBOX.Drafts\";a:2:{s:7:\"subject\";i:1;s:2:\"to\";i:1;}s:20:\"INBOX.Wichtiges Ordi\";a:2:{s:7:\"subject\";i:1;s:4:\"from\";i:1;}s:5:\"INBOX\";a:3:{s:7:\"subject\";i:1;s:4:\"from\";i:1;s:4:\"body\";i:1;}}s:11:\"drafts_mbox\";s:12:\"INBOX.Drafts\";s:9:\"sent_mbox\";s:19:\"INBOX.Sent Messages\";s:9:\"junk_mbox\";s:18:\"INBOX.spamverdacht\";s:10:\"trash_mbox\";s:22:\"INBOX.Deleted Messages\";s:15:\"default_folders\";a:5:{i:0;s:5:\"INBOX\";i:1;s:12:\"INBOX.Drafts\";i:2;s:19:\"INBOX.Sent Messages\";i:3;s:18:\"INBOX.spamverdacht\";i:4;s:22:\"INBOX.Deleted Messages\";}s:8:\"timezone\";s:4:\"auto\";s:15:\"namespace_fixed\";b:1;}',NULL,NULL),(77,'iris.burkhardt@conquest.at','mail.langhofer.net','2014-12-11 23:11:06','2016-08-17 15:32:07','de_DE','a:12:{s:16:\"message_sort_col\";s:4:\"date\";s:18:\"message_sort_order\";s:4:\"DESC\";s:11:\"client_hash\";s:32:\"1e23555c7d9de269ce0ee6feed04d4ab\";s:12:\"preview_pane\";s:1:\"1\";s:11:\"search_mods\";a:4:{s:1:\"*\";a:2:{s:7:\"subject\";i:1;s:4:\"from\";i:1;}s:10:\"INBOX.Sent\";a:2:{s:7:\"subject\";i:1;s:2:\"to\";i:1;}s:12:\"INBOX.Drafts\";a:2:{s:7:\"subject\";i:1;s:2:\"to\";i:1;}s:5:\"INBOX\";a:2:{s:7:\"subject\";i:1;s:4:\"from\";i:1;}}s:11:\"drafts_mbox\";s:12:\"INBOX.Drafts\";s:9:\"junk_mbox\";s:10:\"INBOX.Junk\";s:9:\"sent_mbox\";s:10:\"INBOX.Sent\";s:10:\"trash_mbox\";s:11:\"INBOX.Trash\";s:15:\"default_folders\";a:5:{i:0;s:5:\"INBOX\";i:1;s:12:\"INBOX.Drafts\";i:2;s:10:\"INBOX.Sent\";i:3;s:10:\"INBOX.Junk\";i:4;s:11:\"INBOX.Trash\";}s:8:\"timezone\";s:4:\"auto\";s:15:\"namespace_fixed\";b:1;}',NULL,NULL),(78,'danielha','mail.langhofer.net','2014-12-12 10:06:25','2014-12-12 10:06:25','de_DE','a:7:{s:11:\"drafts_mbox\";s:12:\"INBOX.Drafts\";s:9:\"junk_mbox\";s:10:\"INBOX.Junk\";s:9:\"sent_mbox\";s:10:\"INBOX.Sent\";s:10:\"trash_mbox\";s:11:\"INBOX.Trash\";s:15:\"default_folders\";a:5:{i:0;s:5:\"INBOX\";i:1;s:12:\"INBOX.Drafts\";i:2;s:10:\"INBOX.Sent\";i:3;s:10:\"INBOX.Junk\";i:4;s:11:\"INBOX.Trash\";}s:8:\"timezone\";s:4:\"auto\";s:15:\"namespace_fixed\";b:1;}',NULL,NULL),(79,'bergen@fava-suisse.ch','mail.langhofer.net','2014-12-16 07:56:48','2017-01-09 10:36:24','de_DE','a:9:{s:11:\"search_mods\";a:4:{s:1:\"*\";a:2:{s:7:\"subject\";i:1;s:4:\"from\";i:1;}s:10:\"INBOX.Sent\";a:2:{s:7:\"subject\";i:1;s:2:\"to\";i:1;}s:12:\"INBOX.Drafts\";a:2:{s:7:\"subject\";i:1;s:2:\"to\";i:1;}s:5:\"INBOX\";a:2:{s:7:\"subject\";i:1;s:4:\"from\";i:1;}}s:11:\"client_hash\";s:32:\"b01e6e8918789867b7617498d42c2fb9\";s:11:\"drafts_mbox\";s:12:\"INBOX.Drafts\";s:9:\"junk_mbox\";s:10:\"INBOX.Junk\";s:9:\"sent_mbox\";s:10:\"INBOX.Sent\";s:10:\"trash_mbox\";s:11:\"INBOX.Trash\";s:15:\"default_folders\";a:5:{i:0;s:5:\"INBOX\";i:1;s:12:\"INBOX.Drafts\";i:2;s:10:\"INBOX.Sent\";i:3;s:10:\"INBOX.Junk\";i:4;s:11:\"INBOX.Trash\";}s:8:\"timezone\";s:4:\"auto\";s:15:\"namespace_fixed\";b:1;}',NULL,NULL),(80,'stefan@jetlake.com','mail.langhofer.net','2015-01-07 17:20:56','2015-10-28 21:46:37','de_DE','a:9:{s:16:\"message_sort_col\";s:4:\"date\";s:18:\"message_sort_order\";s:4:\"DESC\";s:11:\"drafts_mbox\";s:12:\"INBOX.Drafts\";s:9:\"junk_mbox\";s:10:\"INBOX.Junk\";s:9:\"sent_mbox\";s:10:\"INBOX.Sent\";s:10:\"trash_mbox\";s:11:\"INBOX.Trash\";s:15:\"default_folders\";a:5:{i:0;s:5:\"INBOX\";i:1;s:12:\"INBOX.Drafts\";i:2;s:10:\"INBOX.Sent\";i:3;s:10:\"INBOX.Junk\";i:4;s:11:\"INBOX.Trash\";}s:8:\"timezone\";s:4:\"auto\";s:15:\"namespace_fixed\";b:1;}',NULL,NULL),(81,'anita','mail.langhofer.net','2015-01-09 19:39:23','2015-07-01 17:13:55','de_DE','a:9:{s:16:\"message_sort_col\";s:4:\"date\";s:18:\"message_sort_order\";s:4:\"DESC\";s:11:\"drafts_mbox\";s:12:\"INBOX.Drafts\";s:9:\"junk_mbox\";s:10:\"INBOX.Junk\";s:9:\"sent_mbox\";s:10:\"INBOX.Sent\";s:10:\"trash_mbox\";s:11:\"INBOX.Trash\";s:15:\"default_folders\";a:5:{i:0;s:5:\"INBOX\";i:1;s:12:\"INBOX.Drafts\";i:2;s:10:\"INBOX.Sent\";i:3;s:10:\"INBOX.Junk\";i:4;s:11:\"INBOX.Trash\";}s:8:\"timezone\";s:4:\"auto\";s:15:\"namespace_fixed\";b:1;}',NULL,NULL),(82,'office@kreuzberger-bau.at','mail.langhofer.net','2015-01-12 14:04:57','2019-05-21 09:01:11','de_DE','a:9:{s:11:\"client_hash\";s:32:\"020c22468bc050d4d30e024dc3252c60\";s:11:\"search_mods\";a:4:{s:1:\"*\";a:2:{s:7:\"subject\";i:1;s:4:\"from\";i:1;}s:10:\"INBOX.Sent\";a:2:{s:7:\"subject\";i:1;s:2:\"to\";i:1;}s:12:\"INBOX.Drafts\";a:2:{s:7:\"subject\";i:1;s:2:\"to\";i:1;}s:5:\"INBOX\";a:2:{s:7:\"subject\";i:1;s:4:\"from\";i:1;}}s:11:\"drafts_mbox\";s:12:\"INBOX.Drafts\";s:9:\"junk_mbox\";s:10:\"INBOX.Junk\";s:9:\"sent_mbox\";s:10:\"INBOX.Sent\";s:10:\"trash_mbox\";s:11:\"INBOX.Trash\";s:15:\"default_folders\";a:5:{i:0;s:5:\"INBOX\";i:1;s:12:\"INBOX.Drafts\";i:2;s:10:\"INBOX.Sent\";i:3;s:10:\"INBOX.Junk\";i:4;s:11:\"INBOX.Trash\";}s:8:\"timezone\";s:4:\"auto\";s:15:\"namespace_fixed\";b:1;}',NULL,NULL),(83,'billing@langhofer.at','mail.langhofer.net','2015-01-12 17:13:06','2015-01-12 17:13:06','de_DE','a:7:{s:11:\"drafts_mbox\";s:12:\"INBOX.Drafts\";s:9:\"junk_mbox\";s:10:\"INBOX.Junk\";s:9:\"sent_mbox\";s:10:\"INBOX.Sent\";s:10:\"trash_mbox\";s:11:\"INBOX.Trash\";s:15:\"default_folders\";a:5:{i:0;s:5:\"INBOX\";i:1;s:12:\"INBOX.Drafts\";i:2;s:10:\"INBOX.Sent\";i:3;s:10:\"INBOX.Junk\";i:4;s:11:\"INBOX.Trash\";}s:8:\"timezone\";s:4:\"auto\";s:15:\"namespace_fixed\";b:1;}',NULL,NULL),(84,'printer@coworkingspacesalzburg.at','mail.langhofer.net','2015-01-14 23:04:00','2015-01-14 23:08:01','de_DE','a:7:{s:11:\"drafts_mbox\";s:12:\"INBOX.Drafts\";s:9:\"junk_mbox\";s:10:\"INBOX.Junk\";s:9:\"sent_mbox\";s:10:\"INBOX.Sent\";s:10:\"trash_mbox\";s:11:\"INBOX.Trash\";s:15:\"default_folders\";a:5:{i:0;s:5:\"INBOX\";i:1;s:12:\"INBOX.Drafts\";i:2;s:10:\"INBOX.Sent\";i:3;s:10:\"INBOX.Junk\";i:4;s:11:\"INBOX.Trash\";}s:8:\"timezone\";s:4:\"auto\";s:15:\"namespace_fixed\";b:1;}',NULL,NULL),(85,'klaushaa','mail.langhofer.net','2015-01-21 09:22:41','2016-07-07 14:48:24','de_DE','a:8:{s:11:\"client_hash\";s:32:\"bef0a9b558ada8298a7a25e70d7917ed\";s:9:\"sent_mbox\";s:19:\"INBOX.Sent Messages\";s:11:\"drafts_mbox\";s:12:\"INBOX.Drafts\";s:9:\"junk_mbox\";s:10:\"INBOX.Junk\";s:10:\"trash_mbox\";s:11:\"INBOX.Trash\";s:15:\"default_folders\";a:5:{i:0;s:5:\"INBOX\";i:1;s:12:\"INBOX.Drafts\";i:2;s:10:\"INBOX.Sent\";i:3;s:10:\"INBOX.Junk\";i:4;s:11:\"INBOX.Trash\";}s:8:\"timezone\";s:4:\"auto\";s:15:\"namespace_fixed\";b:1;}',NULL,NULL),(86,'s.karner@kreuzberger-bau.at','mail.langhofer.net','2015-02-03 15:48:28','2016-05-12 17:54:13','de_DE','a:9:{s:11:\"client_hash\";s:32:\"a04f8251a949727433174ebb5c217cce\";s:11:\"search_mods\";a:4:{s:1:\"*\";a:2:{s:7:\"subject\";i:1;s:4:\"from\";i:1;}s:10:\"INBOX.Sent\";a:2:{s:7:\"subject\";i:1;s:2:\"to\";i:1;}s:12:\"INBOX.Drafts\";a:2:{s:7:\"subject\";i:1;s:2:\"to\";i:1;}s:5:\"INBOX\";a:2:{s:7:\"subject\";i:1;s:4:\"from\";i:1;}}s:11:\"drafts_mbox\";s:12:\"INBOX.Drafts\";s:9:\"junk_mbox\";s:10:\"INBOX.Junk\";s:9:\"sent_mbox\";s:10:\"INBOX.Sent\";s:10:\"trash_mbox\";s:11:\"INBOX.Trash\";s:15:\"default_folders\";a:5:{i:0;s:5:\"INBOX\";i:1;s:12:\"INBOX.Drafts\";i:2;s:10:\"INBOX.Sent\";i:3;s:10:\"INBOX.Junk\";i:4;s:11:\"INBOX.Trash\";}s:8:\"timezone\";s:4:\"auto\";s:15:\"namespace_fixed\";b:1;}',NULL,NULL),(87,'office@architekturmodelle-neubauer.at','mail.langhofer.net','2015-02-23 20:16:50','2015-02-25 07:06:10','de_DE','a:7:{s:11:\"drafts_mbox\";s:12:\"INBOX.Drafts\";s:9:\"junk_mbox\";s:10:\"INBOX.Junk\";s:9:\"sent_mbox\";s:10:\"INBOX.Sent\";s:10:\"trash_mbox\";s:11:\"INBOX.Trash\";s:15:\"default_folders\";a:5:{i:0;s:5:\"INBOX\";i:1;s:12:\"INBOX.Drafts\";i:2;s:10:\"INBOX.Sent\";i:3;s:10:\"INBOX.Junk\";i:4;s:11:\"INBOX.Trash\";}s:8:\"timezone\";s:4:\"auto\";s:15:\"namespace_fixed\";b:1;}',NULL,NULL),(88,'essiet@udosen.com','mail.langhofer.net','2015-03-09 21:31:22','2015-03-09 21:31:22','de_DE','a:7:{s:11:\"drafts_mbox\";s:12:\"INBOX.Drafts\";s:9:\"junk_mbox\";s:10:\"INBOX.Junk\";s:9:\"sent_mbox\";s:10:\"INBOX.Sent\";s:10:\"trash_mbox\";s:11:\"INBOX.Trash\";s:15:\"default_folders\";a:5:{i:0;s:5:\"INBOX\";i:1;s:12:\"INBOX.Drafts\";i:2;s:10:\"INBOX.Sent\";i:3;s:10:\"INBOX.Junk\";i:4;s:11:\"INBOX.Trash\";}s:8:\"timezone\";s:4:\"auto\";s:15:\"namespace_fixed\";b:1;}',NULL,NULL),(89,'baustellerainberg@kreuzberger-bau.at','mail.langhofer.net','2015-03-12 09:43:22','2015-03-13 09:08:15','de_DE','a:7:{s:11:\"drafts_mbox\";s:12:\"INBOX.Drafts\";s:9:\"junk_mbox\";s:10:\"INBOX.Junk\";s:9:\"sent_mbox\";s:10:\"INBOX.Sent\";s:10:\"trash_mbox\";s:11:\"INBOX.Trash\";s:15:\"default_folders\";a:5:{i:0;s:5:\"INBOX\";i:1;s:12:\"INBOX.Drafts\";i:2;s:10:\"INBOX.Sent\";i:3;s:10:\"INBOX.Junk\";i:4;s:11:\"INBOX.Trash\";}s:8:\"timezone\";s:4:\"auto\";s:15:\"namespace_fixed\";b:1;}',NULL,NULL),(90,'peter.stuetz@autobio-labtec.com','mail.langhofer.net','2015-03-26 08:43:13','2020-05-04 14:47:29','de_DE','a:8:{s:11:\"client_hash\";s:16:\"cF26AdTccbxE9qt2\";s:11:\"drafts_mbox\";s:12:\"INBOX.Drafts\";s:9:\"junk_mbox\";s:10:\"INBOX.Junk\";s:9:\"sent_mbox\";s:10:\"INBOX.Sent\";s:10:\"trash_mbox\";s:11:\"INBOX.Trash\";s:15:\"default_folders\";a:5:{i:0;s:5:\"INBOX\";i:1;s:12:\"INBOX.Drafts\";i:2;s:10:\"INBOX.Sent\";i:3;s:10:\"INBOX.Junk\";i:4;s:11:\"INBOX.Trash\";}s:8:\"timezone\";s:4:\"auto\";s:15:\"namespace_fixed\";b:1;}',NULL,NULL),(91,'m.hauser@kreuzberger-bau.at','mail.langhofer.net','2015-04-17 21:52:43','2015-04-17 21:52:43','de_DE','a:7:{s:11:\"drafts_mbox\";s:12:\"INBOX.Drafts\";s:9:\"junk_mbox\";s:10:\"INBOX.Junk\";s:9:\"sent_mbox\";s:10:\"INBOX.Sent\";s:10:\"trash_mbox\";s:11:\"INBOX.Trash\";s:15:\"default_folders\";a:5:{i:0;s:5:\"INBOX\";i:1;s:12:\"INBOX.Drafts\";i:2;s:10:\"INBOX.Sent\";i:3;s:10:\"INBOX.Junk\";i:4;s:11:\"INBOX.Trash\";}s:8:\"timezone\";s:4:\"auto\";s:15:\"namespace_fixed\";b:1;}',NULL,NULL),(92,'m.goster@kreuzberger-bau.at','mail.langhofer.net','2015-04-27 10:02:10','2019-04-14 07:20:47','de_DE','a:15:{s:11:\"search_mods\";a:6:{s:1:\"*\";a:2:{s:7:\"subject\";i:1;s:4:\"from\";i:1;}s:10:\"INBOX.Sent\";a:2:{s:7:\"subject\";i:1;s:2:\"to\";i:1;}s:12:\"INBOX.Drafts\";a:2:{s:7:\"subject\";i:1;s:2:\"to\";i:1;}s:5:\"INBOX\";a:2:{s:7:\"subject\";i:1;s:4:\"from\";i:1;}s:11:\"INBOX.Trash\";a:2:{s:7:\"subject\";i:1;s:4:\"from\";i:1;}s:4:\"Sent\";a:2:{s:7:\"subject\";i:1;s:4:\"from\";i:1;}}s:16:\"message_sort_col\";s:4:\"date\";s:18:\"message_sort_order\";s:4:\"DESC\";s:9:\"list_cols\";a:12:{i:0;s:7:\"threads\";i:1;s:7:\"subject\";i:2;s:6:\"status\";i:3;s:6:\"fromto\";i:4;s:2:\"to\";i:5;s:4:\"date\";i:6;s:4:\"size\";i:7;s:4:\"flag\";i:8;s:10:\"attachment\";i:9;s:4:\"from\";i:10;s:7:\"replyto\";i:11;s:2:\"cc\";}s:12:\"preview_pane\";s:1:\"0\";s:23:\"addressbook_search_mods\";a:5:{s:4:\"name\";i:1;s:9:\"firstname\";i:1;s:7:\"surname\";i:1;s:5:\"email\";i:1;s:1:\"*\";i:1;}s:17:\"message_threading\";a:2:{s:10:\"INBOX.Sent\";b:1;s:5:\"INBOX\";b:0;}s:11:\"client_hash\";s:32:\"c3ba1943b66bb9055d42087fbd5af23f\";s:11:\"drafts_mbox\";s:12:\"INBOX.Drafts\";s:9:\"junk_mbox\";s:10:\"INBOX.Junk\";s:9:\"sent_mbox\";s:10:\"INBOX.Sent\";s:10:\"trash_mbox\";s:11:\"INBOX.Trash\";s:15:\"default_folders\";a:5:{i:0;s:5:\"INBOX\";i:1;s:12:\"INBOX.Drafts\";i:2;s:10:\"INBOX.Sent\";i:3;s:10:\"INBOX.Junk\";i:4;s:11:\"INBOX.Trash\";}s:8:\"timezone\";s:4:\"auto\";s:15:\"namespace_fixed\";b:1;}','2019-06-27 23:05:44',2),(93,'m.roesslhuber@kreuzberger-bau.at','mail.langhofer.net','2015-06-16 10:08:15','2016-04-05 11:52:19','de_DE','a:11:{s:16:\"message_sort_col\";s:4:\"date\";s:18:\"message_sort_order\";s:4:\"DESC\";s:11:\"search_mods\";a:5:{s:1:\"*\";a:2:{s:7:\"subject\";i:1;s:4:\"from\";i:1;}s:10:\"INBOX.Sent\";a:2:{s:7:\"subject\";i:1;s:2:\"to\";i:1;}s:12:\"INBOX.Drafts\";a:2:{s:7:\"subject\";i:1;s:2:\"to\";i:1;}s:5:\"INBOX\";a:2:{s:7:\"subject\";i:1;s:4:\"from\";i:1;}s:14:\"INBOX.gesendet\";a:2:{s:7:\"subject\";i:1;s:4:\"from\";i:1;}}s:11:\"client_hash\";s:32:\"71a3bbb546d9ef297a41c83ab877b9e2\";s:11:\"drafts_mbox\";s:12:\"INBOX.Drafts\";s:9:\"junk_mbox\";s:10:\"INBOX.Junk\";s:9:\"sent_mbox\";s:10:\"INBOX.Sent\";s:10:\"trash_mbox\";s:11:\"INBOX.Trash\";s:15:\"default_folders\";a:5:{i:0;s:5:\"INBOX\";i:1;s:12:\"INBOX.Drafts\";i:2;s:10:\"INBOX.Sent\";i:3;s:10:\"INBOX.Junk\";i:4;s:11:\"INBOX.Trash\";}s:8:\"timezone\";s:4:\"auto\";s:15:\"namespace_fixed\";b:1;}',NULL,NULL),(94,'christina@zum-hirschen.at','mail.langhofer.net','2015-06-23 10:46:29','2015-06-23 10:46:29','de_DE','a:7:{s:11:\"drafts_mbox\";s:12:\"INBOX.Drafts\";s:9:\"junk_mbox\";s:10:\"INBOX.Junk\";s:9:\"sent_mbox\";s:10:\"INBOX.Sent\";s:10:\"trash_mbox\";s:11:\"INBOX.Trash\";s:15:\"default_folders\";a:5:{i:0;s:5:\"INBOX\";i:1;s:12:\"INBOX.Drafts\";i:2;s:10:\"INBOX.Sent\";i:3;s:10:\"INBOX.Junk\";i:4;s:11:\"INBOX.Trash\";}s:8:\"timezone\";s:4:\"auto\";s:15:\"namespace_fixed\";b:1;}',NULL,NULL),(95,'kerstin@jetlake.com','mail.langhofer.net','2015-07-27 16:35:47','2015-10-28 22:32:19','de_DE','a:9:{s:16:\"message_sort_col\";s:4:\"date\";s:18:\"message_sort_order\";s:4:\"DESC\";s:11:\"drafts_mbox\";s:18:\"INBOX.Entw&APw-rfe\";s:9:\"sent_mbox\";s:0:\"\";s:9:\"junk_mbox\";s:0:\"\";s:10:\"trash_mbox\";s:0:\"\";s:15:\"default_folders\";a:2:{i:0;s:5:\"INBOX\";i:1;s:18:\"INBOX.Entw&APw-rfe\";}s:8:\"timezone\";s:4:\"auto\";s:15:\"namespace_fixed\";b:1;}',NULL,NULL),(96,'jenny@jetlake.com','mail.langhofer.net','2015-07-27 16:42:47','2015-10-28 22:35:14','de_DE','a:7:{s:11:\"drafts_mbox\";s:12:\"INBOX.Drafts\";s:9:\"junk_mbox\";s:10:\"INBOX.Junk\";s:9:\"sent_mbox\";s:10:\"INBOX.Sent\";s:10:\"trash_mbox\";s:11:\"INBOX.Trash\";s:15:\"default_folders\";a:5:{i:0;s:5:\"INBOX\";i:1;s:12:\"INBOX.Drafts\";i:2;s:10:\"INBOX.Sent\";i:3;s:10:\"INBOX.Junk\";i:4;s:11:\"INBOX.Trash\";}s:8:\"timezone\";s:4:\"auto\";s:15:\"namespace_fixed\";b:1;}',NULL,NULL),(97,'info@obermair.fieberbrunn.net','mail.langhofer.net','2015-08-11 09:11:10','2015-08-11 09:28:50','de_DE','a:9:{s:16:\"message_sort_col\";s:4:\"date\";s:18:\"message_sort_order\";s:3:\"ASC\";s:11:\"drafts_mbox\";s:12:\"INBOX.Drafts\";s:9:\"junk_mbox\";s:10:\"INBOX.Junk\";s:9:\"sent_mbox\";s:10:\"INBOX.Sent\";s:10:\"trash_mbox\";s:11:\"INBOX.Trash\";s:15:\"default_folders\";a:5:{i:0;s:5:\"INBOX\";i:1;s:12:\"INBOX.Drafts\";i:2;s:10:\"INBOX.Sent\";i:3;s:10:\"INBOX.Junk\";i:4;s:11:\"INBOX.Trash\";}s:8:\"timezone\";s:4:\"auto\";s:15:\"namespace_fixed\";b:1;}',NULL,NULL),(98,'th.stumvoll@kreuzberger-bau.at','mail.langhofer.net','2015-08-25 07:48:13','2019-04-11 14:16:21','de_DE','a:11:{s:11:\"search_mods\";a:4:{s:1:\"*\";a:2:{s:7:\"subject\";i:1;s:4:\"from\";i:1;}s:10:\"INBOX.Sent\";a:2:{s:7:\"subject\";i:1;s:2:\"to\";i:1;}s:12:\"INBOX.Drafts\";a:2:{s:7:\"subject\";i:1;s:2:\"to\";i:1;}s:5:\"INBOX\";a:2:{s:7:\"subject\";i:1;s:4:\"from\";i:1;}}s:16:\"message_sort_col\";s:4:\"date\";s:18:\"message_sort_order\";s:4:\"DESC\";s:11:\"client_hash\";s:32:\"c18cc258b4332cd1c9d78e28d1f7bfea\";s:11:\"drafts_mbox\";s:12:\"INBOX.Drafts\";s:9:\"junk_mbox\";s:10:\"INBOX.Junk\";s:9:\"sent_mbox\";s:10:\"INBOX.Sent\";s:10:\"trash_mbox\";s:11:\"INBOX.Trash\";s:15:\"default_folders\";a:5:{i:0;s:5:\"INBOX\";i:1;s:12:\"INBOX.Drafts\";i:2;s:10:\"INBOX.Sent\";i:3;s:10:\"INBOX.Junk\";i:4;s:11:\"INBOX.Trash\";}s:8:\"timezone\";s:4:\"auto\";s:15:\"namespace_fixed\";b:1;}','2021-01-13 10:51:34',2),(99,'petra@stuhlhofer.net','mail.langhofer.net','2015-09-14 09:56:07','2019-01-08 16:41:24','de_DE','a:8:{s:11:\"client_hash\";s:32:\"46e82b3b1e22d6b4a87145971f43ed2b\";s:11:\"drafts_mbox\";s:12:\"INBOX.Drafts\";s:9:\"junk_mbox\";s:10:\"INBOX.Junk\";s:9:\"sent_mbox\";s:10:\"INBOX.Sent\";s:10:\"trash_mbox\";s:11:\"INBOX.Trash\";s:15:\"default_folders\";a:5:{i:0;s:5:\"INBOX\";i:1;s:12:\"INBOX.Drafts\";i:2;s:10:\"INBOX.Sent\";i:3;s:10:\"INBOX.Junk\";i:4;s:11:\"INBOX.Trash\";}s:8:\"timezone\";s:4:\"auto\";s:15:\"namespace_fixed\";b:1;}','2019-01-08 16:41:12',1),(100,'demo@langhofer.at','mail.langhofer.net','2015-09-17 08:13:29','2015-09-22 04:51:30','de_DE','a:9:{s:16:\"message_sort_col\";s:7:\"subject\";s:18:\"message_sort_order\";s:4:\"DESC\";s:11:\"drafts_mbox\";s:12:\"INBOX.Drafts\";s:9:\"junk_mbox\";s:10:\"INBOX.Junk\";s:9:\"sent_mbox\";s:10:\"INBOX.Sent\";s:10:\"trash_mbox\";s:11:\"INBOX.Trash\";s:15:\"default_folders\";a:5:{i:0;s:5:\"INBOX\";i:1;s:12:\"INBOX.Drafts\";i:2;s:10:\"INBOX.Sent\";i:3;s:10:\"INBOX.Junk\";i:4;s:11:\"INBOX.Trash\";}s:8:\"timezone\";s:4:\"auto\";s:15:\"namespace_fixed\";b:1;}',NULL,NULL),(101,'mm-ww_1','mail.langhofer.net','2015-09-20 16:50:57','2019-04-09 20:19:19','de_DE','a:11:{s:16:\"message_sort_col\";s:7:\"arrival\";s:18:\"message_sort_order\";s:4:\"DESC\";s:12:\"preview_pane\";s:1:\"0\";s:9:\"sent_mbox\";s:19:\"INBOX.Sent Messages\";s:11:\"client_hash\";s:32:\"8074c6141cc09c1c78d72fe4da8bb157\";s:11:\"drafts_mbox\";s:12:\"INBOX.Drafts\";s:9:\"junk_mbox\";s:10:\"INBOX.Junk\";s:10:\"trash_mbox\";s:11:\"INBOX.Trash\";s:15:\"default_folders\";a:5:{i:0;s:5:\"INBOX\";i:1;s:12:\"INBOX.Drafts\";i:2;s:10:\"INBOX.Sent\";i:3;s:10:\"INBOX.Junk\";i:4;s:11:\"INBOX.Trash\";}s:8:\"timezone\";s:4:\"auto\";s:15:\"namespace_fixed\";b:1;}',NULL,NULL),(102,'mail@trockeneis.at','mail.langhofer.net','2015-10-06 10:50:42','2015-10-06 10:50:42','de_DE','a:7:{s:11:\"drafts_mbox\";s:12:\"INBOX.Drafts\";s:9:\"junk_mbox\";s:10:\"INBOX.Junk\";s:9:\"sent_mbox\";s:10:\"INBOX.Sent\";s:10:\"trash_mbox\";s:11:\"INBOX.Trash\";s:15:\"default_folders\";a:5:{i:0;s:5:\"INBOX\";i:1;s:12:\"INBOX.Drafts\";i:2;s:10:\"INBOX.Sent\";i:3;s:10:\"INBOX.Junk\";i:4;s:11:\"INBOX.Trash\";}s:8:\"timezone\";s:4:\"auto\";s:15:\"namespace_fixed\";b:1;}',NULL,NULL),(103,'info@aha.co.at','mail.langhofer.net','2015-10-09 17:06:17','2017-03-23 11:08:46','de_DE','a:11:{s:16:\"message_sort_col\";s:4:\"date\";s:18:\"message_sort_order\";s:4:\"DESC\";s:11:\"client_hash\";s:32:\"c7cacc948f227a2ae6c235d9541faa84\";s:12:\"preview_pane\";s:1:\"0\";s:11:\"drafts_mbox\";s:12:\"INBOX.Drafts\";s:9:\"junk_mbox\";s:10:\"INBOX.Junk\";s:9:\"sent_mbox\";s:10:\"INBOX.Sent\";s:10:\"trash_mbox\";s:11:\"INBOX.Trash\";s:15:\"default_folders\";a:5:{i:0;s:5:\"INBOX\";i:1;s:12:\"INBOX.Drafts\";i:2;s:10:\"INBOX.Sent\";i:3;s:10:\"INBOX.Junk\";i:4;s:11:\"INBOX.Trash\";}s:8:\"timezone\";s:4:\"auto\";s:15:\"namespace_fixed\";b:1;}',NULL,NULL),(104,'benjamin@janes.at','mail.langhofer.net','2015-10-11 16:02:17','2015-10-16 16:00:31','de_DE','a:11:{s:16:\"message_sort_col\";s:7:\"subject\";s:18:\"message_sort_order\";s:3:\"ASC\";s:17:\"message_threading\";a:1:{s:5:\"INBOX\";b:1;}s:12:\"preview_pane\";s:1:\"0\";s:11:\"drafts_mbox\";s:12:\"INBOX.Drafts\";s:9:\"junk_mbox\";s:10:\"INBOX.Junk\";s:9:\"sent_mbox\";s:10:\"INBOX.Sent\";s:10:\"trash_mbox\";s:11:\"INBOX.Trash\";s:15:\"default_folders\";a:5:{i:0;s:5:\"INBOX\";i:1;s:12:\"INBOX.Drafts\";i:2;s:10:\"INBOX.Sent\";i:3;s:10:\"INBOX.Junk\";i:4;s:11:\"INBOX.Trash\";}s:8:\"timezone\";s:4:\"auto\";s:15:\"namespace_fixed\";b:1;}',NULL,NULL),(105,'s.strumegger@kreuzberger-bau.at','mail.langhofer.net','2015-10-23 11:23:17','2015-10-23 12:59:38','de_DE','a:9:{s:16:\"message_sort_col\";s:4:\"date\";s:18:\"message_sort_order\";s:4:\"DESC\";s:11:\"drafts_mbox\";s:12:\"INBOX.Drafts\";s:9:\"junk_mbox\";s:10:\"INBOX.Junk\";s:9:\"sent_mbox\";s:10:\"INBOX.Sent\";s:10:\"trash_mbox\";s:11:\"INBOX.Trash\";s:15:\"default_folders\";a:5:{i:0;s:5:\"INBOX\";i:1;s:12:\"INBOX.Drafts\";i:2;s:10:\"INBOX.Sent\";i:3;s:10:\"INBOX.Junk\";i:4;s:11:\"INBOX.Trash\";}s:8:\"timezone\";s:4:\"auto\";s:15:\"namespace_fixed\";b:1;}',NULL,NULL),(106,'i.klausner@kreuzberger-bau.at','mail.langhofer.net','2015-10-23 11:37:24','2015-10-23 11:37:24','de_DE','a:7:{s:11:\"drafts_mbox\";s:12:\"INBOX.Drafts\";s:9:\"junk_mbox\";s:10:\"INBOX.Junk\";s:9:\"sent_mbox\";s:10:\"INBOX.Sent\";s:10:\"trash_mbox\";s:11:\"INBOX.Trash\";s:15:\"default_folders\";a:5:{i:0;s:5:\"INBOX\";i:1;s:12:\"INBOX.Drafts\";i:2;s:10:\"INBOX.Sent\";i:3;s:10:\"INBOX.Junk\";i:4;s:11:\"INBOX.Trash\";}s:8:\"timezone\";s:4:\"auto\";s:15:\"namespace_fixed\";b:1;}',NULL,NULL),(107,'daniel.hoschek@conquest.at','mail.langhofer.net','2015-10-27 13:05:11','2016-09-20 12:33:14','de_DE','a:8:{s:11:\"client_hash\";s:32:\"a259d7a8088837548344b35e1f17e296\";s:9:\"sent_mbox\";s:19:\"INBOX.Sent Messages\";s:11:\"drafts_mbox\";s:12:\"INBOX.Drafts\";s:9:\"junk_mbox\";s:10:\"INBOX.Junk\";s:10:\"trash_mbox\";s:11:\"INBOX.Trash\";s:15:\"default_folders\";a:5:{i:0;s:5:\"INBOX\";i:1;s:12:\"INBOX.Drafts\";i:2;s:10:\"INBOX.Sent\";i:3;s:10:\"INBOX.Junk\";i:4;s:11:\"INBOX.Trash\";}s:8:\"timezone\";s:4:\"auto\";s:15:\"namespace_fixed\";b:1;}',NULL,NULL),(108,'imphy03','mail.langhofer.net','2015-11-01 17:58:30','2016-02-19 19:46:34','de_DE','a:8:{s:11:\"client_hash\";s:32:\"cdbb4b0d087ea6e1d7004801d146295f\";s:11:\"drafts_mbox\";s:12:\"INBOX.Drafts\";s:9:\"junk_mbox\";s:10:\"INBOX.Junk\";s:9:\"sent_mbox\";s:10:\"INBOX.Sent\";s:10:\"trash_mbox\";s:11:\"INBOX.Trash\";s:15:\"default_folders\";a:5:{i:0;s:5:\"INBOX\";i:1;s:12:\"INBOX.Drafts\";i:2;s:10:\"INBOX.Sent\";i:3;s:10:\"INBOX.Junk\";i:4;s:11:\"INBOX.Trash\";}s:8:\"timezone\";s:4:\"auto\";s:15:\"namespace_fixed\";b:1;}','2019-09-15 09:14:58',1),(109,'imphy04','mail.langhofer.net','2015-11-01 18:02:26','2015-11-01 18:02:26','de_DE','a:9:{s:16:\"message_sort_col\";s:4:\"date\";s:18:\"message_sort_order\";s:4:\"DESC\";s:11:\"drafts_mbox\";s:12:\"INBOX.Drafts\";s:9:\"junk_mbox\";s:10:\"INBOX.Junk\";s:9:\"sent_mbox\";s:10:\"INBOX.Sent\";s:10:\"trash_mbox\";s:11:\"INBOX.Trash\";s:15:\"default_folders\";a:5:{i:0;s:5:\"INBOX\";i:1;s:12:\"INBOX.Drafts\";i:2;s:10:\"INBOX.Sent\";i:3;s:10:\"INBOX.Junk\";i:4;s:11:\"INBOX.Trash\";}s:8:\"timezone\";s:4:\"auto\";s:15:\"namespace_fixed\";b:1;}',NULL,NULL),(110,'josef@golser.net','mail.langhofer.net','2015-11-10 22:56:33','2015-11-10 22:56:33','de_DE','a:9:{s:16:\"message_sort_col\";s:4:\"date\";s:18:\"message_sort_order\";s:4:\"DESC\";s:11:\"drafts_mbox\";s:12:\"INBOX.Drafts\";s:9:\"junk_mbox\";s:10:\"INBOX.Junk\";s:9:\"sent_mbox\";s:10:\"INBOX.Sent\";s:10:\"trash_mbox\";s:11:\"INBOX.Trash\";s:15:\"default_folders\";a:5:{i:0;s:5:\"INBOX\";i:1;s:12:\"INBOX.Drafts\";i:2;s:10:\"INBOX.Sent\";i:3;s:10:\"INBOX.Junk\";i:4;s:11:\"INBOX.Trash\";}s:8:\"timezone\";s:4:\"auto\";s:15:\"namespace_fixed\";b:1;}',NULL,NULL),(111,'caroline.habison@langwallner.at','mail.langhofer.net','2015-12-15 18:04:32','2017-01-08 13:16:45','de_DE','a:9:{s:11:\"search_mods\";a:3:{s:1:\"*\";a:2:{s:7:\"subject\";i:1;s:4:\"from\";i:1;}s:10:\"INBOX.Sent\";a:2:{s:7:\"subject\";i:1;s:2:\"to\";i:1;}s:12:\"INBOX.Drafts\";a:2:{s:7:\"subject\";i:1;s:2:\"to\";i:1;}}s:11:\"client_hash\";s:32:\"7df76b3dc2a167a4ada369a2a33f1791\";s:11:\"drafts_mbox\";s:12:\"INBOX.Drafts\";s:9:\"junk_mbox\";s:10:\"INBOX.Junk\";s:9:\"sent_mbox\";s:10:\"INBOX.Sent\";s:10:\"trash_mbox\";s:11:\"INBOX.Trash\";s:15:\"default_folders\";a:5:{i:0;s:5:\"INBOX\";i:1;s:12:\"INBOX.Drafts\";i:2;s:10:\"INBOX.Sent\";i:3;s:10:\"INBOX.Junk\";i:4;s:11:\"INBOX.Trash\";}s:8:\"timezone\";s:4:\"auto\";s:15:\"namespace_fixed\";b:1;}',NULL,NULL),(112,'grafik@conquest.at','mail.langhofer.net','2015-12-16 08:46:39','2016-01-12 13:35:45','de_DE','a:7:{s:11:\"drafts_mbox\";s:12:\"INBOX.Drafts\";s:9:\"junk_mbox\";s:10:\"INBOX.Junk\";s:9:\"sent_mbox\";s:10:\"INBOX.Sent\";s:10:\"trash_mbox\";s:11:\"INBOX.Trash\";s:15:\"default_folders\";a:5:{i:0;s:5:\"INBOX\";i:1;s:12:\"INBOX.Drafts\";i:2;s:10:\"INBOX.Sent\";i:3;s:10:\"INBOX.Junk\";i:4;s:11:\"INBOX.Trash\";}s:8:\"timezone\";s:4:\"auto\";s:15:\"namespace_fixed\";b:1;}',NULL,NULL),(113,'yara.bartel@conquest.at','mail.langhofer.net','2016-01-12 13:59:13','2016-05-09 09:45:14','de_DE','a:8:{s:11:\"client_hash\";s:32:\"27ef3852afd744b3ccc5c1ccc9289e1d\";s:9:\"sent_mbox\";s:19:\"INBOX.Sent Messages\";s:11:\"drafts_mbox\";s:12:\"INBOX.Drafts\";s:9:\"junk_mbox\";s:10:\"INBOX.Junk\";s:10:\"trash_mbox\";s:11:\"INBOX.Trash\";s:15:\"default_folders\";a:5:{i:0;s:5:\"INBOX\";i:1;s:12:\"INBOX.Drafts\";i:2;s:10:\"INBOX.Sent\";i:3;s:10:\"INBOX.Junk\";i:4;s:11:\"INBOX.Trash\";}s:8:\"timezone\";s:4:\"auto\";s:15:\"namespace_fixed\";b:1;}',NULL,NULL),(114,'b.steffner@kreuzberger-bau.at','mail.langhofer.net','2016-01-21 09:59:41','2016-01-21 09:59:41','de_DE','a:7:{s:11:\"drafts_mbox\";s:12:\"INBOX.Drafts\";s:9:\"junk_mbox\";s:10:\"INBOX.Junk\";s:9:\"sent_mbox\";s:10:\"INBOX.Sent\";s:10:\"trash_mbox\";s:11:\"INBOX.Trash\";s:15:\"default_folders\";a:5:{i:0;s:5:\"INBOX\";i:1;s:12:\"INBOX.Drafts\";i:2;s:10:\"INBOX.Sent\";i:3;s:10:\"INBOX.Junk\";i:4;s:11:\"INBOX.Trash\";}s:8:\"timezone\";s:4:\"auto\";s:15:\"namespace_fixed\";b:1;}',NULL,NULL),(115,'gerald.lindinger@conquest.at','mail.langhofer.net','2016-02-23 14:38:48','2016-02-23 14:38:48','de_DE','a:6:{s:11:\"client_hash\";s:32:\"05e1fb49472b1dcb48c4c57bcf6bf2e7\";s:11:\"drafts_mbox\";s:12:\"INBOX.Drafts\";s:9:\"junk_mbox\";s:10:\"INBOX.Junk\";s:9:\"sent_mbox\";s:10:\"INBOX.Sent\";s:10:\"trash_mbox\";s:11:\"INBOX.Trash\";s:15:\"namespace_fixed\";b:1;}',NULL,NULL),(116,'praxis@franzelin.at','mail.langhofer.net','2016-03-29 16:31:45','2016-12-15 12:06:02','de_DE','a:7:{s:11:\"delete_junk\";b:1;s:11:\"drafts_mbox\";s:0:\"\";s:9:\"sent_mbox\";s:14:\"INBOX.gesendet\";s:9:\"junk_mbox\";s:18:\"INBOX.spamverdacht\";s:10:\"trash_mbox\";s:15:\"INBOX.geloescht\";s:11:\"client_hash\";s:32:\"0be06fad600352ae700e68873c75c64d\";s:15:\"namespace_fixed\";b:1;}',NULL,NULL),(117,'klaus.lindinger@conquest.at','mail.langhofer.net','2016-04-15 00:38:25','2016-04-15 01:05:25','de_DE','a:9:{s:12:\"skip_deleted\";b:1;s:13:\"delete_always\";b:1;s:12:\"logout_purge\";b:1;s:11:\"client_hash\";s:32:\"85331683ba6775328cdfae2aaf23d7e9\";s:9:\"sent_mbox\";s:19:\"INBOX.Sent Messages\";s:11:\"drafts_mbox\";s:12:\"INBOX.Drafts\";s:9:\"junk_mbox\";s:10:\"INBOX.Junk\";s:10:\"trash_mbox\";s:11:\"INBOX.Trash\";s:15:\"namespace_fixed\";b:1;}',NULL,NULL),(118,'info@fairmatching.com','mail.langhofer.net','2016-04-22 13:17:44','2022-07-28 10:31:36','de_DE','a:14:{s:11:\"search_mods\";a:7:{s:1:\"*\";a:2:{s:7:\"subject\";i:1;s:4:\"from\";i:1;}s:10:\"INBOX.Sent\";a:2:{s:7:\"subject\";i:1;s:2:\"to\";i:1;}s:12:\"INBOX.Drafts\";a:2:{s:7:\"subject\";i:1;s:2:\"to\";i:1;}s:5:\"INBOX\";a:1:{s:4:\"from\";i:1;}s:11:\"INBOX.Trash\";a:2:{s:7:\"subject\";i:1;s:4:\"from\";i:1;}s:24:\"INBOX.INBOX.Entw&APw-rfe\";a:2:{s:7:\"subject\";i:1;s:4:\"from\";i:1;}s:16:\"INBOX.INBOX.Sent\";a:2:{s:7:\"subject\";i:1;s:4:\"from\";i:1;}}s:16:\"message_sort_col\";s:4:\"date\";s:18:\"message_sort_order\";s:4:\"DESC\";s:10:\"reply_mode\";i:1;s:12:\"preview_pane\";b:1;s:22:\"preview_pane_mark_read\";i:-1;s:23:\"addressbook_search_mods\";a:5:{s:4:\"name\";i:1;s:9:\"firstname\";i:1;s:7:\"surname\";i:1;s:5:\"email\";i:1;s:1:\"*\";i:1;}s:17:\"message_threading\";a:3:{s:11:\"INBOX.Trash\";b:0;s:10:\"INBOX.Junk\";b:0;s:10:\"INBOX.Sent\";b:0;}s:11:\"client_hash\";s:32:\"2716f5c42d7dbf4b6e66f581b667c1bc\";s:11:\"drafts_mbox\";s:12:\"INBOX.Drafts\";s:9:\"junk_mbox\";s:10:\"INBOX.Junk\";s:9:\"sent_mbox\";s:10:\"INBOX.Sent\";s:10:\"trash_mbox\";s:11:\"INBOX.Trash\";s:15:\"namespace_fixed\";b:1;}','2020-07-13 12:17:49',1),(119,'mario@fairmatching.com','mail.langhofer.net','2016-04-22 13:29:41','2016-04-22 13:29:41','de_DE','a:7:{s:17:\"message_threading\";a:1:{s:11:\"INBOX.Trash\";b:0;}s:11:\"client_hash\";s:32:\"d935179f2a540dcd825211542fce65e4\";s:11:\"drafts_mbox\";s:12:\"INBOX.Drafts\";s:9:\"junk_mbox\";s:10:\"INBOX.Junk\";s:9:\"sent_mbox\";s:10:\"INBOX.Sent\";s:10:\"trash_mbox\";s:11:\"INBOX.Trash\";s:15:\"namespace_fixed\";b:1;}',NULL,NULL),(120,'wolfgang@fairmatching.com','mail.langhofer.net','2016-04-22 19:16:03','2016-04-29 13:46:36','de_DE','a:7:{s:17:\"message_threading\";a:3:{s:11:\"INBOX.Trash\";b:0;s:10:\"INBOX.Junk\";b:0;s:10:\"INBOX.Sent\";b:0;}s:11:\"client_hash\";s:32:\"807b876167c63f69043b70266895e36c\";s:11:\"drafts_mbox\";s:12:\"INBOX.Drafts\";s:9:\"junk_mbox\";s:10:\"INBOX.Junk\";s:9:\"sent_mbox\";s:10:\"INBOX.Sent\";s:10:\"trash_mbox\";s:11:\"INBOX.Trash\";s:15:\"namespace_fixed\";b:1;}',NULL,NULL),(121,'nikolaus@janes.at','mail.langhofer.net','2016-04-25 11:33:34','2016-05-03 12:45:39','de_DE','a:6:{s:11:\"client_hash\";s:32:\"c79ea6a28f796bf61ebcee0dc6c78e92\";s:11:\"drafts_mbox\";s:12:\"INBOX.Drafts\";s:9:\"junk_mbox\";s:10:\"INBOX.Junk\";s:9:\"sent_mbox\";s:10:\"INBOX.Sent\";s:10:\"trash_mbox\";s:11:\"INBOX.Trash\";s:15:\"namespace_fixed\";b:1;}',NULL,NULL),(122,'walter.langwallner@langwallner.at','mail.langhofer.net','2016-05-09 09:01:28','2018-12-12 07:44:18','de_DE','a:6:{s:11:\"client_hash\";s:32:\"12ff86898b4a39315e6f81172220fdea\";s:11:\"drafts_mbox\";s:12:\"INBOX.Drafts\";s:9:\"junk_mbox\";s:10:\"INBOX.Junk\";s:9:\"sent_mbox\";s:10:\"INBOX.Sent\";s:10:\"trash_mbox\";s:11:\"INBOX.Trash\";s:15:\"namespace_fixed\";b:1;}',NULL,NULL),(123,'g.ruehrl@kreuzberger-bau.at','mail.langhofer.net','2016-05-20 09:15:34','2019-03-04 15:52:21','de_DE','a:10:{s:11:\"search_mods\";a:5:{s:1:\"*\";a:2:{s:7:\"subject\";i:1;s:4:\"from\";i:1;}s:10:\"INBOX.Sent\";a:2:{s:7:\"subject\";i:1;s:2:\"to\";i:1;}s:12:\"INBOX.Drafts\";a:2:{s:7:\"subject\";i:1;s:2:\"to\";i:1;}s:24:\"INBOX.215218_MZS_Halle 1\";a:2:{s:7:\"subject\";i:1;s:4:\"from\";i:1;}s:5:\"INBOX\";a:2:{s:7:\"subject\";i:1;s:4:\"from\";i:1;}}s:16:\"message_sort_col\";s:4:\"date\";s:18:\"message_sort_order\";s:3:\"ASC\";s:17:\"message_threading\";a:1:{s:31:\"INBOX._alte_mails_stefan_karner\";b:0;}s:11:\"client_hash\";s:32:\"b5a6b81dabed60ae1595ad7bbc3113c5\";s:11:\"drafts_mbox\";s:12:\"INBOX.Drafts\";s:9:\"junk_mbox\";s:10:\"INBOX.Junk\";s:9:\"sent_mbox\";s:10:\"INBOX.Sent\";s:10:\"trash_mbox\";s:11:\"INBOX.Trash\";s:15:\"namespace_fixed\";b:1;}','2019-05-17 07:24:25',1),(124,'miguel@coworkingsalzburg.com','mail.langhofer.net','2016-05-24 19:36:36','2016-07-03 15:03:00','de_DE','a:6:{s:11:\"client_hash\";s:32:\"68d5bc0bb05e2891125e95e73589b22c\";s:11:\"drafts_mbox\";s:12:\"INBOX.Drafts\";s:9:\"junk_mbox\";s:10:\"INBOX.Junk\";s:9:\"sent_mbox\";s:10:\"INBOX.Sent\";s:10:\"trash_mbox\";s:11:\"INBOX.Trash\";s:15:\"namespace_fixed\";b:1;}',NULL,NULL),(125,'daniel@janes.at','mail.langhofer.net','2016-05-30 18:34:55','2016-08-12 11:54:38','de_DE','a:6:{s:11:\"client_hash\";s:32:\"d80fd6f02a21ea75b0f426abd09553af\";s:11:\"drafts_mbox\";s:12:\"INBOX.Drafts\";s:9:\"junk_mbox\";s:10:\"INBOX.Junk\";s:9:\"sent_mbox\";s:10:\"INBOX.Sent\";s:10:\"trash_mbox\";s:11:\"INBOX.Trash\";s:15:\"namespace_fixed\";b:1;}',NULL,NULL),(126,'harry@filtersystems.at','mail.langhofer.net','2016-06-02 20:18:44','2016-07-09 09:05:21','de_DE','a:13:{s:12:\"preview_pane\";s:1:\"0\";s:16:\"message_sort_col\";s:7:\"arrival\";s:18:\"message_sort_order\";s:3:\"ASC\";s:9:\"list_cols\";a:5:{i:0;s:10:\"attachment\";i:1;s:7:\"threads\";i:2;s:7:\"subject\";i:3;s:6:\"status\";i:4;s:4:\"date\";}s:18:\"message_show_email\";b:1;s:11:\"prefer_html\";b:0;s:13:\"inline_images\";b:0;s:11:\"client_hash\";s:32:\"c7cf9507e2918e2eb19b40bac5409b66\";s:11:\"drafts_mbox\";s:12:\"INBOX.Drafts\";s:9:\"junk_mbox\";s:10:\"INBOX.Junk\";s:9:\"sent_mbox\";s:10:\"INBOX.Sent\";s:10:\"trash_mbox\";s:11:\"INBOX.Trash\";s:15:\"namespace_fixed\";b:1;}',NULL,NULL),(127,'monika@monika-brunner.net','mail.langhofer.net','2016-06-19 16:58:07','2020-12-07 11:34:03','de_DE','a:7:{s:17:\"collapsed_folders\";s:10:\"&Archives&\";s:11:\"client_hash\";s:32:\"52c6ec1881cedc1507f6535a87d02430\";s:11:\"drafts_mbox\";s:12:\"INBOX.Drafts\";s:9:\"junk_mbox\";s:10:\"INBOX.Junk\";s:9:\"sent_mbox\";s:10:\"INBOX.Sent\";s:10:\"trash_mbox\";s:11:\"INBOX.Trash\";s:15:\"namespace_fixed\";b:1;}','2020-12-07 11:12:46',1),(128,'bct@langhofer.at','mail.langhofer.net','2016-07-08 08:09:34','2016-07-28 08:43:49','de_DE','a:7:{s:11:\"search_mods\";a:4:{s:1:\"*\";a:2:{s:7:\"subject\";i:1;s:4:\"from\";i:1;}s:19:\"INBOX.Sent Messages\";a:2:{s:7:\"subject\";i:1;s:2:\"to\";i:1;}s:12:\"INBOX.Drafts\";a:2:{s:7:\"subject\";i:1;s:2:\"to\";i:1;}s:5:\"INBOX\";a:2:{s:7:\"subject\";i:1;s:4:\"from\";i:1;}}s:11:\"client_hash\";s:32:\"80c922c004c8382d709f473d1852bb8d\";s:9:\"sent_mbox\";s:19:\"INBOX.Sent Messages\";s:11:\"drafts_mbox\";s:12:\"INBOX.Drafts\";s:9:\"junk_mbox\";s:10:\"INBOX.Junk\";s:10:\"trash_mbox\";s:11:\"INBOX.Trash\";s:15:\"namespace_fixed\";b:1;}',NULL,NULL),(129,'zahner@fava-suisse.ch','mail.langhofer.net','2016-07-15 10:13:19','2017-09-13 10:58:00','de_DE','a:9:{s:17:\"collapsed_folders\";s:340:\"&INBOX.FAVA%20SUISSE-GmbH.Beratungen.Socotec&&INBOX.FAVA%20SUISSE-GmbH.Beratungen.abgeschlossene%20Kunden.Socotec&&INBOX.FAVA%20SUISSE-GmbH.Beratungen.abgeschlossene%20Kunden&&INBOX.Trash&&Allgemeines%2C%20Privates&&FAVA%20SUISSE-GmbH.Beratungen.SQS%20Group&&INBOX.FAVA%20SUISSE-GmbH.Beratungen.SQS%20Group&&INBOX.Allgemeines%2C%20Privates&\";s:11:\"drafts_mbox\";s:12:\"INBOX.Drafts\";s:9:\"sent_mbox\";s:10:\"INBOX.Sent\";s:10:\"trash_mbox\";s:11:\"INBOX.Trash\";s:16:\"message_sort_col\";s:4:\"date\";s:18:\"message_sort_order\";s:4:\"DESC\";s:11:\"client_hash\";s:32:\"dee809cf476d16cddaa483d9c0102f4c\";s:9:\"junk_mbox\";s:10:\"INBOX.Junk\";s:15:\"namespace_fixed\";b:1;}',NULL,NULL),(130,'h.tenk@kreuzberger-bau.at','mail.langhofer.net','2016-07-16 15:04:47','2017-04-10 18:05:22','de_DE','a:6:{s:11:\"client_hash\";s:32:\"f5427f2954f40756d74e40f1b1589d97\";s:11:\"drafts_mbox\";s:12:\"INBOX.Drafts\";s:9:\"junk_mbox\";s:10:\"INBOX.Junk\";s:9:\"sent_mbox\";s:10:\"INBOX.Sent\";s:10:\"trash_mbox\";s:11:\"INBOX.Trash\";s:15:\"namespace_fixed\";b:1;}',NULL,NULL),(131,'andreasd','mail.langhofer.net','2016-08-17 15:30:10','2016-08-17 15:35:08','de_DE','a:6:{s:11:\"client_hash\";s:32:\"51cb2779927260684e8e86a579de8dc2\";s:11:\"drafts_mbox\";s:12:\"INBOX.Drafts\";s:9:\"junk_mbox\";s:10:\"INBOX.Junk\";s:9:\"sent_mbox\";s:10:\"INBOX.Sent\";s:10:\"trash_mbox\";s:11:\"INBOX.Trash\";s:15:\"namespace_fixed\";b:1;}',NULL,NULL),(132,'office@franzelin.at','mail.langhofer.net','2016-12-06 15:44:43','2018-05-15 17:07:42','de_DE','a:7:{s:11:\"drafts_mbox\";s:0:\"\";s:9:\"sent_mbox\";s:14:\"INBOX.gesendet\";s:9:\"junk_mbox\";s:10:\"INBOX.Spam\";s:10:\"trash_mbox\";s:0:\"\";s:17:\"message_threading\";a:1:{s:10:\"INBOX.Spam\";b:0;}s:11:\"client_hash\";s:32:\"49de186ec1f7d240b94dffb4cbb9d98f\";s:15:\"namespace_fixed\";b:1;}',NULL,NULL),(133,'simon@hubauer.eu','mail.langhofer.net','2017-03-08 17:34:56','2018-11-25 13:37:32','de_DE','a:8:{s:16:\"message_sort_col\";s:4:\"date\";s:18:\"message_sort_order\";s:4:\"DESC\";s:11:\"client_hash\";s:32:\"56366459c53fa0b7d43bf385119c9bec\";s:11:\"drafts_mbox\";s:12:\"INBOX.Drafts\";s:9:\"junk_mbox\";s:10:\"INBOX.Junk\";s:9:\"sent_mbox\";s:10:\"INBOX.Sent\";s:10:\"trash_mbox\";s:11:\"INBOX.Trash\";s:15:\"namespace_fixed\";b:1;}',NULL,NULL),(134,'bernd@stuhlhofer.net','mail.langhofer.net','2017-04-27 21:23:13','2017-04-27 21:23:13','de_DE','a:7:{s:11:\"delete_junk\";b:1;s:11:\"client_hash\";s:32:\"95712b9899fc03df8ef2f2fcdab326fd\";s:11:\"drafts_mbox\";s:12:\"INBOX.Drafts\";s:9:\"junk_mbox\";s:10:\"INBOX.Junk\";s:9:\"sent_mbox\";s:10:\"INBOX.Sent\";s:10:\"trash_mbox\";s:11:\"INBOX.Trash\";s:15:\"namespace_fixed\";b:1;}',NULL,NULL),(135,'office@karoline-roth.at','mail.langhofer.net','2017-04-28 14:53:54','2017-04-28 14:53:54','de_DE','a:6:{s:11:\"client_hash\";s:32:\"b8f4bba70063f552442c3c17b8531d6f\";s:11:\"drafts_mbox\";s:12:\"INBOX.Drafts\";s:9:\"junk_mbox\";s:10:\"INBOX.Junk\";s:9:\"sent_mbox\";s:10:\"INBOX.Sent\";s:10:\"trash_mbox\";s:11:\"INBOX.Trash\";s:15:\"namespace_fixed\";b:1;}',NULL,NULL),(136,'l.gschaider@kreuzberger-bau.at','mail.langhofer.net','2017-05-03 10:03:12','2017-05-10 18:13:26','de_DE','a:7:{s:11:\"search_mods\";a:4:{s:1:\"*\";a:2:{s:7:\"subject\";i:1;s:4:\"from\";i:1;}s:10:\"INBOX.Sent\";a:2:{s:7:\"subject\";i:1;s:2:\"to\";i:1;}s:12:\"INBOX.Drafts\";a:2:{s:7:\"subject\";i:1;s:2:\"to\";i:1;}s:5:\"INBOX\";a:2:{s:7:\"subject\";i:1;s:4:\"from\";i:1;}}s:11:\"client_hash\";s:32:\"b58ee07ceeaa94c74ade49b983bc9dfc\";s:11:\"drafts_mbox\";s:12:\"INBOX.Drafts\";s:9:\"junk_mbox\";s:10:\"INBOX.Junk\";s:9:\"sent_mbox\";s:10:\"INBOX.Sent\";s:10:\"trash_mbox\";s:11:\"INBOX.Trash\";s:15:\"namespace_fixed\";b:1;}',NULL,NULL),(137,'margit@langwallner.at','mail.langhofer.net','2017-05-10 18:15:45','2019-06-07 16:45:38','de_DE','a:7:{s:11:\"search_mods\";a:5:{s:1:\"*\";a:2:{s:7:\"subject\";i:1;s:4:\"from\";i:1;}s:10:\"INBOX.Sent\";a:2:{s:7:\"subject\";i:1;s:2:\"to\";i:1;}s:12:\"INBOX.Drafts\";a:2:{s:7:\"subject\";i:1;s:2:\"to\";i:1;}s:14:\"INBOX.gesendet\";a:2:{s:7:\"subject\";i:1;s:4:\"from\";i:1;}s:5:\"INBOX\";a:2:{s:7:\"subject\";i:1;s:4:\"from\";i:1;}}s:11:\"client_hash\";s:32:\"8fa26dee1c455c5d0957ccbf61165db5\";s:11:\"drafts_mbox\";s:12:\"INBOX.Drafts\";s:9:\"junk_mbox\";s:10:\"INBOX.Junk\";s:9:\"sent_mbox\";s:10:\"INBOX.Sent\";s:10:\"trash_mbox\";s:11:\"INBOX.Trash\";s:15:\"namespace_fixed\";b:1;}',NULL,NULL),(138,'n.wengler@kreuzberger-bau.at','mail.langhofer.net','2017-08-10 21:37:34','2019-04-11 11:39:18','de_DE','a:13:{s:11:\"search_mods\";a:12:{s:1:\"*\";a:2:{s:7:\"subject\";i:1;s:4:\"from\";i:1;}s:10:\"INBOX.Sent\";a:2:{s:7:\"subject\";i:1;s:2:\"to\";i:1;}s:12:\"INBOX.Drafts\";a:2:{s:7:\"subject\";i:1;s:2:\"to\";i:1;}s:5:\"INBOX\";a:2:{s:7:\"subject\";i:1;s:4:\"from\";i:1;}s:11:\"INBOX.Trash\";a:2:{s:7:\"subject\";i:1;s:4:\"from\";i:1;}s:19:\"INBOX.Archives.2018\";a:2:{s:7:\"subject\";i:1;s:4:\"from\";i:1;}s:15:\"INBOX.geloescht\";a:2:{s:7:\"subject\";i:1;s:4:\"from\";i:1;}s:19:\"INBOX.Archives.2014\";a:2:{s:7:\"subject\";i:1;s:4:\"from\";i:1;}s:14:\"INBOX.gesendet\";a:2:{s:7:\"subject\";i:1;s:4:\"from\";i:1;}s:9:\"geloescht\";a:2:{s:7:\"subject\";i:1;s:4:\"from\";i:1;}s:8:\"gesendet\";a:2:{s:7:\"subject\";i:1;s:4:\"from\";i:1;}s:4:\"Sent\";a:2:{s:7:\"subject\";i:1;s:4:\"from\";i:1;}}s:16:\"message_sort_col\";s:4:\"date\";s:18:\"message_sort_order\";s:4:\"DESC\";s:17:\"collapsed_folders\";s:13:\"&INBOX.Trash&\";s:17:\"message_threading\";a:1:{s:5:\"INBOX\";b:1;}s:6:\"layout\";s:4:\"list\";s:13:\"mail_pagesize\";i:200;s:11:\"client_hash\";s:32:\"f450e4118dcd0f3635aeb38d9e75f260\";s:11:\"drafts_mbox\";s:12:\"INBOX.Drafts\";s:9:\"junk_mbox\";s:10:\"INBOX.Junk\";s:9:\"sent_mbox\";s:10:\"INBOX.Sent\";s:10:\"trash_mbox\";s:11:\"INBOX.Trash\";s:15:\"namespace_fixed\";b:1;}','2019-05-24 09:20:37',1),(140,'office@coworkingsalzburg.com','mail.langhofer.net','2017-10-04 21:06:20','2020-11-11 14:11:56','de_DE','a:10:{s:11:\"search_mods\";a:5:{s:1:\"*\";a:2:{s:7:\"subject\";i:1;s:4:\"from\";i:1;}s:19:\"INBOX.Sent Messages\";a:2:{s:7:\"subject\";i:1;s:2:\"to\";i:1;}s:12:\"INBOX.Drafts\";a:2:{s:7:\"subject\";i:1;s:2:\"to\";i:1;}s:5:\"INBOX\";a:2:{s:7:\"subject\";i:1;s:4:\"from\";i:1;}s:4:\"Sent\";a:2:{s:7:\"subject\";i:1;s:4:\"body\";i:1;}}s:23:\"addressbook_search_mods\";a:5:{s:4:\"name\";i:1;s:9:\"firstname\";i:1;s:7:\"surname\";i:1;s:5:\"email\";i:1;s:1:\"*\";i:1;}s:16:\"message_sort_col\";s:4:\"date\";s:18:\"message_sort_order\";s:4:\"DESC\";s:11:\"client_hash\";s:32:\"dbcd1dfb1cb0f1442a21b918511e8f55\";s:9:\"sent_mbox\";s:19:\"INBOX.Sent Messages\";s:11:\"drafts_mbox\";s:12:\"INBOX.Drafts\";s:9:\"junk_mbox\";s:10:\"INBOX.Junk\";s:10:\"trash_mbox\";s:11:\"INBOX.Trash\";s:15:\"namespace_fixed\";b:1;}','2020-10-15 14:43:47',1),(141,'miriam@littlelight-delicafe.at','mail.langhofer.net','2017-11-07 23:19:47','2018-12-20 21:50:15','de_DE','a:6:{s:11:\"client_hash\";s:32:\"927cc2614e8060ac00669cf5766393b8\";s:11:\"drafts_mbox\";s:12:\"INBOX.Drafts\";s:9:\"junk_mbox\";s:10:\"INBOX.Junk\";s:9:\"sent_mbox\";s:10:\"INBOX.Sent\";s:10:\"trash_mbox\";s:11:\"INBOX.Trash\";s:15:\"namespace_fixed\";b:1;}',NULL,NULL),(142,'romy@yellowdesks.com','mail.langhofer.net','2017-11-11 20:47:28','2022-08-01 12:28:28','de_DE','a:7:{s:11:\"search_mods\";a:4:{s:1:\"*\";a:2:{s:7:\"subject\";i:1;s:4:\"from\";i:1;}s:10:\"INBOX.Sent\";a:2:{s:7:\"subject\";i:1;s:2:\"to\";i:1;}s:12:\"INBOX.Drafts\";a:2:{s:7:\"subject\";i:1;s:2:\"to\";i:1;}s:5:\"INBOX\";a:2:{s:7:\"subject\";i:1;s:4:\"from\";i:1;}}s:11:\"client_hash\";s:32:\"ab949714c5938ecffd91d84f1591e91f\";s:11:\"drafts_mbox\";s:12:\"INBOX.Drafts\";s:9:\"junk_mbox\";s:10:\"INBOX.Junk\";s:9:\"sent_mbox\";s:10:\"INBOX.Sent\";s:10:\"trash_mbox\";s:11:\"INBOX.Trash\";s:15:\"namespace_fixed\";b:1;}','2020-11-04 13:30:14',3),(143,'v.kreuzberger@kreuzberger-bau.at','mail.langhofer.net','2017-11-30 09:56:30','2017-11-30 09:56:30','de_DE','a:6:{s:11:\"client_hash\";s:32:\"e78853cd2c262cf8ba1311cf7c160418\";s:11:\"drafts_mbox\";s:12:\"INBOX.Drafts\";s:9:\"junk_mbox\";s:10:\"INBOX.Junk\";s:9:\"sent_mbox\";s:10:\"INBOX.Sent\";s:10:\"trash_mbox\";s:11:\"INBOX.Trash\";s:15:\"namespace_fixed\";b:1;}',NULL,NULL),(144,'r.gschwendtner@kreuzberger-bau.at','mail.langhofer.net','2018-01-16 14:20:39','2018-01-16 14:20:39','de_DE','a:7:{s:11:\"search_mods\";a:4:{s:1:\"*\";a:2:{s:7:\"subject\";i:1;s:4:\"from\";i:1;}s:10:\"INBOX.Sent\";a:2:{s:7:\"subject\";i:1;s:2:\"to\";i:1;}s:12:\"INBOX.Drafts\";a:2:{s:7:\"subject\";i:1;s:2:\"to\";i:1;}s:14:\"INBOX.gesendet\";a:2:{s:7:\"subject\";i:1;s:4:\"from\";i:1;}}s:11:\"client_hash\";s:32:\"87b923828e97036dffea972748a64286\";s:11:\"drafts_mbox\";s:12:\"INBOX.Drafts\";s:9:\"junk_mbox\";s:10:\"INBOX.Junk\";s:9:\"sent_mbox\";s:10:\"INBOX.Sent\";s:10:\"trash_mbox\";s:11:\"INBOX.Trash\";s:15:\"namespace_fixed\";b:1;}',NULL,NULL),(145,'info@poldi.co.at','mail.langhofer.net','2018-01-29 10:53:15','2018-10-09 19:38:47','de_DE','a:8:{s:16:\"message_sort_col\";s:7:\"arrival\";s:18:\"message_sort_order\";s:4:\"DESC\";s:11:\"client_hash\";s:32:\"76b32c6b957a21cb39adc60599eff343\";s:11:\"drafts_mbox\";s:12:\"INBOX.Drafts\";s:9:\"junk_mbox\";s:10:\"INBOX.Junk\";s:9:\"sent_mbox\";s:10:\"INBOX.Sent\";s:10:\"trash_mbox\";s:11:\"INBOX.Trash\";s:15:\"namespace_fixed\";b:1;}',NULL,NULL),(146,'silke@fairmatching.com','mail.langhofer.net','2018-02-19 21:34:15','2020-09-30 10:54:15','de_DE','a:6:{s:11:\"client_hash\";s:32:\"aa85d7178b95005e7fb7efec5ea1b42d\";s:11:\"drafts_mbox\";s:12:\"INBOX.Drafts\";s:9:\"junk_mbox\";s:10:\"INBOX.Junk\";s:9:\"sent_mbox\";s:10:\"INBOX.Sent\";s:10:\"trash_mbox\";s:11:\"INBOX.Trash\";s:15:\"namespace_fixed\";b:1;}',NULL,NULL),(147,'scanner@kreuzberger-bau.at','mail.langhofer.net','2018-07-09 08:44:41','2018-07-09 08:44:41','de_DE','a:6:{s:11:\"client_hash\";s:32:\"52aaee2b81043fa3d4da1967d4ede8f5\";s:11:\"drafts_mbox\";s:12:\"INBOX.Drafts\";s:9:\"junk_mbox\";s:10:\"INBOX.Junk\";s:9:\"sent_mbox\";s:10:\"INBOX.Sent\";s:10:\"trash_mbox\";s:11:\"INBOX.Trash\";s:15:\"namespace_fixed\";b:1;}',NULL,NULL),(148,'a.laimer@kreuzberger-bau.at','mail.langhofer.net','2018-07-26 11:07:59','2018-07-26 11:07:59','de_DE','a:7:{s:11:\"search_mods\";a:4:{s:1:\"*\";a:2:{s:7:\"subject\";i:1;s:4:\"from\";i:1;}s:10:\"INBOX.Sent\";a:2:{s:7:\"subject\";i:1;s:2:\"to\";i:1;}s:12:\"INBOX.Drafts\";a:2:{s:7:\"subject\";i:1;s:2:\"to\";i:1;}s:5:\"INBOX\";a:2:{s:7:\"subject\";i:1;s:4:\"from\";i:1;}}s:11:\"client_hash\";s:32:\"2ec663eed1fcacb2f434cf949bb64308\";s:11:\"drafts_mbox\";s:12:\"INBOX.Drafts\";s:9:\"junk_mbox\";s:10:\"INBOX.Junk\";s:9:\"sent_mbox\";s:10:\"INBOX.Sent\";s:10:\"trash_mbox\";s:11:\"INBOX.Trash\";s:15:\"namespace_fixed\";b:1;}',NULL,NULL),(149,'astrid@fairmatching.com','mail.langhofer.net','2018-08-01 10:13:36','2021-08-17 11:27:53','de_DE','a:9:{s:11:\"search_mods\";a:4:{s:1:\"*\";a:2:{s:7:\"subject\";i:1;s:4:\"from\";i:1;}s:10:\"INBOX.Sent\";a:2:{s:7:\"subject\";i:1;s:2:\"to\";i:1;}s:12:\"INBOX.Drafts\";a:2:{s:7:\"subject\";i:1;s:2:\"to\";i:1;}s:5:\"INBOX\";a:2:{s:7:\"subject\";i:1;s:4:\"from\";i:1;}}s:17:\"message_threading\";a:1:{s:9:\"INBOX.foo\";b:0;}s:17:\"compose_responses\";a:1:{i:0;a:4:{s:4:\"name\";s:32:\"Astrid Stockinger / fairMATCHING\";s:4:\"text\";s:161:\"Ich bin von 5. bis 20.8. auf Urlaub.\r\nBitte wenden Sie sich in dringenden Fällen an Katrin Gerschpacher\r\ninfo@fairmatching.com\r\nBeste Grüße, Astrid Stockinger\";s:6:\"format\";s:4:\"text\";s:3:\"key\";s:16:\"b152a1f84240462a\";}}s:11:\"client_hash\";s:32:\"45435e41d20500d1377181c5999a95e9\";s:11:\"drafts_mbox\";s:12:\"INBOX.Drafts\";s:9:\"junk_mbox\";s:10:\"INBOX.Junk\";s:9:\"sent_mbox\";s:10:\"INBOX.Sent\";s:10:\"trash_mbox\";s:11:\"INBOX.Trash\";s:15:\"namespace_fixed\";b:1;}',NULL,NULL),(150,'office@blue-scion.com','mail.langhofer.net','2018-09-03 23:19:38','2018-09-03 23:19:38','de_DE','a:6:{s:11:\"client_hash\";s:32:\"12c28a5ded8422e2321522ee48daf31f\";s:11:\"drafts_mbox\";s:12:\"INBOX.Drafts\";s:9:\"junk_mbox\";s:10:\"INBOX.Junk\";s:9:\"sent_mbox\";s:10:\"INBOX.Sent\";s:10:\"trash_mbox\";s:11:\"INBOX.Trash\";s:15:\"namespace_fixed\";b:1;}',NULL,NULL),(151,'th.miller@kreuzberger-bau.at','mail.langhofer.net','2018-10-31 20:28:17','2018-12-20 21:47:19','de_DE','a:6:{s:11:\"drafts_mbox\";s:12:\"INBOX.Drafts\";s:9:\"junk_mbox\";s:10:\"INBOX.Junk\";s:9:\"sent_mbox\";s:10:\"INBOX.Sent\";s:10:\"trash_mbox\";s:11:\"INBOX.Trash\";s:15:\"namespace_fixed\";b:1;s:11:\"client_hash\";s:32:\"d2206f21fe5b1e4d106de7b9d60cfd05\";}',NULL,NULL),(152,'info@mona-kreativ.at','mail.langhofer.net','2018-11-11 18:17:16','2019-02-11 09:54:14','de_DE','a:7:{s:15:\"namespace_fixed\";b:1;s:21:\"show_real_foldernames\";b:1;s:11:\"drafts_mbox\";s:0:\"\";s:9:\"sent_mbox\";s:0:\"\";s:9:\"junk_mbox\";s:0:\"\";s:10:\"trash_mbox\";s:11:\"INBOX.Trash\";s:11:\"client_hash\";s:32:\"b4f497f2e8218874acc15be45403a878\";}',NULL,NULL),(153,'gerd@stuhlhofer.net','mail.langhofer.net','2019-01-21 16:33:59','2021-05-03 09:19:36','de_DE','a:9:{s:11:\"search_mods\";a:4:{s:1:\"*\";a:2:{s:7:\"subject\";i:1;s:4:\"from\";i:1;}s:10:\"INBOX.Sent\";a:2:{s:7:\"subject\";i:1;s:2:\"to\";i:1;}s:12:\"INBOX.Drafts\";a:2:{s:7:\"subject\";i:1;s:2:\"to\";i:1;}s:5:\"INBOX\";a:2:{s:7:\"subject\";i:1;s:4:\"from\";i:1;}}s:17:\"message_threading\";a:2:{s:5:\"INBOX\";b:0;s:8:\"gesendet\";b:0;}s:20:\"lock_special_folders\";b:1;s:11:\"drafts_mbox\";s:0:\"\";s:9:\"sent_mbox\";s:5:\"INBOX\";s:9:\"junk_mbox\";s:0:\"\";s:10:\"trash_mbox\";s:0:\"\";s:11:\"client_hash\";s:16:\"61I93E00HAMusRp4\";s:15:\"namespace_fixed\";b:1;}','2021-04-03 11:13:54',1),(154,'j.kirchberger@kreuzberger-bau.at','mail.langhofer.net','2019-01-28 12:58:52','2019-01-28 12:58:52','de_DE','a:6:{s:11:\"client_hash\";s:16:\"7QMMUTrOjJ44zWtd\";s:11:\"drafts_mbox\";s:12:\"INBOX.Drafts\";s:9:\"junk_mbox\";s:10:\"INBOX.Junk\";s:9:\"sent_mbox\";s:10:\"INBOX.Sent\";s:10:\"trash_mbox\";s:11:\"INBOX.Trash\";s:15:\"namespace_fixed\";b:1;}',NULL,NULL),(155,'welcome@family-business.at','mail.langhofer.net','2019-03-17 13:44:20','2019-03-17 13:44:20','de_DE','a:1:{s:11:\"client_hash\";s:16:\"ZZKEp1Y2MQwNAplt\";}',NULL,NULL),(156,'cdk-baustelle-kreuzberger@langhofer.at','mail.langhofer.net','2019-04-24 13:33:48','2019-04-24 13:33:48','de_DE','a:1:{s:11:\"client_hash\";s:16:\"5PiX21Potufj6wB5\";}',NULL,NULL),(157,'s.davare@kreuzberger-bau.at','mail.langhofer.net','2019-05-23 17:01:08','2019-05-23 17:01:08','de_DE','a:1:{s:11:\"client_hash\";s:16:\"5qAiEAouRIPz496y\";}',NULL,NULL),(158,'imp004','mail.langhofer.net','2019-09-15 09:16:18','2019-09-15 09:16:18','de_DE','a:1:{s:11:\"client_hash\";s:16:\"rdj4icrVU29u99nn\";}',NULL,NULL),(159,'office@pstuetz.com','mail.langhofer.net','2019-09-20 15:13:07','2019-09-20 15:13:07','de_DE','a:1:{s:11:\"client_hash\";s:16:\"iw3khyyiTYgM0NpG\";}',NULL,NULL),(160,'carole@pstuetz.com','mail.langhofer.net','2019-09-20 15:17:41','2019-09-20 15:17:41','de_DE','a:1:{s:11:\"client_hash\";s:16:\"4qiJVhGFNgUkqq5G\";}',NULL,NULL),(161,'rafael@rafaelwalter.com','mail.langhofer.net','2020-06-16 20:39:16','2020-06-16 20:39:16','de_DE','a:1:{s:11:\"client_hash\";s:16:\"5iBhwnBCeWeZNGbB\";}',NULL,NULL),(162,'scanner-erdbau@langhofer.at','mail.langhofer.net','2020-08-24 18:05:26','2021-02-03 16:17:27','de_DE','a:1:{s:11:\"client_hash\";s:16:\"gbx94AGOVPbhrjdO\";}','2021-02-03 16:09:44',1),(163,'scanner-kreuzberger@langhofer.at','mail.langhofer.net','2020-09-28 14:08:51','2020-09-28 14:08:51','de_DE','a:1:{s:11:\"client_hash\";s:16:\"BbdV5NpE46nmhaCu\";}',NULL,NULL),(164,'armin@yellowdesks.com','mail.langhofer.net','2020-10-06 22:29:22','2021-10-14 22:02:07','de_DE','a:1:{s:11:\"client_hash\";s:16:\"7BnzPRN3whixlGhl\";}',NULL,NULL),(165,'gertraud@stuhlhofer.net','mail.langhofer.net','2021-02-09 21:11:57','2022-03-23 21:11:55','de_DE','a:1:{s:11:\"client_hash\";s:16:\"dbeUufzMZX3breBz\";}','2021-10-04 19:54:16',2),(166,'unms@langhofer.at','mail.langhofer.net','2021-03-31 21:45:46','2021-03-31 21:45:46','de_DE','a:1:{s:11:\"client_hash\";s:16:\"njHwaKuYyyBWpJEU\";}',NULL,NULL),(167,'susanna.kratsch@langhofer.at','mail.langhofer.net','2021-08-31 22:25:24','2022-05-05 14:50:32','de_DE','a:2:{s:11:\"search_mods\";a:4:{s:1:\"*\";a:2:{s:7:\"subject\";i:1;s:4:\"from\";i:1;}s:4:\"Sent\";a:2:{s:7:\"subject\";i:1;s:2:\"to\";i:1;}s:6:\"Drafts\";a:2:{s:7:\"subject\";i:1;s:2:\"to\";i:1;}s:5:\"INBOX\";a:2:{s:7:\"subject\";i:1;s:4:\"from\";i:1;}}s:11:\"client_hash\";s:16:\"sBPII5DRscxXdQxD\";}',NULL,NULL),(168,'matchbox@fairmatching.com','mail.langhofer.net','2021-09-03 12:26:27','2022-09-12 15:29:57','de_DE','a:8:{s:11:\"search_mods\";a:3:{s:1:\"*\";a:2:{s:7:\"subject\";i:1;s:4:\"from\";i:1;}s:4:\"Sent\";a:2:{s:7:\"subject\";i:1;s:2:\"to\";i:1;}s:6:\"Drafts\";a:2:{s:7:\"subject\";i:1;s:2:\"to\";i:1;}}s:4:\"skin\";s:7:\"elastic\";s:14:\"compose_extwin\";i:0;s:11:\"mdn_default\";b:0;s:11:\"dsn_default\";b:0;s:10:\"reply_mode\";i:1;s:25:\"compose_save_localstorage\";i:1;s:11:\"client_hash\";s:16:\"08bbpeipO5IBgREH\";}',NULL,NULL),(169,'armin@langhofer.net','mail.langhofer.net','2021-09-22 00:05:52','2021-09-22 00:05:52','de_DE','a:1:{s:11:\"client_hash\";s:16:\"cMJi7WBcgSE6YiWr\";}',NULL,NULL),(170,'nas-kreuzberger@langhofer.at','mail.langhofer.net','2021-12-02 23:25:30','2021-12-02 23:25:30','de_DE','a:1:{s:11:\"client_hash\";s:16:\"2uJlu4BirejXhqH6\";}',NULL,NULL),(171,'scanner-haasmann@langhofer.at','mail.langhofer.net','2022-08-11 20:17:38','2022-08-11 20:17:38','de_DE','a:1:{s:11:\"client_hash\";s:16:\"3UW8hn3J3BC1V6eG\";}',NULL,NULL);


